{"id":3653,"date":"2020-09-30T12:55:02","date_gmt":"2020-09-30T12:55:02","guid":{"rendered":"https:\/\/www.museros.site\/pagina\/?page_id=3653"},"modified":"2022-06-09T16:52:20","modified_gmt":"2022-06-09T16:52:20","slug":"foro-vecinal","status":"publish","type":"page","link":"https:\/\/museros.org\/inici\/es\/foro-vecinal\/","title":{"rendered":"Foro vecinal"},"content":{"rendered":"<p>[et_pb_section fb_built=\u00bb1&#8243; _builder_version=\u00bb4.16&#8243; _module_preset=\u00bbdefault\u00bb custom_margin=\u00bb0px||||false|false\u00bb custom_padding=\u00bb0px||||false|false\u00bb global_colors_info=\u00bb{}\u00bb][et_pb_row column_structure=\u00bb1_3,2_3&#8243; _builder_version=\u00bb4.16&#8243; _module_preset=\u00bbdefault\u00bb custom_margin=\u00bb0px||||false|false\u00bb custom_padding=\u00bb0px||||false|false\u00bb global_colors_info=\u00bb{}\u00bb][et_pb_column type=\u00bb1_3&#8243; _builder_version=\u00bb4.16&#8243; _module_preset=\u00bbdefault\u00bb global_colors_info=\u00bb{}\u00bb][et_pb_image src=\u00bbhttps:\/\/museros.org\/wp-content\/uploads\/2021\/06\/logo-forumvecinal-230&#215;180-1.jpg\u00bb title_text=\u00bblogo-forumvecinal-230&#215;180&#8243; align=\u00bbcenter\u00bb _builder_version=\u00bb4.17.4&#8243; _module_preset=\u00bbdefault\u00bb width=\u00bb100%\u00bb width_tablet=\u00bb100%\u00bb width_phone=\u00bb100%\u00bb width_last_edited=\u00bbon|desktop\u00bb custom_margin=\u00bb145px||||false|false\u00bb custom_margin_tablet=\u00bb30px||||false|false\u00bb custom_margin_phone=\u00bb\u00bb custom_margin_last_edited=\u00bbon|phone\u00bb global_colors_info=\u00bb{}\u00bb][\/et_pb_image][\/et_pb_column][et_pb_column type=\u00bb2_3&#8243; _builder_version=\u00bb4.16&#8243; _module_preset=\u00bbdefault\u00bb global_colors_info=\u00bb{}\u00bb][et_pb_text _builder_version=\u00bb4.17.4&#8243; _module_preset=\u00bbdefault\u00bb global_colors_info=\u00bb{}\u00bb]<\/p>\n<h1>Foro vecinal<\/h1>\n<p>Este es un \u00f3rgano, impulsado por el Ayuntamiento, para facilitar la participaci\u00f3n de la ciudadan\u00eda en temas relacionados con el municipio y el bienestar del vecindario. Est\u00e1 conformado por 20 vecinos y vecinas y se reunir\u00e1 peri\u00f3dicamente.<\/p>\n<p><a href=\"https:\/\/museros.org\/wp-content\/uploads\/2020\/09\/funcionament-FORUM-VEINAL_web.pdf\" target=\"_blank\" rel=\"noopener\">Funcionamiento Foro vecinal. PDF<\/a><br \/><a href=\"https:\/\/museros.org\/wp-content\/uploads\/2021\/04\/informe-conformacio-Forum_web-2.pdf\" target=\"_blank\" rel=\"noopener\">Conformaci\u00f3n Foro vecinal.PDF<\/a><\/p>\n<p>[\/et_pb_text][et_pb_image src=\u00bbhttps:\/\/museros.org\/wp-content\/uploads\/2022\/06\/sesions-forumveinal.jpg\u00bb title_text=\u00bbsesions-forumveinal\u00bb _builder_version=\u00bb4.17.4&#8243; _module_preset=\u00bbdefault\u00bb custom_margin=\u00bb30px||30px||false|false\u00bb global_colors_info=\u00bb{}\u00bb][\/et_pb_image][\/et_pb_column][\/et_pb_row][et_pb_row column_structure=\u00bb1_3,1_3,1_3&#8243; _builder_version=\u00bb4.16&#8243; _module_preset=\u00bbdefault\u00bb custom_margin=\u00bb0px||||false|false\u00bb custom_padding=\u00bb0px||||false|false\u00bb global_colors_info=\u00bb{}\u00bb][et_pb_column type=\u00bb1_3&#8243; _builder_version=\u00bb4.16&#8243; _module_preset=\u00bbdefault\u00bb global_colors_info=\u00bb{}\u00bb][\/et_pb_column][et_pb_column type=\u00bb1_3&#8243; _builder_version=\u00bb4.16&#8243; _module_preset=\u00bbdefault\u00bb global_colors_info=\u00bb{}\u00bb][et_pb_button button_url=\u00bbhttps:\/\/museros.org\/inici\/ediciones-del-forum-veinal\/\u00bb button_text=\u00bbEdiciones del Foro vecinal\u00bb _builder_version=\u00bb4.17.4&#8243; _module_preset=\u00bbdefault\u00bb global_colors_info=\u00bb{}\u00bb][\/et_pb_button][\/et_pb_column][et_pb_column type=\u00bb1_3&#8243; _builder_version=\u00bb4.16&#8243; _module_preset=\u00bbdefault\u00bb global_colors_info=\u00bb{}\u00bb][et_pb_button button_url=\u00bbhttps:\/\/museros.org\/inici\/es\/red-de-espacios-amigables\/\u00bb button_text=\u00bbRed de Espacios Amigables\u00bb _builder_version=\u00bb4.17.4&#8243; _module_preset=\u00bbdefault\u00bb hover_enabled=\u00bb0&#8243; global_colors_info=\u00bb{}\u00bb sticky_enabled=\u00bb0&#8243;][\/et_pb_button][\/et_pb_column][\/et_pb_row][et_pb_row _builder_version=\u00bb4.16&#8243; _module_preset=\u00bbdefault\u00bb global_colors_info=\u00bb{}\u00bb][et_pb_column type=\u00bb4_4&#8243; _builder_version=\u00bb4.16&#8243; _module_preset=\u00bbdefault\u00bb global_colors_info=\u00bb{}\u00bb][et_pb_divider color=\u00bb#cc0000&#8243; divider_weight=\u00bb4px\u00bb _builder_version=\u00bb4.16&#8243; _module_preset=\u00bbdefault\u00bb global_colors_info=\u00bb{}\u00bb][\/et_pb_divider][\/et_pb_column][\/et_pb_row][\/et_pb_section]<\/p>\n","protected":false},"excerpt":{"rendered":"<p>Foro vecinal Este es un \u00f3rgano, impulsado por el Ayuntamiento, para facilitar la participaci\u00f3n de la ciudadan\u00eda en temas relacionados con el municipio y el bienestar del vecindario. Est\u00e1 conformado por 20 vecinos y vecinas y se reunir\u00e1 peri\u00f3dicamente. Funcionamiento Foro vecinal. PDFConformaci\u00f3n Foro vecinal.PDF<\/p>\n","protected":false},"author":8,"featured_media":0,"parent":0,"menu_order":0,"comment_status":"closed","ping_status":"closed","template":"","meta":{"_et_pb_use_builder":"on","_et_pb_old_content":"","_et_gb_content_width":"","_mc_calendar":[],"footnotes":""},"wf_page_folders":[1064],"class_list":["post-3653","page","type-page","status-publish","hentry"],"_links":{"self":[{"href":"https:\/\/museros.org\/inici\/wp-json\/wp\/v2\/pages\/3653","targetHints":{"allow":["GET"]}}],"collection":[{"href":"https:\/\/museros.org\/inici\/wp-json\/wp\/v2\/pages"}],"about":[{"href":"https:\/\/museros.org\/inici\/wp-json\/wp\/v2\/types\/page"}],"author":[{"embeddable":true,"href":"https:\/\/museros.org\/inici\/wp-json\/wp\/v2\/users\/8"}],"replies":[{"embeddable":true,"href":"https:\/\/museros.org\/inici\/wp-json\/wp\/v2\/comments?post=3653"}],"version-history":[{"count":21,"href":"https:\/\/museros.org\/inici\/wp-json\/wp\/v2\/pages\/3653\/revisions"}],"predecessor-version":[{"id":259814,"href":"https:\/\/museros.org\/inici\/wp-json\/wp\/v2\/pages\/3653\/revisions\/259814"}],"wp:attachment":[{"href":"https:\/\/museros.org\/inici\/wp-json\/wp\/v2\/media?parent=3653"}],"wp:term":[{"taxonomy":"wf_page_folders","embeddable":true,"href":"https:\/\/museros.org\/inici\/wp-json\/wp\/v2\/wf_page_folders?post=3653"}],"curies":[{"name":"wp","href":"https:\/\/api.w.org\/{rel}","templated":true}]}}

<p>[et_pb_section fb_built=»1&#8243; _builder_version=»4.16&#8243; _module_preset=»default» custom_margin=»0px||||false|false» custom_padding=»0px||||false|false» global_colors_info=»{}»][et_pb_row column_structure=»1_3,2_3&#8243; _builder_version=»4.16&#8243; _module_preset=»default» custom_margin=»0px||||false|false» custom_padding=»0px||||false|false» global_colors_info=»{}»][et_pb_column type=»1_3&#8243; _builder_version=»4.16&#8243; _module_preset=»default» global_colors_info=»{}»][et_pb_image src=»https://museros.org/wp-content/uploads/2021/06/logo-forumvecinal-230&#215;180-1.jpg» title_text=»logo-forumvecinal-230&#215;180&#8243; align=»center» _builder_version=»4.17.4&#8243; _module_preset=»default» width=»100%» width_tablet=»100%» width_phone=»100%» width_last_edited=»on|desktop» custom_margin=»145px||||false|false» custom_margin_tablet=»30px||||false|false» custom_margin_phone=»» custom_margin_last_edited=»on|phone» global_colors_info=»{}»][/et_pb_image][/et_pb_column][et_pb_column type=»2_3&#8243; _builder_version=»4.16&#8243; _module_preset=»default» global_colors_info=»{}»][et_pb_text _builder_version=»4.17.4&#8243; _module_preset=»default» global_colors_info=»{}»]</p>
<h1>Foro vecinal</h1>
<p>Este es un órgano, impulsado por el Ayuntamiento, para facilitar la participación de la ciudadanía en temas relacionados con el municipio y el bienestar del vecindario. Está conformado por 20 vecinos y vecinas y se reunirá periódicamente.</p>
<p><a href="https://museros.org/wp-content/uploads/2020/09/funcionament-FORUM-VEINAL_web.pdf" target="_blank" rel="noopener">Funcionamiento Foro vecinal. PDF</a><br /><a href="https://museros.org/wp-content/uploads/2021/04/informe-conformacio-Forum_web-2.pdf" target="_blank" rel="noopener">Conformación Foro vecinal.PDF</a></p>
<p>[/et_pb_text][et_pb_image src=»https://museros.org/wp-content/uploads/2022/06/sesions-forumveinal.jpg» title_text=»sesions-forumveinal» _builder_version=»4.17.4&#8243; _module_preset=»default» custom_margin=»30px||30px||false|false» global_colors_info=»{}»][/et_pb_image][/et_pb_column][/et_pb_row][et_pb_row column_structure=»1_3,1_3,1_3&#8243; _builder_version=»4.16&#8243; _module_preset=»default» custom_margin=»0px||||false|false» custom_padding=»0px||||false|false» global_colors_info=»{}»][et_pb_column type=»1_3&#8243; _builder_version=»4.16&#8243; _module_preset=»default» global_colors_info=»{}»][/et_pb_column][et_pb_column type=»1_3&#8243; _builder_version=»4.16&#8243; _module_preset=»default» global_colors_info=»{}»][et_pb_button button_url=»https://museros.org/inici/ediciones-del-forum-veinal/» button_text=»Ediciones del Foro vecinal» _builder_version=»4.17.4&#8243; _module_preset=»default» global_colors_info=»{}»][/et_pb_button][/et_pb_column][et_pb_column type=»1_3&#8243; _builder_version=»4.16&#8243; _module_preset=»default» global_colors_info=»{}»][et_pb_button button_url=»https://museros.org/inici/es/red-de-espacios-amigables/» button_text=»Red de Espacios Amigables» _builder_version=»4.17.4&#8243; _module_preset=»default» hover_enabled=»0&#8243; global_colors_info=»{}» sticky_enabled=»0&#8243;][/et_pb_button][/et_pb_column][/et_pb_row][et_pb_row _builder_version=»4.16&#8243; _module_preset=»default» global_colors_info=»{}»][et_pb_column type=»4_4&#8243; _builder_version=»4.16&#8243; _module_preset=»default» global_colors_info=»{}»][et_pb_divider color=»#cc0000&#8243; divider_weight=»4px» _builder_version=»4.16&#8243; _module_preset=»default» global_colors_info=»{}»][/et_pb_divider][/et_pb_column][/et_pb_row][/et_pb_section]</p>

<p>Foro vecinal Este es un órgano, impulsado por el Ayuntamiento, para facilitar la participación de la ciudadanía en temas relacionados con el municipio y el bienestar del vecindario. Está conformado por 20 vecinos y vecinas y se reunirá periódicamente. Funcionamiento Foro vecinal. PDFConformación Foro vecinal.PDF</p>
