{"id":281091,"date":"2026-09-02T14:03:42","date_gmt":"2026-09-02T12:03:42","guid":{"rendered":"https:\/\/museros.org\/inici\/?page_id=281091"},"modified":"2026-09-02T14:03:46","modified_gmt":"2026-09-02T12:03:46","slug":"dias-culturales-para-nuestros-mayores-2026","status":"publish","type":"page","link":"https:\/\/museros.org\/inici\/es\/dias-culturales-para-nuestros-mayores-2026\/","title":{"rendered":"D\u00edas culturales para nuestros mayores 2026"},"content":{"rendered":"<p>[et_pb_section fb_built=\u00bb1&#8243; _builder_version=\u00bb4.17.4&#8243; _module_preset=\u00bbdefault\u00bb custom_margin=\u00bb40px||||false|false\u00bb custom_padding=\u00bb0px||||false|false\u00bb locked=\u00bboff\u00bb global_colors_info=\u00bb{}\u00bb theme_builder_area=\u00bbpost_content\u00bb][et_pb_row column_structure=\u00bb1_4,3_4&#8243; _builder_version=\u00bb4.17.4&#8243; _module_preset=\u00bbdefault\u00bb custom_padding=\u00bb0px||||false|false\u00bb global_colors_info=\u00bb{}\u00bb theme_builder_area=\u00bbpost_content\u00bb][et_pb_column type=\u00bb1_4&#8243; _builder_version=\u00bb4.16&#8243; _module_preset=\u00bbdefault\u00bb global_colors_info=\u00bb{}\u00bb theme_builder_area=\u00bbpost_content\u00bb][et_pb_image src=\u00bbhttps:\/\/museros.org\/wp-content\/uploads\/2021\/09\/logo-mayores-cl-230&#215;180-1.jpg\u00bb title_text=\u00bblogo-mayores-cl-230&#215;180&#8243; url=\u00bbhttps:\/\/museros.org\/inici\/es\/area-de-mayores\/\u00bb use_overlay=\u00bbon\u00bb overlay_icon_color=\u00bb#E02B20&#8243; hover_overlay_color=\u00bbrgba(255,255,255,0.71)\u00bb hover_icon=\u00bb&#xe04d;||divi||400&#8243; show_bottom_space=\u00bboff\u00bb align=\u00bbcenter\u00bb _builder_version=\u00bb4.21.0&#8243; _module_preset=\u00bbdefault\u00bb locked=\u00bboff\u00bb global_colors_info=\u00bb{}\u00bb theme_builder_area=\u00bbpost_content\u00bb][\/et_pb_image][\/et_pb_column][et_pb_column type=\u00bb3_4&#8243; _builder_version=\u00bb4.16&#8243; _module_preset=\u00bbdefault\u00bb global_colors_info=\u00bb{}\u00bb theme_builder_area=\u00bbpost_content\u00bb][et_pb_image src=\u00bbhttps:\/\/museros.org\/wp-content\/uploads\/2026\/09\/dies-culturals-majors-2026.jpg\u00bb title_text=\u00bbdies culturals majors 2026&#8243; src_tablet=\u00bbhttps:\/\/museros.org\/wp-content\/uploads\/2025\/09\/majors-dies-culturals-2025.jpg\u00bb src_phone=\u00bbhttps:\/\/museros.org\/wp-content\/uploads\/2025\/09\/majors-dies-culturals-2025.jpg\u00bb src_last_edited=\u00bbon|phone\u00bb _builder_version=\u00bb4.27.7&#8243; _module_preset=\u00bbdefault\u00bb hover_enabled=\u00bb0&#8243; global_colors_info=\u00bb{}\u00bb theme_builder_area=\u00bbpost_content\u00bb sticky_enabled=\u00bb0&#8243;][\/et_pb_image][et_pb_text _builder_version=\u00bb4.27.7&#8243; _module_preset=\u00bbdefault\u00bb hover_enabled=\u00bb0&#8243; global_colors_info=\u00bb{}\u00bb theme_builder_area=\u00bbpost_content\u00bb sticky_enabled=\u00bb0&#8243;]<\/p>\n<p>\u00a1Llegan los d\u00edas culturales para nuestros mayores 2026!<\/p>\n<p>Del 22 de septiembre al 1 de octubre, Museros llena el oto\u00f1o de rutas, visitas culturales, talleres, juegos de mesa, m\u00fasica, cuentacuentos y la tradicional comida, este a\u00f1o tambi\u00e9n con baile. \u00a0 \u00a0<\/p>\n<p>\u00a1Consulta toda la programaci\u00f3n en la imagen y toma nota de las fechas!<\/p>\n<p><strong>Inscripciones para las salidas, juegos de mesa, cuentacuentos y talleres:<\/strong> en el Hogar del Jubilado del 7 al 17 de septiembre, de lunes a viernes, de 10.30 a 12.30 h. Dirigido a mayores de 65 a\u00f1os, jubilados y\/o pensionistas mayores de 60 a\u00f1os, empadronados en Museros.\u00a0 \u00a0 \u00a0 \u00a0 \u00a0 \u00a0<\/p>\n<p><strong>Inscripciones para la comida homenaje a nuestros mayores:<\/strong> en el ayuntamiento de Museros del 14 al 23 de septiembre, de 9.00 a 14.00 h. Dirigida a personas empadronadas en Museros que cumplan los requisitos de edad o situaci\u00f3n indicados anteriormente.\u00a0 \u00a0 \u00a0 \u00a0 \u00a0\u00a0<\/p>\n<p>Plazas limitadas.<\/p>\n<p>Una nueva edici\u00f3n para compartir tiempo, experiencias y buenos momentos. \u00a1Os esperamos!<\/p>\n<p>[\/et_pb_text][\/et_pb_column][\/et_pb_row][et_pb_row _builder_version=\u00bb4.16&#8243; _module_preset=\u00bbdefault\u00bb custom_margin=\u00bb0px||||false|false\u00bb custom_padding=\u00bb0px||||false|false\u00bb global_colors_info=\u00bb{}\u00bb theme_builder_area=\u00bbpost_content\u00bb][et_pb_column type=\u00bb4_4&#8243; _builder_version=\u00bb4.16&#8243; _module_preset=\u00bbdefault\u00bb global_colors_info=\u00bb{}\u00bb theme_builder_area=\u00bbpost_content\u00bb][et_pb_divider color=\u00bb#E02B20&#8243; divider_weight=\u00bb4px\u00bb _builder_version=\u00bb4.16&#8243; _module_preset=\u00bbdefault\u00bb custom_margin=\u00bb40px||||false|false\u00bb global_colors_info=\u00bb{}\u00bb theme_builder_area=\u00bbpost_content\u00bb][\/et_pb_divider][\/et_pb_column][\/et_pb_row][\/et_pb_section]<\/p>\n","protected":false},"excerpt":{"rendered":"<p>\u00a1Llegan los d\u00edas culturales para nuestros mayores 2026! Del 22 de septiembre al 1 de octubre, Museros llena el oto\u00f1o de rutas, visitas culturales, talleres, juegos de mesa, m\u00fasica, cuentacuentos y la tradicional comida, este a\u00f1o tambi\u00e9n con baile. \u00a0 \u00a0 \u00a1Consulta toda la programaci\u00f3n en la imagen y toma nota de las fechas! Inscripciones [&hellip;]<\/p>\n","protected":false},"author":9,"featured_media":0,"parent":0,"menu_order":0,"comment_status":"closed","ping_status":"closed","template":"","meta":{"_et_pb_use_builder":"on","_et_pb_old_content":"","_et_gb_content_width":"","_mc_calendar":[],"footnotes":""},"wf_page_folders":[296],"class_list":["post-281091","page","type-page","status-publish","hentry"],"_links":{"self":[{"href":"https:\/\/museros.org\/inici\/wp-json\/wp\/v2\/pages\/281091","targetHints":{"allow":["GET"]}}],"collection":[{"href":"https:\/\/museros.org\/inici\/wp-json\/wp\/v2\/pages"}],"about":[{"href":"https:\/\/museros.org\/inici\/wp-json\/wp\/v2\/types\/page"}],"author":[{"embeddable":true,"href":"https:\/\/museros.org\/inici\/wp-json\/wp\/v2\/users\/9"}],"replies":[{"embeddable":true,"href":"https:\/\/museros.org\/inici\/wp-json\/wp\/v2\/comments?post=281091"}],"version-history":[{"count":3,"href":"https:\/\/museros.org\/inici\/wp-json\/wp\/v2\/pages\/281091\/revisions"}],"predecessor-version":[{"id":281095,"href":"https:\/\/museros.org\/inici\/wp-json\/wp\/v2\/pages\/281091\/revisions\/281095"}],"wp:attachment":[{"href":"https:\/\/museros.org\/inici\/wp-json\/wp\/v2\/media?parent=281091"}],"wp:term":[{"taxonomy":"wf_page_folders","embeddable":true,"href":"https:\/\/museros.org\/inici\/wp-json\/wp\/v2\/wf_page_folders?post=281091"}],"curies":[{"name":"wp","href":"https:\/\/api.w.org\/{rel}","templated":true}]}}

Días culturales para nuestros mayores 2026

<p>[et_pb_section fb_built=»1&#8243; _builder_version=»4.17.4&#8243; _module_preset=»default» custom_margin=»40px||||false|false» custom_padding=»0px||||false|false» locked=»off» global_colors_info=»{}» theme_builder_area=»post_content»][et_pb_row column_structure=»1_4,3_4&#8243; _builder_version=»4.17.4&#8243; _module_preset=»default» custom_padding=»0px||||false|false» global_colors_info=»{}» theme_builder_area=»post_content»][et_pb_column type=»1_4&#8243; _builder_version=»4.16&#8243; _module_preset=»default» global_colors_info=»{}» theme_builder_area=»post_content»][et_pb_image src=»https://museros.org/wp-content/uploads/2021/09/logo-mayores-cl-230&#215;180-1.jpg» title_text=»logo-mayores-cl-230&#215;180&#8243; url=»https://museros.org/inici/es/area-de-mayores/» use_overlay=»on» overlay_icon_color=»#E02B20&#8243; hover_overlay_color=»rgba(255,255,255,0.71)» hover_icon=»&#xe04d;||divi||400&#8243; show_bottom_space=»off» align=»center» _builder_version=»4.21.0&#8243; _module_preset=»default» locked=»off» global_colors_info=»{}» theme_builder_area=»post_content»][/et_pb_image][/et_pb_column][et_pb_column type=»3_4&#8243; _builder_version=»4.16&#8243; _module_preset=»default» global_colors_info=»{}» theme_builder_area=»post_content»][et_pb_image src=»https://museros.org/wp-content/uploads/2026/09/dies-culturals-majors-2026.jpg» title_text=»dies culturals majors 2026&#8243; src_tablet=»https://museros.org/wp-content/uploads/2025/09/majors-dies-culturals-2025.jpg» src_phone=»https://museros.org/wp-content/uploads/2025/09/majors-dies-culturals-2025.jpg» src_last_edited=»on|phone» _builder_version=»4.27.7&#8243; _module_preset=»default» hover_enabled=»0&#8243; global_colors_info=»{}» theme_builder_area=»post_content» sticky_enabled=»0&#8243;][/et_pb_image][et_pb_text _builder_version=»4.27.7&#8243; _module_preset=»default» hover_enabled=»0&#8243; global_colors_info=»{}» theme_builder_area=»post_content» sticky_enabled=»0&#8243;]</p>
<p>¡Llegan los días culturales para nuestros mayores 2026!</p>
<p>Del 22 de septiembre al 1 de octubre, Museros llena el otoño de rutas, visitas culturales, talleres, juegos de mesa, música, cuentacuentos y la tradicional comida, este año también con baile.    </p>
<p>¡Consulta toda la programación en la imagen y toma nota de las fechas!</p>
<p><strong>Inscripciones para las salidas, juegos de mesa, cuentacuentos y talleres:</strong> en el Hogar del Jubilado del 7 al 17 de septiembre, de lunes a viernes, de 10.30 a 12.30 h. Dirigido a mayores de 65 años, jubilados y/o pensionistas mayores de 60 años, empadronados en Museros.           </p>
<p><strong>Inscripciones para la comida homenaje a nuestros mayores:</strong> en el ayuntamiento de Museros del 14 al 23 de septiembre, de 9.00 a 14.00 h. Dirigida a personas empadronadas en Museros que cumplan los requisitos de edad o situación indicados anteriormente.          </p>
<p>Plazas limitadas.</p>
<p>Una nueva edición para compartir tiempo, experiencias y buenos momentos. ¡Os esperamos!</p>
<p>[/et_pb_text][/et_pb_column][/et_pb_row][et_pb_row _builder_version=»4.16&#8243; _module_preset=»default» custom_margin=»0px||||false|false» custom_padding=»0px||||false|false» global_colors_info=»{}» theme_builder_area=»post_content»][et_pb_column type=»4_4&#8243; _builder_version=»4.16&#8243; _module_preset=»default» global_colors_info=»{}» theme_builder_area=»post_content»][et_pb_divider color=»#E02B20&#8243; divider_weight=»4px» _builder_version=»4.16&#8243; _module_preset=»default» custom_margin=»40px||||false|false» global_colors_info=»{}» theme_builder_area=»post_content»][/et_pb_divider][/et_pb_column][/et_pb_row][/et_pb_section]</p>

<p>¡Llegan los días culturales para nuestros mayores 2026! Del 22 de septiembre al 1 de octubre, Museros llena el otoño de rutas, visitas culturales, talleres, juegos de mesa, música, cuentacuentos y la tradicional comida, este año también con baile.     ¡Consulta toda la programación en la imagen y toma nota de las fechas! Inscripciones [&hellip;]</p>
