{"id":279496,"date":"2026-04-27T11:29:29","date_gmt":"2026-04-27T09:29:29","guid":{"rendered":"https:\/\/museros.org\/inici\/?page_id=279496"},"modified":"2026-04-27T11:32:08","modified_gmt":"2026-04-27T09:32:08","slug":"dia-de-la-mare-26-2","status":"publish","type":"page","link":"https:\/\/museros.org\/inici\/dia-de-la-mare-26-2\/","title":{"rendered":"Dia de la mare 26"},"content":{"rendered":"<p>[et_pb_section fb_built=\u00bb1&#8243; _builder_version=\u00bb4.16&#8243; _module_preset=\u00bbdefault\u00bb custom_padding=\u00bb0px||||false|false\u00bb locked=\u00bboff\u00bb global_colors_info=\u00bb{}\u00bb][et_pb_row column_structure=\u00bb1_4,3_4&#8243; _builder_version=\u00bb4.16&#8243; _module_preset=\u00bbdefault\u00bb custom_margin=\u00bb0px||0px||false|false\u00bb custom_padding=\u00bb0px||0px||false|false\u00bb global_colors_info=\u00bb{}\u00bb][et_pb_column type=\u00bb1_4&#8243; _builder_version=\u00bb4.16&#8243; _module_preset=\u00bbdefault\u00bb global_colors_info=\u00bb{}\u00bb][et_pb_image src=\u00bbhttps:\/\/museros.org\/wp-content\/uploads\/2021\/08\/logo-comerc\u0327-cl-230&#215;180-1.jpg\u00bb title_text=\u00bblogo-comerc\u0327-cl-230&#215;180&#8243; url=\u00bbhttps:\/\/museros.org\/inici\/area-de-comerc\u00bb use_overlay=\u00bbon\u00bb overlay_icon_color=\u00bb#E02B20&#8243; hover_overlay_color=\u00bbrgba(255,255,255,0.7)\u00bb hover_icon=\u00bb&#xe04d;||divi||400&#8243; align=\u00bbcenter\u00bb _builder_version=\u00bb4.17.3&#8243; _module_preset=\u00bbdefault\u00bb width=\u00bb100%\u00bb width_tablet=\u00bb\u00bb width_phone=\u00bb\u00bb width_last_edited=\u00bbon|phone\u00bb module_alignment=\u00bbcenter\u00bb custom_margin=\u00bb0px||0px||false|false\u00bb custom_padding=\u00bb0px||0px||false|false\u00bb global_colors_info=\u00bb{}\u00bb][\/et_pb_image][\/et_pb_column][et_pb_column type=\u00bb3_4&#8243; _builder_version=\u00bb4.16&#8243; _module_preset=\u00bbdefault\u00bb global_colors_info=\u00bb{}\u00bb][et_pb_image src=\u00bbhttps:\/\/museros.org\/wp-content\/uploads\/2026\/04\/dia-de-la-mare-26.jpg\u00bb title_text=\u00bbdia de la mare 26&#8243; _builder_version=\u00bb4.27.6&#8243; _module_preset=\u00bbdefault\u00bb global_colors_info=\u00bb{}\u00bb][\/et_pb_image][et_pb_text _builder_version=\u00bb4.27.6&#8243; _module_preset=\u00bbdefault\u00bb custom_margin=\u00bb40px||||false|false\u00bb hover_enabled=\u00bb0&#8243; global_colors_info=\u00bb{}\u00bb sticky_enabled=\u00bb0&#8243;]<\/p>\n<h1>Dia de la Mare i comunions: <br \/>celebra-ho a Museros, regala amb cor<\/h1>\n<p>Amb el lema \u201cDia de la Mare i comunions: celebra-ho a Museros, regala amb cor\u201d, l&#8217;Ajuntament de Museros, a trav\u00e9s de la Regidoria de Comer\u00e7, conjuntament amb l&#8217;Associaci\u00f3 de Comerciants\u00a0CAMU\u00a0i amb la col\u00b7laboraci\u00f3 de\u00a0Caixa\u00a0Popular, posa en marxa una nova campanya amb motiu d&#8217;estes celebracions.<\/p>\n<p>Esta iniciativa continua fomentant el consum en el comer\u00e7 local, premiant els qui compren o facen \u00fas dels serveis professionals i de restauraci\u00f3 del municipi.<br \/>Els premis s&#8217;entregaran en forma de targetes moneder, que podran canviar-se novament en els comer\u00e7os locals, generant aix\u00ed un model d&#8217;economia circular.<\/p>\n<p>Esta campanya dona continu\u00eftat a la l\u00ednia de treball que l&#8217;Ajuntament de Museros desenvolupa amb l&#8217;Associaci\u00f3 de Comerciants, amb l&#8217;objectiu d&#8217;impulsar, protegir i dinamitzar el comer\u00e7 tradicional, els serveis professionals i la restauraci\u00f3 del municipi, pilars fonamentals de l&#8217;economia local.<\/p>\n<p>En esta ocasi\u00f3, la campanya s&#8217;amplia perqu\u00e8 els que desitgen o necessiten fer compres amb motiu de les comunions tamb\u00e9 puguen optar als premis. Per aix\u00f2, es desenvolupar\u00e0 des del 27 d&#8217;abril fins al 16 de maig.<\/p>\n<p>La iniciativa contempla el sorteig de 20 targetes moneder, valorades en 50 \u20ac cadascuna, que podran utilitzar-se en els comer\u00e7os associats a CAMU i en els establiments adherits a la campanya.<\/p>\n<p>Les targetes se sortejaran entre les compres realitzades del 27 d&#8217;abril al 16 de maig, tots dos inclosos, en els comer\u00e7os de Museros, excloent-hi grans superf\u00edcies i franqu\u00edcies.<\/p>\n<p>Per a participar-hi, ser\u00e0 necessari aconseguir una despesa m\u00ednima de 30 \u20ac i es poden acumular diversos tiquets fins a arribar a eixa quantitat. En cada justificant de compra, o document equivalent, hauran de figurar les dades de l&#8217;establiment, professional o local de restauraci\u00f3 on s&#8217;haja fet la despesa.<\/p>\n<p>Les persones participants hauran de depositar els tiquets en el punt habilitat a l&#8217;ajuntament i facilitar el nom i n\u00famero de tel\u00e8fon per a poder ser contactades en cas de resultar premiades.<\/p>\n<p>Els tiquets es depositaran a l&#8217;ajuntament de Museros, en horari de 09.00 h a 14.00 h, fins al dia 18 de maig; els premis se sortejaran entre tots els tiquets o comprovants de la despesa que complisquen tots els requisits.<\/p>\n<p>Nom\u00e9s es podr\u00e0 optar a una targeta per participant. El sorteig tindr\u00e0 lloc el dimecres 20 de maig.<\/p>\n<p>El lliurament dels premis s&#8217;efectuar\u00e0 al sal\u00f3 de plens de l&#8217;Ajuntament, en data que es comunicar\u00e0 pr\u00e8viament.<\/p>\n<p>[\/et_pb_text][\/et_pb_column][\/et_pb_row][et_pb_row _builder_version=\u00bb4.16&#8243; _module_preset=\u00bbdefault\u00bb custom_margin=\u00bb50px||0px||false|false\u00bb custom_padding=\u00bb0px||0px||false|false\u00bb global_colors_info=\u00bb{}\u00bb][et_pb_column type=\u00bb4_4&#8243; _builder_version=\u00bb4.16&#8243; _module_preset=\u00bbdefault\u00bb global_colors_info=\u00bb{}\u00bb][et_pb_divider color=\u00bb#E02B20&#8243; divider_weight=\u00bb4px\u00bb _builder_version=\u00bb4.16&#8243; _module_preset=\u00bbdefault\u00bb custom_margin=\u00bb0px||0px||false|false\u00bb custom_padding=\u00bb0px||0px||false|false\u00bb global_colors_info=\u00bb{}\u00bb][\/et_pb_divider][\/et_pb_column][\/et_pb_row][\/et_pb_section]<\/p>\n","protected":false},"excerpt":{"rendered":"<p>Dia de la Mare i comunions: celebra-ho a Museros, regala amb cor Amb el lema \u201cDia de la Mare i comunions: celebra-ho a Museros, regala amb cor\u201d, l&#8217;Ajuntament de Museros, a trav\u00e9s de la Regidoria de Comer\u00e7, conjuntament amb l&#8217;Associaci\u00f3 de Comerciants\u00a0CAMU\u00a0i amb la col\u00b7laboraci\u00f3 de\u00a0Caixa\u00a0Popular, posa en marxa una nova campanya amb motiu d&#8217;estes [&hellip;]<\/p>\n","protected":false},"author":9,"featured_media":0,"parent":0,"menu_order":0,"comment_status":"closed","ping_status":"closed","template":"","meta":{"_et_pb_use_builder":"on","_et_pb_old_content":"","_et_gb_content_width":"","_mc_calendar":[],"footnotes":""},"wf_page_folders":[281,294],"class_list":["post-279496","page","type-page","status-publish","hentry"],"_links":{"self":[{"href":"https:\/\/museros.org\/inici\/wp-json\/wp\/v2\/pages\/279496","targetHints":{"allow":["GET"]}}],"collection":[{"href":"https:\/\/museros.org\/inici\/wp-json\/wp\/v2\/pages"}],"about":[{"href":"https:\/\/museros.org\/inici\/wp-json\/wp\/v2\/types\/page"}],"author":[{"embeddable":true,"href":"https:\/\/museros.org\/inici\/wp-json\/wp\/v2\/users\/9"}],"replies":[{"embeddable":true,"href":"https:\/\/museros.org\/inici\/wp-json\/wp\/v2\/comments?post=279496"}],"version-history":[{"count":4,"href":"https:\/\/museros.org\/inici\/wp-json\/wp\/v2\/pages\/279496\/revisions"}],"predecessor-version":[{"id":279504,"href":"https:\/\/museros.org\/inici\/wp-json\/wp\/v2\/pages\/279496\/revisions\/279504"}],"wp:attachment":[{"href":"https:\/\/museros.org\/inici\/wp-json\/wp\/v2\/media?parent=279496"}],"wp:term":[{"taxonomy":"wf_page_folders","embeddable":true,"href":"https:\/\/museros.org\/inici\/wp-json\/wp\/v2\/wf_page_folders?post=279496"}],"curies":[{"name":"wp","href":"https:\/\/api.w.org\/{rel}","templated":true}]}}