{"id":279080,"date":"2026-03-09T16:04:24","date_gmt":"2026-03-09T14:04:24","guid":{"rendered":"https:\/\/museros.org\/inici\/?page_id=279080"},"modified":"2026-03-09T16:24:25","modified_gmt":"2026-03-09T14:24:25","slug":"dia-del-pare-2026","status":"publish","type":"page","link":"https:\/\/museros.org\/inici\/dia-del-pare-2026\/","title":{"rendered":"Dia del pare 2026"},"content":{"rendered":"<p>[et_pb_section fb_built=\u00bb1&#8243; _builder_version=\u00bb4.16&#8243; _module_preset=\u00bbdefault\u00bb custom_padding=\u00bb0px||||false|false\u00bb locked=\u00bboff\u00bb global_colors_info=\u00bb{}\u00bb][et_pb_row column_structure=\u00bb1_3,2_3&#8243; _builder_version=\u00bb4.16&#8243; _module_preset=\u00bbdefault\u00bb custom_margin=\u00bb0px||0px||false|false\u00bb custom_padding=\u00bb0px||0px||false|false\u00bb global_colors_info=\u00bb{}\u00bb][et_pb_column type=\u00bb1_3&#8243; _builder_version=\u00bb4.16&#8243; _module_preset=\u00bbdefault\u00bb global_colors_info=\u00bb{}\u00bb][et_pb_image src=\u00bbhttps:\/\/museros.org\/wp-content\/uploads\/2021\/08\/logo-comerc\u0327-cl-230&#215;180-1.jpg\u00bb title_text=\u00bblogo-comerc\u0327-cl-230&#215;180&#8243; url=\u00bbhttps:\/\/museros.org\/inici\/area-de-comerc\u00bb use_overlay=\u00bbon\u00bb overlay_icon_color=\u00bb#E02B20&#8243; hover_overlay_color=\u00bbrgba(255,255,255,0.7)\u00bb hover_icon=\u00bb&#xe04d;||divi||400&#8243; align=\u00bbcenter\u00bb _builder_version=\u00bb4.17.3&#8243; _module_preset=\u00bbdefault\u00bb width=\u00bb100%\u00bb width_tablet=\u00bb\u00bb width_phone=\u00bb\u00bb width_last_edited=\u00bbon|phone\u00bb module_alignment=\u00bbcenter\u00bb custom_margin=\u00bb0px||0px||false|false\u00bb custom_padding=\u00bb0px||0px||false|false\u00bb global_colors_info=\u00bb{}\u00bb][\/et_pb_image][\/et_pb_column][et_pb_column type=\u00bb2_3&#8243; _builder_version=\u00bb4.16&#8243; _module_preset=\u00bbdefault\u00bb global_colors_info=\u00bb{}\u00bb][et_pb_image src=\u00bbhttps:\/\/museros.org\/wp-content\/uploads\/2026\/03\/el-teu-millor-regal-dia-pare-26.jpg\u00bb title_text=\u00bbel teu millor regal dia pare 26&#8243; _builder_version=\u00bb4.27.5&#8243; _module_preset=\u00bbdefault\u00bb global_colors_info=\u00bb{}\u00bb][\/et_pb_image][et_pb_text _builder_version=\u00bb4.27.5&#8243; _module_preset=\u00bbdefault\u00bb custom_margin=\u00bb40px||||false|false\u00bb custom_padding=\u00bb||1px|0px|false|false\u00bb hover_enabled=\u00bb0&#8243; global_colors_info=\u00bb{}\u00bb sticky_enabled=\u00bb0&#8243;]<\/p>\n<h1><strong>El teu millor regal, a Museros!<\/strong><\/h1>\n<p>Amb el lema <strong>\u201cEl teu millor regal, a Museros!\u201d,<\/strong> i com ja \u00e9s habitual, de cara a la festivitat de Sant Josep, l&#8217;Ajuntament de Museros, a trav\u00e9s de la Regidoria de Comer\u00e7 juntament amb l&#8217;Associaci\u00f3 de Comerciants CAMU, amb la col\u00b7laboraci\u00f3 de l&#8217;entitat Caixa Popular, posen en marxa una nova campanya comercial. En aquesta ocasi\u00f3, amb motiu de la celebraci\u00f3 del Dia del Pare i amb la idea de continuar incentivant el ve\u00efnat perqu\u00e8 compre en el comer\u00e7 local, amb premis que poden aconseguir fent les compres d&#8217;una manera responsable o utilitzant qualsevol dels serveis de professionals o de restauraci\u00f3 de Museros.<\/p>\n<p>Aquests premis tornaran a utilitzar-se en els nostres comer\u00e7os, per a crear aix\u00ed un tipus d&#8217;economia circular. Aquesta campanya \u00e9s una continu\u00eftat de la l\u00ednia de treball que fins ara ha mantingut l&#8217;Ajuntament de Museros, juntament amb l&#8217;Associaci\u00f3 de Comerciants CAMU amb la col\u00b7laboraci\u00f3 de Caixa Popular, per a secundar, defensar i incentivar el sector comercial tradicional, professional i de restauraci\u00f3 del nostre municipi.<\/p>\n<p>Aquesta campanya, en la qual es convida els ciutadans a comprar en els comer\u00e7os de Museros, poden participar en el sorteig de 15 targetes moneder per valor de 50 \u20ac cadascuna, per a consumir en els comer\u00e7os associats a CAMU i en tots aquells que fins ara hagen comunicat i aportat el n\u00famero de FUC del seu TPV (dat\u00e0fon).<\/p>\n<p>Aquestes targetes se sortejaran entre les compres i despeses realitzades entre els dies 3 i 21 de mar\u00e7, tots dos inclosos, en qualsevol comer\u00e7, servei de professional o local de restauraci\u00f3 de Museros, exceptuant grans franqu\u00edcies i superf\u00edcies.<\/p>\n<p>Les compres hauran de ser de 30 \u20ac com a m\u00ednim i es poden acumular tiquets de compres fins a arribar a eixe import; els usuaris hauran de depositar els tiquets de compra o document equivalent en el lloc habilitat per a aix\u00f2 a l&#8217;ajuntament. Les persones que hi participen deuran, a m\u00e9s, indicar nom i tel\u00e8fon per a poder contactar-les en cas de resultar guanyadores.<\/p>\n<p>En el tiquet o en qualsevol document equivalent, hauran de figurar les dades del comer\u00e7, del professional o del local de restauraci\u00f3 on s&#8217;haja efectuat la despesa.<\/p>\n<p>Els tiquets es depositaran a l&#8217;ajuntament de Museros, en un lloc habilitat per a aquesta finalitat, en horari de 09.00 h a 14.00 hores, fins al dia 23 de mar\u00e7; els premis se sortejaran entre tots els tiquets o comprovants de la despesa que complisquen tots els requisits.<\/p>\n<p>El sorteig tindr\u00e0 lloc el dimecres 25 de mar\u00e7. Cada participant podr\u00e0 optar nom\u00e9s a un premi.<\/p>\n<p>El lliurament de premis ser\u00e0 al sal\u00f3 de plens de l&#8217;ajuntament, en data i hora que pr\u00e8viament es comunicar\u00e0.<\/p>\n<p>[\/et_pb_text][\/et_pb_column][\/et_pb_row][et_pb_row _builder_version=\u00bb4.16&#8243; _module_preset=\u00bbdefault\u00bb custom_margin=\u00bb50px||0px||false|false\u00bb custom_padding=\u00bb0px||0px||false|false\u00bb global_colors_info=\u00bb{}\u00bb][et_pb_column type=\u00bb4_4&#8243; _builder_version=\u00bb4.16&#8243; _module_preset=\u00bbdefault\u00bb global_colors_info=\u00bb{}\u00bb][et_pb_divider color=\u00bb#E02B20&#8243; divider_weight=\u00bb4px\u00bb _builder_version=\u00bb4.16&#8243; _module_preset=\u00bbdefault\u00bb custom_margin=\u00bb0px||0px||false|false\u00bb custom_padding=\u00bb0px||0px||false|false\u00bb global_colors_info=\u00bb{}\u00bb][\/et_pb_divider][\/et_pb_column][\/et_pb_row][\/et_pb_section]<\/p>\n","protected":false},"excerpt":{"rendered":"<p>El teu millor regal, a Museros! Amb el lema \u201cEl teu millor regal, a Museros!\u201d, i com ja \u00e9s habitual, de cara a la festivitat de Sant Josep, l&#8217;Ajuntament de Museros, a trav\u00e9s de la Regidoria de Comer\u00e7 juntament amb l&#8217;Associaci\u00f3 de Comerciants CAMU, amb la col\u00b7laboraci\u00f3 de l&#8217;entitat Caixa Popular, posen en marxa una [&hellip;]<\/p>\n","protected":false},"author":9,"featured_media":0,"parent":0,"menu_order":0,"comment_status":"closed","ping_status":"closed","template":"","meta":{"_et_pb_use_builder":"on","_et_pb_old_content":"","_et_gb_content_width":"","_mc_calendar":[],"footnotes":""},"wf_page_folders":[],"class_list":["post-279080","page","type-page","status-publish","hentry"],"_links":{"self":[{"href":"https:\/\/museros.org\/inici\/wp-json\/wp\/v2\/pages\/279080","targetHints":{"allow":["GET"]}}],"collection":[{"href":"https:\/\/museros.org\/inici\/wp-json\/wp\/v2\/pages"}],"about":[{"href":"https:\/\/museros.org\/inici\/wp-json\/wp\/v2\/types\/page"}],"author":[{"embeddable":true,"href":"https:\/\/museros.org\/inici\/wp-json\/wp\/v2\/users\/9"}],"replies":[{"embeddable":true,"href":"https:\/\/museros.org\/inici\/wp-json\/wp\/v2\/comments?post=279080"}],"version-history":[{"count":3,"href":"https:\/\/museros.org\/inici\/wp-json\/wp\/v2\/pages\/279080\/revisions"}],"predecessor-version":[{"id":279103,"href":"https:\/\/museros.org\/inici\/wp-json\/wp\/v2\/pages\/279080\/revisions\/279103"}],"wp:attachment":[{"href":"https:\/\/museros.org\/inici\/wp-json\/wp\/v2\/media?parent=279080"}],"wp:term":[{"taxonomy":"wf_page_folders","embeddable":true,"href":"https:\/\/museros.org\/inici\/wp-json\/wp\/v2\/wf_page_folders?post=279080"}],"curies":[{"name":"wp","href":"https:\/\/api.w.org\/{rel}","templated":true}]}}

<p>[et_pb_section fb_built=»1&#8243; _builder_version=»4.16&#8243; _module_preset=»default» custom_padding=»0px||||false|false» locked=»off» global_colors_info=»{}»][et_pb_row column_structure=»1_3,2_3&#8243; _builder_version=»4.16&#8243; _module_preset=»default» custom_margin=»0px||0px||false|false» custom_padding=»0px||0px||false|false» global_colors_info=»{}»][et_pb_column type=»1_3&#8243; _builder_version=»4.16&#8243; _module_preset=»default» global_colors_info=»{}»][et_pb_image src=»https://museros.org/wp-content/uploads/2021/08/logo-comerç-cl-230&#215;180-1.jpg» title_text=»logo-comerç-cl-230&#215;180&#8243; url=»https://museros.org/inici/area-de-comerc» use_overlay=»on» overlay_icon_color=»#E02B20&#8243; hover_overlay_color=»rgba(255,255,255,0.7)» hover_icon=»&#xe04d;||divi||400&#8243; align=»center» _builder_version=»4.17.3&#8243; _module_preset=»default» width=»100%» width_tablet=»» width_phone=»» width_last_edited=»on|phone» module_alignment=»center» custom_margin=»0px||0px||false|false» custom_padding=»0px||0px||false|false» global_colors_info=»{}»][/et_pb_image][/et_pb_column][et_pb_column type=»2_3&#8243; _builder_version=»4.16&#8243; _module_preset=»default» global_colors_info=»{}»][et_pb_image src=»https://museros.org/wp-content/uploads/2026/03/el-teu-millor-regal-dia-pare-26.jpg» title_text=»el teu millor regal dia pare 26&#8243; _builder_version=»4.27.5&#8243; _module_preset=»default» global_colors_info=»{}»][/et_pb_image][et_pb_text _builder_version=»4.27.5&#8243; _module_preset=»default» custom_margin=»40px||||false|false» custom_padding=»||1px|0px|false|false» hover_enabled=»0&#8243; global_colors_info=»{}» sticky_enabled=»0&#8243;]</p>
<h1><strong>El teu millor regal, a Museros!</strong></h1>
<p>Amb el lema <strong>“El teu millor regal, a Museros!”,</strong> i com ja és habitual, de cara a la festivitat de Sant Josep, l&#8217;Ajuntament de Museros, a través de la Regidoria de Comerç juntament amb l&#8217;Associació de Comerciants CAMU, amb la col·laboració de l&#8217;entitat Caixa Popular, posen en marxa una nova campanya comercial. En aquesta ocasió, amb motiu de la celebració del Dia del Pare i amb la idea de continuar incentivant el veïnat perquè compre en el comerç local, amb premis que poden aconseguir fent les compres d&#8217;una manera responsable o utilitzant qualsevol dels serveis de professionals o de restauració de Museros.</p>
<p>Aquests premis tornaran a utilitzar-se en els nostres comerços, per a crear així un tipus d&#8217;economia circular. Aquesta campanya és una continuïtat de la línia de treball que fins ara ha mantingut l&#8217;Ajuntament de Museros, juntament amb l&#8217;Associació de Comerciants CAMU amb la col·laboració de Caixa Popular, per a secundar, defensar i incentivar el sector comercial tradicional, professional i de restauració del nostre municipi.</p>
<p>Aquesta campanya, en la qual es convida els ciutadans a comprar en els comerços de Museros, poden participar en el sorteig de 15 targetes moneder per valor de 50 € cadascuna, per a consumir en els comerços associats a CAMU i en tots aquells que fins ara hagen comunicat i aportat el número de FUC del seu TPV (datàfon).</p>
<p>Aquestes targetes se sortejaran entre les compres i despeses realitzades entre els dies 3 i 21 de març, tots dos inclosos, en qualsevol comerç, servei de professional o local de restauració de Museros, exceptuant grans franquícies i superfícies.</p>
<p>Les compres hauran de ser de 30 € com a mínim i es poden acumular tiquets de compres fins a arribar a eixe import; els usuaris hauran de depositar els tiquets de compra o document equivalent en el lloc habilitat per a això a l&#8217;ajuntament. Les persones que hi participen deuran, a més, indicar nom i telèfon per a poder contactar-les en cas de resultar guanyadores.</p>
<p>En el tiquet o en qualsevol document equivalent, hauran de figurar les dades del comerç, del professional o del local de restauració on s&#8217;haja efectuat la despesa.</p>
<p>Els tiquets es depositaran a l&#8217;ajuntament de Museros, en un lloc habilitat per a aquesta finalitat, en horari de 09.00 h a 14.00 hores, fins al dia 23 de març; els premis se sortejaran entre tots els tiquets o comprovants de la despesa que complisquen tots els requisits.</p>
<p>El sorteig tindrà lloc el dimecres 25 de març. Cada participant podrà optar només a un premi.</p>
<p>El lliurament de premis serà al saló de plens de l&#8217;ajuntament, en data i hora que prèviament es comunicarà.</p>
<p>[/et_pb_text][/et_pb_column][/et_pb_row][et_pb_row _builder_version=»4.16&#8243; _module_preset=»default» custom_margin=»50px||0px||false|false» custom_padding=»0px||0px||false|false» global_colors_info=»{}»][et_pb_column type=»4_4&#8243; _builder_version=»4.16&#8243; _module_preset=»default» global_colors_info=»{}»][et_pb_divider color=»#E02B20&#8243; divider_weight=»4px» _builder_version=»4.16&#8243; _module_preset=»default» custom_margin=»0px||0px||false|false» custom_padding=»0px||0px||false|false» global_colors_info=»{}»][/et_pb_divider][/et_pb_column][/et_pb_row][/et_pb_section]</p>

<p>El teu millor regal, a Museros! Amb el lema “El teu millor regal, a Museros!”, i com ja és habitual, de cara a la festivitat de Sant Josep, l&#8217;Ajuntament de Museros, a través de la Regidoria de Comerç juntament amb l&#8217;Associació de Comerciants CAMU, amb la col·laboració de l&#8217;entitat Caixa Popular, posen en marxa una [&hellip;]</p>
