{"id":278932,"date":"2026-03-05T15:47:15","date_gmt":"2026-03-05T13:47:15","guid":{"rendered":"https:\/\/museros.org\/inici\/?page_id=278932"},"modified":"2026-03-05T21:50:27","modified_gmt":"2026-03-05T19:50:27","slug":"normes-subsidiaries-de-planejament-de-museros","status":"publish","type":"page","link":"https:\/\/museros.org\/inici\/normes-subsidiaries-de-planejament-de-museros\/","title":{"rendered":"Normes subsidi\u00e0ries de planejament de Museros"},"content":{"rendered":"<p>[et_pb_section fb_built=\u00bb1&#8243; _builder_version=\u00bb4.16&#8243; _module_preset=\u00bbdefault\u00bb custom_margin=\u00bb0px||||false|false\u00bb custom_padding=\u00bb0px||||false|false\u00bb locked=\u00bboff\u00bb global_colors_info=\u00bb{}\u00bb][et_pb_row column_structure=\u00bb1_4,3_4&#8243; _builder_version=\u00bb4.16&#8243; _module_preset=\u00bbdefault\u00bb custom_margin=\u00bb0px||||false|false\u00bb custom_padding=\u00bb0px||||false|false\u00bb global_colors_info=\u00bb{}\u00bb][et_pb_column type=\u00bb1_4&#8243; _builder_version=\u00bb4.16&#8243; _module_preset=\u00bbdefault\u00bb global_colors_info=\u00bb{}\u00bb][et_pb_image src=\u00bbhttps:\/\/museros.org\/wp-content\/uploads\/2021\/08\/logo-urbanisme-cl-230&#215;180-1.jpg\u00bb title_text=\u00bblogo-urbanisme-cl-230&#215;180&#8243; url=\u00bbhttps:\/\/museros.org\/inici\/area-durbanisme\/\u00bb use_overlay=\u00bbon\u00bb overlay_icon_color=\u00bb#E02B20&#8243; hover_overlay_color=\u00bbrgba(255,255,255,0.68)\u00bb hover_icon=\u00bb&#xe04d;||divi||400&#8243; _builder_version=\u00bb4.16.0&#8243; _module_preset=\u00bbdefault\u00bb global_colors_info=\u00bb{}\u00bb][\/et_pb_image][\/et_pb_column][et_pb_column type=\u00bb3_4&#8243; _builder_version=\u00bb4.16&#8243; _module_preset=\u00bbdefault\u00bb global_colors_info=\u00bb{}\u00bb][et_pb_image src=\u00bbhttps:\/\/museros.org\/wp-content\/uploads\/2026\/03\/banner-web-urbanisme-planejament-urbanistic0326.jpg\u00bb title_text=\u00bbbanner web urbanisme planejament urbanistic0326&#8243; _builder_version=\u00bb4.27.5&#8243; _module_preset=\u00bbdefault\u00bb global_colors_info=\u00bb{}\u00bb][\/et_pb_image][et_pb_text _builder_version=\u00bb4.27.5&#8243; _module_preset=\u00bbdefault\u00bb custom_margin=\u00bb40px||40px||false|false\u00bb hover_enabled=\u00bb0&#8243; global_colors_info=\u00bb{}\u00bb sticky_enabled=\u00bb0&#8243;]<\/p>\n<h3>TEXT CONSOLIDAT DE PLANEJAMENT URBAN\u00cdSTIC DE MUSEROS<\/h3>\n<p>[\/et_pb_text][et_pb_button button_url=\u00bbhttps:\/\/museros.org\/wp-content\/uploads\/2026\/03\/20251212_nnss_documento_de_sintesis-1.pdf\u00bb url_new_window=\u00bbon\u00bb button_text=\u00bbDOCUMENT DE S\u00cdNTESI\u00bb admin_label=\u00bbDOCUMENT DE SINTESI\u00bb _builder_version=\u00bb4.27.5&#8243; _module_preset=\u00bbdefault\u00bb hover_enabled=\u00bb0&#8243; global_colors_info=\u00bb{}\u00bb sticky_enabled=\u00bb0&#8243;][\/et_pb_button][et_pb_button button_url=\u00bbhttps:\/\/museros.org\/wp-content\/uploads\/2026\/03\/20251212_nnss_indice-1.pdf\u00bb url_new_window=\u00bbon\u00bb button_text=\u00bb\u00cdNDEX DE DOCUMENTS\u00bb admin_label=\u00bb\u00cdNDICE DE DOCUMENTOS\u00bb _builder_version=\u00bb4.27.5&#8243; _module_preset=\u00bbdefault\u00bb global_colors_info=\u00bb{}\u00bb][\/et_pb_button][et_pb_button button_url=\u00bbhttps:\/\/museros.org\/wp-content\/uploads\/2026\/03\/20260122_texto-consolidado-nnss1.pdf\u00bb url_new_window=\u00bbon\u00bb button_text=\u00bbTEXT CONSOLIDAT NORMES URBAN\u00cdSTIQUES\u00bb admin_label=\u00bbTEXTO CONSOLIDADO\u00bb _builder_version=\u00bb4.27.5&#8243; _module_preset=\u00bbdefault\u00bb global_colors_info=\u00bb{}\u00bb][\/et_pb_button][et_pb_button button_url=\u00bbhttps:\/\/museros.org\/wp-content\/uploads\/2026\/03\/mapa-op_14-sub-zord1.pdf\u00bb url_new_window=\u00bbon\u00bb button_text=\u00bbMAPA OP 1.4 SUBZONES D&#8217;ORDENACI\u00d3\u00bb admin_label=\u00bbMAPA OP 1.4 SUBZONES D&#8217;ORDENACI\u00d3\u00bb _builder_version=\u00bb4.27.5&#8243; _module_preset=\u00bbdefault\u00bb global_colors_info=\u00bb{}\u00bb][\/et_pb_button][et_pb_button button_url=\u00bbhttps:\/\/museros.org\/wp-content\/uploads\/2026\/03\/mapa-0-instrumentos-1.pdf\u00bb url_new_window=\u00bbon\u00bb button_text=\u00bbMAPA 0 INSTRUMENTS DE PLANEJAMENT\u00bb admin_label=\u00bbMAPA 0 INSTRUMENTS DE PLANEJAMENT\u00bb _builder_version=\u00bb4.27.5&#8243; _module_preset=\u00bbdefault\u00bb global_colors_info=\u00bb{}\u00bb][\/et_pb_button][et_pb_button button_url=\u00bbhttps:\/\/museros.org\/wp-content\/uploads\/2026\/03\/mapa-oe_1-clasificacion1.pdf\u00bb url_new_window=\u00bbon\u00bb button_text=\u00bbMAPA OE 1.0 PL\u00c0NOL DE CLASSIFICACI\u00d3 DE S\u00d2L\u00bb admin_label=\u00bbMAPA OE 1.0 PL\u00c0NOL DE CLASSIFICACI\u00d3 DE S\u00d2L\u00bb _builder_version=\u00bb4.27.5&#8243; _module_preset=\u00bbdefault\u00bb global_colors_info=\u00bb{}\u00bb][\/et_pb_button][et_pb_button button_url=\u00bbhttps:\/\/museros.org\/wp-content\/uploads\/2026\/03\/mapa-oe_2-zonificacion-1.pdf\u00bb url_new_window=\u00bbon\u00bb button_text=\u00bbMAPA OE 2.0 ZONIFICACI\u00d3 DE S\u00d2L\u00bb admin_label=\u00bbMAPA OE 2.0 ZONIFICACI\u00d3 DE S\u00d2L\u00bb _builder_version=\u00bb4.27.5&#8243; _module_preset=\u00bbdefault\u00bb global_colors_info=\u00bb{}\u00bb][\/et_pb_button][et_pb_button button_url=\u00bbhttps:\/\/museros.org\/wp-content\/uploads\/2026\/03\/mapa-oe_3-red-primaria1.pdf\u00bb url_new_window=\u00bbon\u00bb button_text=\u00bbMAPA OE 3.0 XARXA PRIM\u00c0RIA\u00bb admin_label=\u00bbMAPA OE 3.0 XARXA PRIM\u00c0RIA\u00bb _builder_version=\u00bb4.27.5&#8243; _module_preset=\u00bbdefault\u00bb global_colors_info=\u00bb{}\u00bb][\/et_pb_button][et_pb_button button_url=\u00bbhttps:\/\/museros.org\/wp-content\/uploads\/2026\/03\/mapa-oe_5-catalogo1.pdf\u00bb url_new_window=\u00bbon\u00bb button_text=\u00bbMAPA OE 5.0 CAT\u00c0LEG\u00bb admin_label=\u00bbMAPA OE 5.0 CAT\u00c0LEG\u00bb _builder_version=\u00bb4.27.5&#8243; _module_preset=\u00bbdefault\u00bb global_colors_info=\u00bb{}\u00bb][\/et_pb_button][et_pb_button button_url=\u00bbhttps:\/\/museros.org\/wp-content\/uploads\/2026\/03\/mapa-op-_11-subzord1.pdf\u00bb url_new_window=\u00bbon\u00bb button_text=\u00bbMAPA OP 1.1 SUBZONES D&#8217;ORDENACI\u00d3\u00bb admin_label=\u00bbMAPA OP 1.1 SUBZONES D&#8217;ORDENACI\u00d3\u00bb _builder_version=\u00bb4.27.5&#8243; _module_preset=\u00bbdefault\u00bb global_colors_info=\u00bb{}\u00bb][\/et_pb_button][et_pb_button button_url=\u00bbhttps:\/\/museros.org\/wp-content\/uploads\/2026\/03\/mapa-op_12-subord1.pdf\u00bb url_new_window=\u00bbon\u00bb button_text=\u00bbMAPA OP 1.2 SUBZONES D&#8217;ORDENACI\u00d3\u00bb admin_label=\u00bbMAPA OP 1.2 SUBZONES D&#8217;ORDENACI\u00d3\u00bb _builder_version=\u00bb4.27.5&#8243; _module_preset=\u00bbdefault\u00bb global_colors_info=\u00bb{}\u00bb][\/et_pb_button][et_pb_button button_url=\u00bbhttps:\/\/museros.org\/wp-content\/uploads\/2026\/03\/mapa-op_13-subzord1.pdf\u00bb url_new_window=\u00bbon\u00bb button_text=\u00bbMAPA OP 1.3 SUBZONES D&#8217;ORDENACI\u00d3\u00bb admin_label=\u00bbMAPA OP 1.3 SUBZONES D&#8217;ORDENACI\u00d3\u00bb _builder_version=\u00bb4.27.5&#8243; _module_preset=\u00bbdefault\u00bb global_colors_info=\u00bb{}\u00bb][\/et_pb_button][et_pb_button button_url=\u00bbhttps:\/\/museros.org\/wp-content\/uploads\/2026\/03\/mapa-op_15-subzord1.pdf\u00bb url_new_window=\u00bbon\u00bb button_text=\u00bbMAPA OP 1.5 SUBZONES D&#8217;ORDENACI\u00d3\u00bb admin_label=\u00bbMAPA OP1.5 SUBZONES D&#8217;ORDENACI\u00d3\u00bb _builder_version=\u00bb4.27.5&#8243; _module_preset=\u00bbdefault\u00bb global_colors_info=\u00bb{}\u00bb][\/et_pb_button][et_pb_button button_url=\u00bbhttps:\/\/museros.org\/wp-content\/uploads\/2026\/03\/mapa-op_21-dotps1.pdf\u00bb url_new_window=\u00bbon\u00bb button_text=\u00bbMAPA OP 2.1 XARXA PRIM\u00c0RIA I SECUND\u00c0RIA DE DOTACIONS A ESCALA URBANA\u00bb admin_label=\u00bbMAPA OP 2.1 XARXA PRIM\u00c0RIA I SECUND\u00c0RIA DE DOTACIONS A ESCALA URBANA\u00bb _builder_version=\u00bb4.27.5&#8243; _module_preset=\u00bbdefault\u00bb global_colors_info=\u00bb{}\u00bb][\/et_pb_button][et_pb_button button_url=\u00bbhttps:\/\/museros.org\/wp-content\/uploads\/2026\/03\/mapa-op_22-dotps-1.pdf\u00bb url_new_window=\u00bbon\u00bb button_text=\u00bbMAPA OP 2.2 XARXA PRIM\u00c0RIA I SECUND\u00c0RIA DE DOTACIONS A ESCALA URBANA\u00bb admin_label=\u00bbMAPA OP 2.2 XARXA PRIM\u00c0RIA I SECUND\u00c0RIA DE DOTACIONS A ESCALA URBANA\u00bb _builder_version=\u00bb4.27.5&#8243; _module_preset=\u00bbdefault\u00bb global_colors_info=\u00bb{}\u00bb][\/et_pb_button][et_pb_button button_url=\u00bbhttps:\/\/museros.org\/wp-content\/uploads\/2026\/03\/mapa-op_23-dotps1.pdf\u00bb url_new_window=\u00bbon\u00bb button_text=\u00bbMAPA OP 2.3 XARXA PRIM\u00c0RIA I SECUND\u00c0RIA DE DOTACIONS A ESCALA URBANA\u00bb admin_label=\u00bbMAPA OP 2.3 XARXA PRIM\u00c0RIA I SECUND\u00c0RIA DE DOTACIONS A ESCALA URBANA\u00bb _builder_version=\u00bb4.27.5&#8243; _module_preset=\u00bbdefault\u00bb global_colors_info=\u00bb{}\u00bb][\/et_pb_button][et_pb_button button_url=\u00bbhttps:\/\/museros.org\/wp-content\/uploads\/2026\/03\/mapa-op_24-dotps-1.pdf\u00bb url_new_window=\u00bbon\u00bb button_text=\u00bbMAPA OP 2.4 XARXA PRIM\u00c0RIA I SECUND\u00c0RIA DE DOTACIONS A ESCALA URBANA\u00bb admin_label=\u00bbMAPA OP 2.4 XARXA PRIM\u00c0RIA I SECUND\u00c0RIA DE DOTACIONS A ESCALA URBANA\u00bb _builder_version=\u00bb4.27.5&#8243; _module_preset=\u00bbdefault\u00bb global_colors_info=\u00bb{}\u00bb][\/et_pb_button][et_pb_button button_url=\u00bbhttps:\/\/museros.org\/wp-content\/uploads\/2026\/03\/mapa-op_25-dotps1.pdf\u00bb url_new_window=\u00bbon\u00bb button_text=\u00bbMAPA OP 2.5 XARXA PRIM\u00c0RIA I SECUND\u00c0RIA DE DOTACIONS A ESCALA URBANA\u00bb admin_label=\u00bbMAPA OP 2.5 XARXA PRIM\u00c0RIA I SECUND\u00c0RIA DE DOTACIONS A ESCALA URBANA\u00bb _builder_version=\u00bb4.27.5&#8243; _module_preset=\u00bbdefault\u00bb global_colors_info=\u00bb{}\u00bb][\/et_pb_button][et_pb_button button_url=\u00bbhttps:\/\/museros.org\/wp-content\/uploads\/2026\/03\/mapa-op_31-alineaciones1.pdf\u00bb url_new_window=\u00bbon\u00bb button_text=\u00bbMAPA OP 3.1 ALINEACIONS, RASANTS I N\u00daMERO DE PLANTES\u00bb admin_label=\u00bbMAPA OP 3.1 ALINEACIONS, RASANTS I N\u00daMERO DE PLANTES\u00bb _builder_version=\u00bb4.27.5&#8243; _module_preset=\u00bbdefault\u00bb global_colors_info=\u00bb{}\u00bb][\/et_pb_button][et_pb_button button_url=\u00bbhttps:\/\/museros.org\/wp-content\/uploads\/2026\/03\/mapa-op_32-alineaciones1.pdf\u00bb url_new_window=\u00bbon\u00bb button_text=\u00bbMAPA OP 3.2 ALINEACIONS, RASANTS I N\u00daMERO DE PLANTES\u00bb admin_label=\u00bbMAPA OP 3.2 ALINEACIONS, RASANTS I N\u00daMERO DE PLANTES\u00bb _builder_version=\u00bb4.27.5&#8243; _module_preset=\u00bbdefault\u00bb global_colors_info=\u00bb{}\u00bb][\/et_pb_button][et_pb_button button_url=\u00bbhttps:\/\/museros.org\/wp-content\/uploads\/2026\/03\/mapa-op_33-alineaciones-1.pdf\u00bb url_new_window=\u00bbon\u00bb button_text=\u00bbMAPA OP 3.3 ALINEACIONS, RASANTS I N\u00daMERO DE PLANTES\u00bb admin_label=\u00bbMAPA OP 3.3 ALINEACIONS, RASANTS I N\u00daMERO DE PLANTES\u00bb _builder_version=\u00bb4.27.5&#8243; _module_preset=\u00bbdefault\u00bb global_colors_info=\u00bb{}\u00bb][\/et_pb_button][et_pb_button button_url=\u00bbhttps:\/\/museros.org\/wp-content\/uploads\/2026\/03\/mapa-op_34-aliuneaciones1.pdf\u00bb url_new_window=\u00bbon\u00bb button_text=\u00bbMAPA OP 3.4 ALINEACIONS, RASANTS I N\u00daMERO DE PLANTES\u00bb admin_label=\u00bbMAPA OP 3.4 ALINEACIONS, RASANTS I N\u00daMERO DE PLANTES\u00bb _builder_version=\u00bb4.27.5&#8243; _module_preset=\u00bbdefault\u00bb global_colors_info=\u00bb{}\u00bb][\/et_pb_button][et_pb_button button_url=\u00bbhttps:\/\/museros.org\/wp-content\/uploads\/2026\/03\/mapa-op_35-alineacioes1.pdf\u00bb url_new_window=\u00bbon\u00bb button_text=\u00bbMAPA OP 3.5 ALINEACIONS, RASANTS I N\u00daMERO DE PLANTES\u00bb admin_label=\u00bbMAPA OP 3.5 ALINEACIONS, RASANTS I N\u00daMERO DE PLANTES\u00bb _builder_version=\u00bb4.27.5&#8243; _module_preset=\u00bbdefault\u00bb global_colors_info=\u00bb{}\u00bb][\/et_pb_button][et_pb_button button_url=\u00bbhttps:\/\/museros.org\/wp-content\/uploads\/2026\/03\/mapa-op_41-ue1.pdf\u00bb url_new_window=\u00bbon\u00bb button_text=\u00bbMAPA OP 4.1 UNITATS D&#8217;EXECUCI\u00d3\u00bb admin_label=\u00bbMAPA OP 4.1 UNITATS D&#8217;EXECUCI\u00d3\u00bb _builder_version=\u00bb4.27.5&#8243; _module_preset=\u00bbdefault\u00bb global_colors_info=\u00bb{}\u00bb][\/et_pb_button][et_pb_button button_url=\u00bbhttps:\/\/museros.org\/wp-content\/uploads\/2026\/03\/mapa-op_41-ue1.pdf\u00bb url_new_window=\u00bbon\u00bb button_text=\u00bbMAPA OP 4.1 UNITATS D&#8217;EXECUCI\u00d3\u00bb admin_label=\u00bbMAPA OP 4.1 UNITATS D&#8217;EXECUCI\u00d3\u00bb _builder_version=\u00bb4.27.5&#8243; _module_preset=\u00bbdefault\u00bb global_colors_info=\u00bb{}\u00bb][\/et_pb_button][et_pb_button button_url=\u00bbhttps:\/\/museros.org\/wp-content\/uploads\/2026\/03\/mapa-op_42-ue1.pdf\u00bb url_new_window=\u00bbon\u00bb button_text=\u00bbMAPA OP 4.2 UNITATS D&#8217;EXECUCI\u00d3\u00bb admin_label=\u00bbMAPA OP 4.2 UNITATS D&#8217;EXECUCI\u00d3\u00bb _builder_version=\u00bb4.27.5&#8243; _module_preset=\u00bbdefault\u00bb global_colors_info=\u00bb{}\u00bb][\/et_pb_button][et_pb_button button_url=\u00bbhttps:\/\/museros.org\/wp-content\/uploads\/2026\/03\/mapa-op_43-ue-1.pdf\u00bb url_new_window=\u00bbon\u00bb button_text=\u00bbMAPA OP 4.3 UNITATS D&#8217;EXECUCI\u00d3\u00bb admin_label=\u00bbMAPA OP 4.3 UNITATS D&#8217;EXECUCI\u00d3\u00bb _builder_version=\u00bb4.27.5&#8243; _module_preset=\u00bbdefault\u00bb global_colors_info=\u00bb{}\u00bb][\/et_pb_button][et_pb_button button_url=\u00bbhttps:\/\/museros.org\/wp-content\/uploads\/2026\/03\/mapa-op_44-ue1.pdf\u00bb url_new_window=\u00bbon\u00bb button_text=\u00bbMAPA OP 4.4 UNITATS D&#8217;EXECUCI\u00d3\u00bb admin_label=\u00bbMAPA OP 4.4 UNITATS D&#8217;EXECUCI\u00d3\u00bb _builder_version=\u00bb4.27.5&#8243; _module_preset=\u00bbdefault\u00bb global_colors_info=\u00bb{}\u00bb][\/et_pb_button][et_pb_button button_url=\u00bbhttps:\/\/museros.org\/wp-content\/uploads\/2026\/03\/mapa-op_45-ue1.pdf\u00bb url_new_window=\u00bbon\u00bb button_text=\u00bbMAPA OP 4.5 UNITATS D&#8217;EXECUCI\u00d3\u00bb admin_label=\u00bbMAPA OP 4.5 UNITATS D&#8217;EXECUCI\u00d3\u00bb _builder_version=\u00bb4.27.5&#8243; _module_preset=\u00bbdefault\u00bb global_colors_info=\u00bb{}\u00bb][\/et_pb_button][et_pb_button button_url=\u00bbhttps:\/\/museros.org\/wp-content\/uploads\/2026\/03\/plano-guia-1.pdf\u00bb url_new_window=\u00bbon\u00bb button_text=\u00bbPL\u00c0NOL GUIA\u00bb admin_label=\u00bbPL\u00c0NOL GUIA\u00bb _builder_version=\u00bb4.27.5&#8243; _module_preset=\u00bbdefault\u00bb global_colors_info=\u00bb{}\u00bb][\/et_pb_button][\/et_pb_column][\/et_pb_row][et_pb_row _builder_version=\u00bb4.16&#8243; _module_preset=\u00bbdefault\u00bb global_colors_info=\u00bb{}\u00bb][et_pb_column type=\u00bb4_4&#8243; _builder_version=\u00bb4.16&#8243; _module_preset=\u00bbdefault\u00bb global_colors_info=\u00bb{}\u00bb][et_pb_divider color=\u00bb#E02B20&#8243; divider_weight=\u00bb4px\u00bb _builder_version=\u00bb4.16&#8243; _module_preset=\u00bbdefault\u00bb global_colors_info=\u00bb{}\u00bb][\/et_pb_divider][\/et_pb_column][\/et_pb_row][\/et_pb_section]<\/p>\n","protected":false},"excerpt":{"rendered":"<p>TEXT CONSOLIDAT DE PLANEJAMENT URBAN\u00cdSTIC DE MUSEROS<\/p>\n","protected":false},"author":9,"featured_media":0,"parent":0,"menu_order":0,"comment_status":"closed","ping_status":"closed","template":"","meta":{"_et_pb_use_builder":"on","_et_pb_old_content":"","_et_gb_content_width":"","_mc_calendar":[],"footnotes":""},"wf_page_folders":[],"class_list":["post-278932","page","type-page","status-publish","hentry"],"_links":{"self":[{"href":"https:\/\/museros.org\/inici\/wp-json\/wp\/v2\/pages\/278932","targetHints":{"allow":["GET"]}}],"collection":[{"href":"https:\/\/museros.org\/inici\/wp-json\/wp\/v2\/pages"}],"about":[{"href":"https:\/\/museros.org\/inici\/wp-json\/wp\/v2\/types\/page"}],"author":[{"embeddable":true,"href":"https:\/\/museros.org\/inici\/wp-json\/wp\/v2\/users\/9"}],"replies":[{"embeddable":true,"href":"https:\/\/museros.org\/inici\/wp-json\/wp\/v2\/comments?post=278932"}],"version-history":[{"count":28,"href":"https:\/\/museros.org\/inici\/wp-json\/wp\/v2\/pages\/278932\/revisions"}],"predecessor-version":[{"id":279003,"href":"https:\/\/museros.org\/inici\/wp-json\/wp\/v2\/pages\/278932\/revisions\/279003"}],"wp:attachment":[{"href":"https:\/\/museros.org\/inici\/wp-json\/wp\/v2\/media?parent=278932"}],"wp:term":[{"taxonomy":"wf_page_folders","embeddable":true,"href":"https:\/\/museros.org\/inici\/wp-json\/wp\/v2\/wf_page_folders?post=278932"}],"curies":[{"name":"wp","href":"https:\/\/api.w.org\/{rel}","templated":true}]}}