{"id":278446,"date":"2026-01-29T12:43:13","date_gmt":"2026-01-29T10:43:13","guid":{"rendered":"https:\/\/museros.org\/inici\/?page_id=278446"},"modified":"2026-02-09T17:04:31","modified_gmt":"2026-02-09T15:04:31","slug":"san-valentin-2026","status":"publish","type":"page","link":"https:\/\/museros.org\/inici\/es\/san-valentin-2026\/","title":{"rendered":"San Valent\u00edn 2026"},"content":{"rendered":"<p>[et_pb_section fb_built=\u00bb1&#8243; _builder_version=\u00bb4.16&#8243; _module_preset=\u00bbdefault\u00bb custom_padding=\u00bb0px||||false|false\u00bb locked=\u00bboff\u00bb global_colors_info=\u00bb{}\u00bb][et_pb_row column_structure=\u00bb1_3,2_3&#8243; _builder_version=\u00bb4.16&#8243; _module_preset=\u00bbdefault\u00bb custom_margin=\u00bb0px||0px||false|false\u00bb custom_padding=\u00bb0px||0px||false|false\u00bb global_colors_info=\u00bb{}\u00bb][et_pb_column type=\u00bb1_3&#8243; _builder_version=\u00bb4.16&#8243; _module_preset=\u00bbdefault\u00bb global_colors_info=\u00bb{}\u00bb][et_pb_image src=\u00bbhttps:\/\/museros.org\/wp-content\/uploads\/2021\/06\/logo-comercio-cl-230&#215;180-1.jpg\u00bb title_text=\u00bblogo-comercio-cl-230&#215;180&#8243; url=\u00bbhttps:\/\/museros.org\/inici\/es\/area-de-comercio\u00bb use_overlay=\u00bbon\u00bb overlay_icon_color=\u00bb#E02B20&#8243; hover_overlay_color=\u00bbrgba(255,255,255,0.7)\u00bb hover_icon=\u00bb&#xe04d;||divi||400&#8243; align=\u00bbcenter\u00bb _builder_version=\u00bb4.17.3&#8243; _module_preset=\u00bbdefault\u00bb width=\u00bb100%\u00bb width_tablet=\u00bb\u00bb width_phone=\u00bb\u00bb width_last_edited=\u00bbon|phone\u00bb module_alignment=\u00bbcenter\u00bb custom_margin=\u00bb0px||0px||false|false\u00bb custom_padding=\u00bb0px||0px||false|false\u00bb locked=\u00bboff\u00bb global_colors_info=\u00bb{}\u00bb][\/et_pb_image][\/et_pb_column][et_pb_column type=\u00bb2_3&#8243; _builder_version=\u00bb4.16&#8243; _module_preset=\u00bbdefault\u00bb global_colors_info=\u00bb{}\u00bb][et_pb_image src=\u00bbhttps:\/\/museros.org\/wp-content\/uploads\/2026\/02\/voler-museros-es26comerc.jpg\u00bb title_text=\u00bbvoler museros es26comer\u00e7\u00bb _builder_version=\u00bb4.27.5&#8243; _module_preset=\u00bbdefault\u00bb global_colors_info=\u00bb{}\u00bb][\/et_pb_image][et_pb_text _builder_version=\u00bb4.27.5&#8243; _module_preset=\u00bbdefault\u00bb custom_margin=\u00bb40px||||false|false\u00bb custom_padding=\u00bb||1px|0px|false|false\u00bb global_colors_info=\u00bb{}\u00bb]<\/p>\n<h2 style=\"text-align: left;\">CAMPA\u00d1A DE SAN VALENT\u00cdN 2026<\/h2>\n<p>Bajo el lema \u201cQuerer Museros es apostar por su comercio\u201d, el Ayuntamiento de Museros, a trav\u00e9s de la Concejal\u00eda de Comercio, pone en marcha un a\u00f1o m\u00e1s una campa\u00f1a comercial con motivo de San Valent\u00edn. La iniciativa cuenta con la colaboraci\u00f3n de la Asociaci\u00f3n de Comerciantes CAMU y de Caixa Popular, y tiene como objetivo dar visibilidad al comercio local y reconocer el trabajo de sus profesionales.<\/p>\n<p>Con esta acci\u00f3n, el consistorio contin\u00faa impulsando medidas para promocionar y fortalecer el comercio de proximidad y la hosteler\u00eda del municipio, al tiempo que fomenta un consumo responsable entre la ciudadan\u00eda.<\/p>\n<p>La campa\u00f1a premia a los vecinos y vecinas que realicen sus compras en los establecimientos locales mediante el sorteo de tarjetas regalo, que posteriormente deber\u00e1n utilizarse de nuevo en el propio comercio del municipio. De este modo, el dinero vuelve a circular en la econom\u00eda local, reforzando el tejido comercial tradicional.<\/p>\n<p>En total, se sortear\u00e1n 15 tarjetas monedero de 50 euros cada una, canjeables en los comercios asociados a CAMU y en aquellos establecimientos adheridos a la campa\u00f1a. Participar\u00e1n en el sorteo todas las compras realizadas entre el 2 y el 15 de febrero, ambos inclusive.<\/p>\n<p>Para optar a uno de los premios, las personas participantes deber\u00e1n presentar los tiques de compra \u2014por un importe m\u00ednimo de 30 euros, que podr\u00e1 alcanzarse acumulando varias compras\u2014 en los que deber\u00e1n indicar su nombre y n\u00famero de tel\u00e9fono. Los tiques, debidamente grapados en el caso de ser necesario, deber\u00e1n depositarse en el espacio habilitado en el ayuntamiento de Museros, de lunes a viernes, en horario de 9.00 a 14.00 horas, hasta el 16 de febrero. Se podr\u00e1 participar tantas veces como se quiera, pero s\u00f3lo se podr\u00e1 optar a un premio por persona.\u00a0<\/p>\n<p>El sorteo se celebrar\u00e1 el jueves 19 de febrero, y la entrega de premios tendr\u00e1 lugar el mi\u00e9rcoles 25 de febrero, a las 19.00 horas, en el sal\u00f3n de plenos del ayuntamiento.<\/p>\n<p>[\/et_pb_text][\/et_pb_column][\/et_pb_row][et_pb_row _builder_version=\u00bb4.16&#8243; _module_preset=\u00bbdefault\u00bb custom_margin=\u00bb50px||0px||false|false\u00bb custom_padding=\u00bb0px||0px||false|false\u00bb global_colors_info=\u00bb{}\u00bb][et_pb_column type=\u00bb4_4&#8243; _builder_version=\u00bb4.16&#8243; _module_preset=\u00bbdefault\u00bb global_colors_info=\u00bb{}\u00bb][et_pb_divider color=\u00bb#E02B20&#8243; divider_weight=\u00bb4px\u00bb _builder_version=\u00bb4.16&#8243; _module_preset=\u00bbdefault\u00bb custom_margin=\u00bb0px||0px||false|false\u00bb custom_padding=\u00bb0px||0px||false|false\u00bb global_colors_info=\u00bb{}\u00bb][\/et_pb_divider][\/et_pb_column][\/et_pb_row][\/et_pb_section]<\/p>\n","protected":false},"excerpt":{"rendered":"<p>CAMPA\u00d1A DE SAN VALENT\u00cdN 2026 Bajo el lema \u201cQuerer Museros es apostar por su comercio\u201d, el Ayuntamiento de Museros, a trav\u00e9s de la Concejal\u00eda de Comercio, pone en marcha un a\u00f1o m\u00e1s una campa\u00f1a comercial con motivo de San Valent\u00edn. La iniciativa cuenta con la colaboraci\u00f3n de la Asociaci\u00f3n de Comerciantes CAMU y de Caixa [&hellip;]<\/p>\n","protected":false},"author":9,"featured_media":0,"parent":0,"menu_order":0,"comment_status":"closed","ping_status":"closed","template":"","meta":{"_et_pb_use_builder":"on","_et_pb_old_content":"","_et_gb_content_width":"","_mc_calendar":[],"footnotes":""},"wf_page_folders":[275,281,294],"class_list":["post-278446","page","type-page","status-publish","hentry"],"_links":{"self":[{"href":"https:\/\/museros.org\/inici\/wp-json\/wp\/v2\/pages\/278446","targetHints":{"allow":["GET"]}}],"collection":[{"href":"https:\/\/museros.org\/inici\/wp-json\/wp\/v2\/pages"}],"about":[{"href":"https:\/\/museros.org\/inici\/wp-json\/wp\/v2\/types\/page"}],"author":[{"embeddable":true,"href":"https:\/\/museros.org\/inici\/wp-json\/wp\/v2\/users\/9"}],"replies":[{"embeddable":true,"href":"https:\/\/museros.org\/inici\/wp-json\/wp\/v2\/comments?post=278446"}],"version-history":[{"count":7,"href":"https:\/\/museros.org\/inici\/wp-json\/wp\/v2\/pages\/278446\/revisions"}],"predecessor-version":[{"id":278585,"href":"https:\/\/museros.org\/inici\/wp-json\/wp\/v2\/pages\/278446\/revisions\/278585"}],"wp:attachment":[{"href":"https:\/\/museros.org\/inici\/wp-json\/wp\/v2\/media?parent=278446"}],"wp:term":[{"taxonomy":"wf_page_folders","embeddable":true,"href":"https:\/\/museros.org\/inici\/wp-json\/wp\/v2\/wf_page_folders?post=278446"}],"curies":[{"name":"wp","href":"https:\/\/api.w.org\/{rel}","templated":true}]}}