{"id":278219,"date":"2026-01-09T15:38:46","date_gmt":"2026-01-09T13:38:46","guid":{"rendered":"https:\/\/museros.org\/inici\/?page_id=278219"},"modified":"2026-01-09T15:58:50","modified_gmt":"2026-01-09T13:58:50","slug":"nieve-2026","status":"publish","type":"page","link":"https:\/\/museros.org\/inici\/es\/nieve-2026\/","title":{"rendered":"Nieve 2026"},"content":{"rendered":"<p>[et_pb_section fb_built=\u00bb1&#8243; _builder_version=\u00bb4.16&#8243; _module_preset=\u00bbdefault\u00bb custom_padding=\u00bb0px||||false|false\u00bb locked=\u00bboff\u00bb global_colors_info=\u00bb{}\u00bb][et_pb_row column_structure=\u00bb1_4,3_4&#8243; _builder_version=\u00bb4.16&#8243; _module_preset=\u00bbdefault\u00bb custom_padding=\u00bb0px||||false|false\u00bb global_colors_info=\u00bb{}\u00bb][et_pb_column type=\u00bb1_4&#8243; _builder_version=\u00bb4.16&#8243; _module_preset=\u00bbdefault\u00bb global_colors_info=\u00bb{}\u00bb][et_pb_image src=\u00bbhttps:\/\/museros.org\/wp-content\/uploads\/2021\/06\/logo-deportes-cl-230&#215;180-1.jpg\u00bb title_text=\u00bblogo-deportes-cl-230&#215;180&#8243; url=\u00bbhttps:\/\/museros.org\/inici\/es\/area-de-deportes\/\u00bb use_overlay=\u00bbon\u00bb overlay_icon_color=\u00bb#E02B20&#8243; hover_overlay_color=\u00bbrgba(255,255,255,0.71)\u00bb hover_icon=\u00bb&#xe04d;||divi||400&#8243; show_bottom_space=\u00bboff\u00bb align=\u00bbcenter\u00bb _builder_version=\u00bb4.23.4&#8243; _module_preset=\u00bbdefault\u00bb locked=\u00bboff\u00bb global_colors_info=\u00bb{}\u00bb][\/et_pb_image][\/et_pb_column][et_pb_column type=\u00bb3_4&#8243; _builder_version=\u00bb4.16&#8243; _module_preset=\u00bbdefault\u00bb global_colors_info=\u00bb{}\u00bb][et_pb_image src=\u00bbhttps:\/\/museros.org\/wp-content\/uploads\/2026\/01\/viatge-a-la-neu-2026.jpg\u00bb title_text=\u00bbviatge a la neu 2026&#8243; _builder_version=\u00bb4.23.4&#8243; _module_preset=\u00bbdefault\u00bb custom_margin=\u00bb||40px||false|false\u00bb global_colors_info=\u00bb{}\u00bb][\/et_pb_image][et_pb_text _builder_version=\u00bb4.27.5&#8243; _module_preset=\u00bbdefault\u00bb custom_padding=\u00bb2px|||||\u00bb global_colors_info=\u00bb{}\u00bb]<\/p>\n<h2>VAMOS A LA NIEVE<\/h2>\n<p>Las concejal\u00edas de Deportes y de Juventud del Ayuntamiento de Museros te proponen una escapada invernal a la estaci\u00f3n de esqu\u00ed de Formigal, en el Pirineo aragon\u00e9s.<\/p>\n<p>&#8211; Del 30 de enero al 1 de febrero de 2026.<br \/>&#8211; Alojamiento en el Hotel Mi Casa (Sabi\u00f1\u00e1nigo).<br \/>&#8211; Transporte en autob\u00fas subvencionado por el Ayuntamiento de Museros.<\/p>\n<p>Un fin de semana para disfrutar de la nieve, el deporte y el mejor ambiente de monta\u00f1a.\u00a0<\/p>\n<p>Reservas y m\u00e1s informaci\u00f3n en:<br \/><a href=\"http:\/\/www.esportactiu.online\/museros\" target=\"_blank\" rel=\"noopener\">www.esportactiu.online\/museros<\/a><\/p>\n<p>[\/et_pb_text][\/et_pb_column][\/et_pb_row][et_pb_row _builder_version=\u00bb4.16&#8243; _module_preset=\u00bbdefault\u00bb custom_margin=\u00bb0px||||false|false\u00bb custom_padding=\u00bb0px||||false|false\u00bb global_colors_info=\u00bb{}\u00bb][et_pb_column type=\u00bb4_4&#8243; _builder_version=\u00bb4.16&#8243; _module_preset=\u00bbdefault\u00bb global_colors_info=\u00bb{}\u00bb][et_pb_divider color=\u00bb#E02B20&#8243; divider_weight=\u00bb4px\u00bb _builder_version=\u00bb4.16&#8243; _module_preset=\u00bbdefault\u00bb custom_margin=\u00bb40px||||false|false\u00bb global_colors_info=\u00bb{}\u00bb][\/et_pb_divider][\/et_pb_column][\/et_pb_row][\/et_pb_section]<\/p>\n","protected":false},"excerpt":{"rendered":"<p>VAMOS A LA NIEVE Las concejal\u00edas de Deportes y de Juventud del Ayuntamiento de Museros te proponen una escapada invernal a la estaci\u00f3n de esqu\u00ed de Formigal, en el Pirineo aragon\u00e9s. &#8211; Del 30 de enero al 1 de febrero de 2026.- Alojamiento en el Hotel Mi Casa (Sabi\u00f1\u00e1nigo).- Transporte en autob\u00fas subvencionado por el [&hellip;]<\/p>\n","protected":false},"author":9,"featured_media":0,"parent":0,"menu_order":0,"comment_status":"closed","ping_status":"closed","template":"","meta":{"_et_pb_use_builder":"on","_et_pb_old_content":"","_et_gb_content_width":"","_mc_calendar":[],"footnotes":""},"wf_page_folders":[280,292,283,297],"class_list":["post-278219","page","type-page","status-publish","hentry"],"_links":{"self":[{"href":"https:\/\/museros.org\/inici\/wp-json\/wp\/v2\/pages\/278219","targetHints":{"allow":["GET"]}}],"collection":[{"href":"https:\/\/museros.org\/inici\/wp-json\/wp\/v2\/pages"}],"about":[{"href":"https:\/\/museros.org\/inici\/wp-json\/wp\/v2\/types\/page"}],"author":[{"embeddable":true,"href":"https:\/\/museros.org\/inici\/wp-json\/wp\/v2\/users\/9"}],"replies":[{"embeddable":true,"href":"https:\/\/museros.org\/inici\/wp-json\/wp\/v2\/comments?post=278219"}],"version-history":[{"count":3,"href":"https:\/\/museros.org\/inici\/wp-json\/wp\/v2\/pages\/278219\/revisions"}],"predecessor-version":[{"id":278242,"href":"https:\/\/museros.org\/inici\/wp-json\/wp\/v2\/pages\/278219\/revisions\/278242"}],"wp:attachment":[{"href":"https:\/\/museros.org\/inici\/wp-json\/wp\/v2\/media?parent=278219"}],"wp:term":[{"taxonomy":"wf_page_folders","embeddable":true,"href":"https:\/\/museros.org\/inici\/wp-json\/wp\/v2\/wf_page_folders?post=278219"}],"curies":[{"name":"wp","href":"https:\/\/api.w.org\/{rel}","templated":true}]}}

<p>[et_pb_section fb_built=»1&#8243; _builder_version=»4.16&#8243; _module_preset=»default» custom_padding=»0px||||false|false» locked=»off» global_colors_info=»{}»][et_pb_row column_structure=»1_4,3_4&#8243; _builder_version=»4.16&#8243; _module_preset=»default» custom_padding=»0px||||false|false» global_colors_info=»{}»][et_pb_column type=»1_4&#8243; _builder_version=»4.16&#8243; _module_preset=»default» global_colors_info=»{}»][et_pb_image src=»https://museros.org/wp-content/uploads/2021/06/logo-deportes-cl-230&#215;180-1.jpg» title_text=»logo-deportes-cl-230&#215;180&#8243; url=»https://museros.org/inici/es/area-de-deportes/» use_overlay=»on» overlay_icon_color=»#E02B20&#8243; hover_overlay_color=»rgba(255,255,255,0.71)» hover_icon=»&#xe04d;||divi||400&#8243; show_bottom_space=»off» align=»center» _builder_version=»4.23.4&#8243; _module_preset=»default» locked=»off» global_colors_info=»{}»][/et_pb_image][/et_pb_column][et_pb_column type=»3_4&#8243; _builder_version=»4.16&#8243; _module_preset=»default» global_colors_info=»{}»][et_pb_image src=»https://museros.org/wp-content/uploads/2026/01/viatge-a-la-neu-2026.jpg» title_text=»viatge a la neu 2026&#8243; _builder_version=»4.23.4&#8243; _module_preset=»default» custom_margin=»||40px||false|false» global_colors_info=»{}»][/et_pb_image][et_pb_text _builder_version=»4.27.5&#8243; _module_preset=»default» custom_padding=»2px|||||» global_colors_info=»{}»]</p>
<h2>VAMOS A LA NIEVE</h2>
<p>Las concejalías de Deportes y de Juventud del Ayuntamiento de Museros te proponen una escapada invernal a la estación de esquí de Formigal, en el Pirineo aragonés.</p>
<p>&#8211; Del 30 de enero al 1 de febrero de 2026.<br />&#8211; Alojamiento en el Hotel Mi Casa (Sabiñánigo).<br />&#8211; Transporte en autobús subvencionado por el Ayuntamiento de Museros.</p>
<p>Un fin de semana para disfrutar de la nieve, el deporte y el mejor ambiente de montaña. </p>
<p>Reservas y más información en:<br /><a href="http://www.esportactiu.online/museros" target="_blank" rel="noopener">www.esportactiu.online/museros</a></p>
<p>[/et_pb_text][/et_pb_column][/et_pb_row][et_pb_row _builder_version=»4.16&#8243; _module_preset=»default» custom_margin=»0px||||false|false» custom_padding=»0px||||false|false» global_colors_info=»{}»][et_pb_column type=»4_4&#8243; _builder_version=»4.16&#8243; _module_preset=»default» global_colors_info=»{}»][et_pb_divider color=»#E02B20&#8243; divider_weight=»4px» _builder_version=»4.16&#8243; _module_preset=»default» custom_margin=»40px||||false|false» global_colors_info=»{}»][/et_pb_divider][/et_pb_column][/et_pb_row][/et_pb_section]</p>

<p>VAMOS A LA NIEVE Las concejalías de Deportes y de Juventud del Ayuntamiento de Museros te proponen una escapada invernal a la estación de esquí de Formigal, en el Pirineo aragonés. &#8211; Del 30 de enero al 1 de febrero de 2026.- Alojamiento en el Hotel Mi Casa (Sabiñánigo).- Transporte en autobús subvencionado por el [&hellip;]</p>
