{"id":278214,"date":"2026-01-09T15:36:09","date_gmt":"2026-01-09T13:36:09","guid":{"rendered":"https:\/\/museros.org\/inici\/?page_id=278214"},"modified":"2026-01-09T15:57:44","modified_gmt":"2026-01-09T13:57:44","slug":"neu-2026","status":"publish","type":"page","link":"https:\/\/museros.org\/inici\/neu-2026\/","title":{"rendered":"Neu 2026"},"content":{"rendered":"<p>[et_pb_section fb_built=\u00bb1&#8243; _builder_version=\u00bb4.16&#8243; _module_preset=\u00bbdefault\u00bb custom_padding=\u00bb0px||||false|false\u00bb locked=\u00bboff\u00bb global_colors_info=\u00bb{}\u00bb][et_pb_row column_structure=\u00bb1_4,3_4&#8243; _builder_version=\u00bb4.16&#8243; _module_preset=\u00bbdefault\u00bb custom_padding=\u00bb0px||||false|false\u00bb global_colors_info=\u00bb{}\u00bb][et_pb_column type=\u00bb1_4&#8243; _builder_version=\u00bb4.16&#8243; _module_preset=\u00bbdefault\u00bb global_colors_info=\u00bb{}\u00bb][et_pb_image src=\u00bbhttps:\/\/museros.org\/wp-content\/uploads\/2021\/08\/logo-esports-cl-230&#215;180-1.jpg\u00bb title_text=\u00bblogo-esports-cl-230&#215;180&#8243; url=\u00bbhttps:\/\/museros.org\/inici\/area-desports\/\u00bb use_overlay=\u00bbon\u00bb overlay_icon_color=\u00bb#E02B20&#8243; hover_overlay_color=\u00bbrgba(255,255,255,0.71)\u00bb hover_icon=\u00bb&#xe04d;||divi||400&#8243; show_bottom_space=\u00bboff\u00bb align=\u00bbcenter\u00bb _builder_version=\u00bb4.17.4&#8243; _module_preset=\u00bbdefault\u00bb locked=\u00bboff\u00bb global_colors_info=\u00bb{}\u00bb][\/et_pb_image][\/et_pb_column][et_pb_column type=\u00bb3_4&#8243; _builder_version=\u00bb4.16&#8243; _module_preset=\u00bbdefault\u00bb global_colors_info=\u00bb{}\u00bb][et_pb_image src=\u00bbhttps:\/\/museros.org\/wp-content\/uploads\/2026\/01\/viatge-a-la-neu-2026.jpg\u00bb title_text=\u00bbviatge a la neu 2026&#8243; _builder_version=\u00bb4.27.5&#8243; _module_preset=\u00bbdefault\u00bb custom_margin=\u00bb||40px||false|false\u00bb global_colors_info=\u00bb{}\u00bb][\/et_pb_image][et_pb_text _builder_version=\u00bb4.27.5&#8243; _module_preset=\u00bbdefault\u00bb custom_padding=\u00bb2px|||||\u00bb global_colors_info=\u00bb{}\u00bb]<\/p>\n<h2>ANEM A LA NEU<\/h2>\n<p>Les regidories d\u2019Esports i de Joventut de l\u2019Ajuntament de Museros et proposen una escapada d\u2019hivern a l\u2019estaci\u00f3 d\u2019esqu\u00ed de Formigal, al Pirineu aragon\u00e9s.<\/p>\n<p>&#8211; Del 30 de gener a l\u20191 de febrer de 2026.<br \/>&#8211; Allotjament a l\u2019Hotel Mi Casa (Sabi\u00f1\u00e1nigo).<br \/>&#8211; Transport en autob\u00fas subvencionat per l\u2019Ajuntament de Museros.<\/p>\n<p>Un cap de setmana per a gaudir de la neu, l\u2019esport i el millor ambient de muntanya.<\/p>\n<p>Reserves i m\u00e9s informaci\u00f3 a: <a href=\"http:\/\/www.esportactiu.online\/museros\" target=\"_blank\" rel=\"noopener\">www.esportactiu.online\/museros<\/a><\/p>\n<p>[\/et_pb_text][\/et_pb_column][\/et_pb_row][et_pb_row _builder_version=\u00bb4.16&#8243; _module_preset=\u00bbdefault\u00bb custom_margin=\u00bb0px||||false|false\u00bb custom_padding=\u00bb0px||||false|false\u00bb global_colors_info=\u00bb{}\u00bb][et_pb_column type=\u00bb4_4&#8243; _builder_version=\u00bb4.16&#8243; _module_preset=\u00bbdefault\u00bb global_colors_info=\u00bb{}\u00bb][et_pb_divider color=\u00bb#E02B20&#8243; divider_weight=\u00bb4px\u00bb _builder_version=\u00bb4.16&#8243; _module_preset=\u00bbdefault\u00bb custom_margin=\u00bb40px||||false|false\u00bb global_colors_info=\u00bb{}\u00bb][\/et_pb_divider][\/et_pb_column][\/et_pb_row][\/et_pb_section]<\/p>\n","protected":false},"excerpt":{"rendered":"<p>ANEM A LA NEU Les regidories d\u2019Esports i de Joventut de l\u2019Ajuntament de Museros et proposen una escapada d\u2019hivern a l\u2019estaci\u00f3 d\u2019esqu\u00ed de Formigal, al Pirineu aragon\u00e9s. &#8211; Del 30 de gener a l\u20191 de febrer de 2026.- Allotjament a l\u2019Hotel Mi Casa (Sabi\u00f1\u00e1nigo).- Transport en autob\u00fas subvencionat per l\u2019Ajuntament de Museros. Un cap de [&hellip;]<\/p>\n","protected":false},"author":9,"featured_media":0,"parent":0,"menu_order":0,"comment_status":"closed","ping_status":"closed","template":"","meta":{"_et_pb_use_builder":"on","_et_pb_old_content":"","_et_gb_content_width":"","_mc_calendar":[],"footnotes":""},"wf_page_folders":[280,292,283,297],"class_list":["post-278214","page","type-page","status-publish","hentry"],"_links":{"self":[{"href":"https:\/\/museros.org\/inici\/wp-json\/wp\/v2\/pages\/278214","targetHints":{"allow":["GET"]}}],"collection":[{"href":"https:\/\/museros.org\/inici\/wp-json\/wp\/v2\/pages"}],"about":[{"href":"https:\/\/museros.org\/inici\/wp-json\/wp\/v2\/types\/page"}],"author":[{"embeddable":true,"href":"https:\/\/museros.org\/inici\/wp-json\/wp\/v2\/users\/9"}],"replies":[{"embeddable":true,"href":"https:\/\/museros.org\/inici\/wp-json\/wp\/v2\/comments?post=278214"}],"version-history":[{"count":3,"href":"https:\/\/museros.org\/inici\/wp-json\/wp\/v2\/pages\/278214\/revisions"}],"predecessor-version":[{"id":278240,"href":"https:\/\/museros.org\/inici\/wp-json\/wp\/v2\/pages\/278214\/revisions\/278240"}],"wp:attachment":[{"href":"https:\/\/museros.org\/inici\/wp-json\/wp\/v2\/media?parent=278214"}],"wp:term":[{"taxonomy":"wf_page_folders","embeddable":true,"href":"https:\/\/museros.org\/inici\/wp-json\/wp\/v2\/wf_page_folders?post=278214"}],"curies":[{"name":"wp","href":"https:\/\/api.w.org\/{rel}","templated":true}]}}

<p>[et_pb_section fb_built=»1&#8243; _builder_version=»4.16&#8243; _module_preset=»default» custom_padding=»0px||||false|false» locked=»off» global_colors_info=»{}»][et_pb_row column_structure=»1_4,3_4&#8243; _builder_version=»4.16&#8243; _module_preset=»default» custom_padding=»0px||||false|false» global_colors_info=»{}»][et_pb_column type=»1_4&#8243; _builder_version=»4.16&#8243; _module_preset=»default» global_colors_info=»{}»][et_pb_image src=»https://museros.org/wp-content/uploads/2021/08/logo-esports-cl-230&#215;180-1.jpg» title_text=»logo-esports-cl-230&#215;180&#8243; url=»https://museros.org/inici/area-desports/» use_overlay=»on» overlay_icon_color=»#E02B20&#8243; hover_overlay_color=»rgba(255,255,255,0.71)» hover_icon=»&#xe04d;||divi||400&#8243; show_bottom_space=»off» align=»center» _builder_version=»4.17.4&#8243; _module_preset=»default» locked=»off» global_colors_info=»{}»][/et_pb_image][/et_pb_column][et_pb_column type=»3_4&#8243; _builder_version=»4.16&#8243; _module_preset=»default» global_colors_info=»{}»][et_pb_image src=»https://museros.org/wp-content/uploads/2026/01/viatge-a-la-neu-2026.jpg» title_text=»viatge a la neu 2026&#8243; _builder_version=»4.27.5&#8243; _module_preset=»default» custom_margin=»||40px||false|false» global_colors_info=»{}»][/et_pb_image][et_pb_text _builder_version=»4.27.5&#8243; _module_preset=»default» custom_padding=»2px|||||» global_colors_info=»{}»]</p>
<h2>ANEM A LA NEU</h2>
<p>Les regidories d’Esports i de Joventut de l’Ajuntament de Museros et proposen una escapada d’hivern a l’estació d’esquí de Formigal, al Pirineu aragonés.</p>
<p>&#8211; Del 30 de gener a l’1 de febrer de 2026.<br />&#8211; Allotjament a l’Hotel Mi Casa (Sabiñánigo).<br />&#8211; Transport en autobús subvencionat per l’Ajuntament de Museros.</p>
<p>Un cap de setmana per a gaudir de la neu, l’esport i el millor ambient de muntanya.</p>
<p>Reserves i més informació a: <a href="http://www.esportactiu.online/museros" target="_blank" rel="noopener">www.esportactiu.online/museros</a></p>
<p>[/et_pb_text][/et_pb_column][/et_pb_row][et_pb_row _builder_version=»4.16&#8243; _module_preset=»default» custom_margin=»0px||||false|false» custom_padding=»0px||||false|false» global_colors_info=»{}»][et_pb_column type=»4_4&#8243; _builder_version=»4.16&#8243; _module_preset=»default» global_colors_info=»{}»][et_pb_divider color=»#E02B20&#8243; divider_weight=»4px» _builder_version=»4.16&#8243; _module_preset=»default» custom_margin=»40px||||false|false» global_colors_info=»{}»][/et_pb_divider][/et_pb_column][/et_pb_row][/et_pb_section]</p>

<p>ANEM A LA NEU Les regidories d’Esports i de Joventut de l’Ajuntament de Museros et proposen una escapada d’hivern a l’estació d’esquí de Formigal, al Pirineu aragonés. &#8211; Del 30 de gener a l’1 de febrer de 2026.- Allotjament a l’Hotel Mi Casa (Sabiñánigo).- Transport en autobús subvencionat per l’Ajuntament de Museros. Un cap de [&hellip;]</p>
