{"id":278208,"date":"2026-01-09T15:32:08","date_gmt":"2026-01-09T13:32:08","guid":{"rendered":"https:\/\/museros.org\/inici\/?page_id=278208"},"modified":"2026-01-09T15:58:12","modified_gmt":"2026-01-09T13:58:12","slug":"nieve-2025","status":"publish","type":"page","link":"https:\/\/museros.org\/inici\/es\/nieve-2025\/","title":{"rendered":"Nieve 2025"},"content":{"rendered":"<p>[et_pb_section fb_built=\u00bb1&#8243; _builder_version=\u00bb4.16&#8243; _module_preset=\u00bbdefault\u00bb custom_padding=\u00bb0px||||false|false\u00bb locked=\u00bboff\u00bb global_colors_info=\u00bb{}\u00bb][et_pb_row column_structure=\u00bb1_4,3_4&#8243; _builder_version=\u00bb4.16&#8243; _module_preset=\u00bbdefault\u00bb custom_padding=\u00bb0px||||false|false\u00bb global_colors_info=\u00bb{}\u00bb][et_pb_column type=\u00bb1_4&#8243; _builder_version=\u00bb4.16&#8243; _module_preset=\u00bbdefault\u00bb global_colors_info=\u00bb{}\u00bb][et_pb_image src=\u00bbhttps:\/\/museros.org\/wp-content\/uploads\/2021\/06\/logo-deportes-cl-230&#215;180-1.jpg\u00bb title_text=\u00bblogo-deportes-cl-230&#215;180&#8243; url=\u00bbhttps:\/\/museros.org\/inici\/es\/area-de-deportes\/\u00bb use_overlay=\u00bbon\u00bb overlay_icon_color=\u00bb#E02B20&#8243; hover_overlay_color=\u00bbrgba(255,255,255,0.71)\u00bb hover_icon=\u00bb&#xe04d;||divi||400&#8243; show_bottom_space=\u00bboff\u00bb align=\u00bbcenter\u00bb _builder_version=\u00bb4.23.4&#8243; _module_preset=\u00bbdefault\u00bb locked=\u00bboff\u00bb global_colors_info=\u00bb{}\u00bb][\/et_pb_image][\/et_pb_column][et_pb_column type=\u00bb3_4&#8243; _builder_version=\u00bb4.16&#8243; _module_preset=\u00bbdefault\u00bb global_colors_info=\u00bb{}\u00bb][et_pb_image src=\u00bbhttps:\/\/museros.org\/wp-content\/uploads\/2026\/01\/img_1767873921183.jpg\u00bb title_text=\u00bbimg_1767873921183&#8243; _builder_version=\u00bb4.27.5&#8243; _module_preset=\u00bbdefault\u00bb custom_margin=\u00bb||40px||false|false\u00bb global_colors_info=\u00bb{}\u00bb][\/et_pb_image][et_pb_text _builder_version=\u00bb4.27.5&#8243; _module_preset=\u00bbdefault\u00bb custom_padding=\u00bb2px|||||\u00bb global_colors_info=\u00bb{}\u00bb]<\/p>\n<h2>VAMOS A LA NIEVE<\/h2>\n<p>La Concejal\u00eda de Deportes y la Concejal\u00eda de Juventud han organizado un viaje de esqu\u00ed a la estaci\u00f3n de Candanch\u00fa-Astun, en el pirineo aragon\u00e9s.<\/p>\n<p>El viaje ser\u00e1 del 7 al 9 de febrero de 2025, y el alojamiento ser\u00e1 en el Hotel Oroel de Jaca.<\/p>\n<p>M\u00e1s informaci\u00f3n y reservas en: https:\/\/esportactiu.online\/museros<\/p>\n<p>[\/et_pb_text][\/et_pb_column][\/et_pb_row][et_pb_row _builder_version=\u00bb4.16&#8243; _module_preset=\u00bbdefault\u00bb custom_margin=\u00bb0px||||false|false\u00bb custom_padding=\u00bb0px||||false|false\u00bb global_colors_info=\u00bb{}\u00bb][et_pb_column type=\u00bb4_4&#8243; _builder_version=\u00bb4.16&#8243; _module_preset=\u00bbdefault\u00bb global_colors_info=\u00bb{}\u00bb][et_pb_divider color=\u00bb#E02B20&#8243; divider_weight=\u00bb4px\u00bb _builder_version=\u00bb4.16&#8243; _module_preset=\u00bbdefault\u00bb custom_margin=\u00bb40px||||false|false\u00bb global_colors_info=\u00bb{}\u00bb][\/et_pb_divider][\/et_pb_column][\/et_pb_row][\/et_pb_section]<\/p>\n","protected":false},"excerpt":{"rendered":"<p>VAMOS A LA NIEVE La Concejal\u00eda de Deportes y la Concejal\u00eda de Juventud han organizado un viaje de esqu\u00ed a la estaci\u00f3n de Candanch\u00fa-Astun, en el pirineo aragon\u00e9s. El viaje ser\u00e1 del 7 al 9 de febrero de 2025, y el alojamiento ser\u00e1 en el Hotel Oroel de Jaca. M\u00e1s informaci\u00f3n y reservas en: https:\/\/esportactiu.online\/museros<\/p>\n","protected":false},"author":9,"featured_media":0,"parent":0,"menu_order":0,"comment_status":"closed","ping_status":"closed","template":"","meta":{"_et_pb_use_builder":"on","_et_pb_old_content":"","_et_gb_content_width":"","_mc_calendar":[],"footnotes":""},"wf_page_folders":[280,292,283,297],"class_list":["post-278208","page","type-page","status-publish","hentry"],"_links":{"self":[{"href":"https:\/\/museros.org\/inici\/wp-json\/wp\/v2\/pages\/278208","targetHints":{"allow":["GET"]}}],"collection":[{"href":"https:\/\/museros.org\/inici\/wp-json\/wp\/v2\/pages"}],"about":[{"href":"https:\/\/museros.org\/inici\/wp-json\/wp\/v2\/types\/page"}],"author":[{"embeddable":true,"href":"https:\/\/museros.org\/inici\/wp-json\/wp\/v2\/users\/9"}],"replies":[{"embeddable":true,"href":"https:\/\/museros.org\/inici\/wp-json\/wp\/v2\/comments?post=278208"}],"version-history":[{"count":3,"href":"https:\/\/museros.org\/inici\/wp-json\/wp\/v2\/pages\/278208\/revisions"}],"predecessor-version":[{"id":278241,"href":"https:\/\/museros.org\/inici\/wp-json\/wp\/v2\/pages\/278208\/revisions\/278241"}],"wp:attachment":[{"href":"https:\/\/museros.org\/inici\/wp-json\/wp\/v2\/media?parent=278208"}],"wp:term":[{"taxonomy":"wf_page_folders","embeddable":true,"href":"https:\/\/museros.org\/inici\/wp-json\/wp\/v2\/wf_page_folders?post=278208"}],"curies":[{"name":"wp","href":"https:\/\/api.w.org\/{rel}","templated":true}]}}

<p>[et_pb_section fb_built=»1&#8243; _builder_version=»4.16&#8243; _module_preset=»default» custom_padding=»0px||||false|false» locked=»off» global_colors_info=»{}»][et_pb_row column_structure=»1_4,3_4&#8243; _builder_version=»4.16&#8243; _module_preset=»default» custom_padding=»0px||||false|false» global_colors_info=»{}»][et_pb_column type=»1_4&#8243; _builder_version=»4.16&#8243; _module_preset=»default» global_colors_info=»{}»][et_pb_image src=»https://museros.org/wp-content/uploads/2021/06/logo-deportes-cl-230&#215;180-1.jpg» title_text=»logo-deportes-cl-230&#215;180&#8243; url=»https://museros.org/inici/es/area-de-deportes/» use_overlay=»on» overlay_icon_color=»#E02B20&#8243; hover_overlay_color=»rgba(255,255,255,0.71)» hover_icon=»&#xe04d;||divi||400&#8243; show_bottom_space=»off» align=»center» _builder_version=»4.23.4&#8243; _module_preset=»default» locked=»off» global_colors_info=»{}»][/et_pb_image][/et_pb_column][et_pb_column type=»3_4&#8243; _builder_version=»4.16&#8243; _module_preset=»default» global_colors_info=»{}»][et_pb_image src=»https://museros.org/wp-content/uploads/2026/01/img_1767873921183.jpg» title_text=»img_1767873921183&#8243; _builder_version=»4.27.5&#8243; _module_preset=»default» custom_margin=»||40px||false|false» global_colors_info=»{}»][/et_pb_image][et_pb_text _builder_version=»4.27.5&#8243; _module_preset=»default» custom_padding=»2px|||||» global_colors_info=»{}»]</p>
<h2>VAMOS A LA NIEVE</h2>
<p>La Concejalía de Deportes y la Concejalía de Juventud han organizado un viaje de esquí a la estación de Candanchú-Astun, en el pirineo aragonés.</p>
<p>El viaje será del 7 al 9 de febrero de 2025, y el alojamiento será en el Hotel Oroel de Jaca.</p>
<p>Más información y reservas en: https://esportactiu.online/museros</p>
<p>[/et_pb_text][/et_pb_column][/et_pb_row][et_pb_row _builder_version=»4.16&#8243; _module_preset=»default» custom_margin=»0px||||false|false» custom_padding=»0px||||false|false» global_colors_info=»{}»][et_pb_column type=»4_4&#8243; _builder_version=»4.16&#8243; _module_preset=»default» global_colors_info=»{}»][et_pb_divider color=»#E02B20&#8243; divider_weight=»4px» _builder_version=»4.16&#8243; _module_preset=»default» custom_margin=»40px||||false|false» global_colors_info=»{}»][/et_pb_divider][/et_pb_column][/et_pb_row][/et_pb_section]</p>

<p>VAMOS A LA NIEVE La Concejalía de Deportes y la Concejalía de Juventud han organizado un viaje de esquí a la estación de Candanchú-Astun, en el pirineo aragonés. El viaje será del 7 al 9 de febrero de 2025, y el alojamiento será en el Hotel Oroel de Jaca. Más información y reservas en: https://esportactiu.online/museros</p>
