{"id":277820,"date":"2025-12-01T13:21:54","date_gmt":"2025-12-01T11:21:54","guid":{"rendered":"https:\/\/museros.org\/inici\/?page_id=277820"},"modified":"2026-01-09T15:51:25","modified_gmt":"2026-01-09T13:51:25","slug":"concurso-de-escaparates-2025","status":"publish","type":"page","link":"https:\/\/museros.org\/inici\/es\/concurso-de-escaparates-2025\/","title":{"rendered":"Concurso de escaparates 2025"},"content":{"rendered":"<p>[et_pb_section fb_built=\u00bb1&#8243; _builder_version=\u00bb4.16&#8243; _module_preset=\u00bbdefault\u00bb custom_padding=\u00bb0px||||false|false\u00bb locked=\u00bboff\u00bb global_colors_info=\u00bb{}\u00bb][et_pb_row column_structure=\u00bb1_3,2_3&#8243; _builder_version=\u00bb4.16&#8243; _module_preset=\u00bbdefault\u00bb custom_margin=\u00bb0px||0px||false|false\u00bb custom_padding=\u00bb0px||0px||false|false\u00bb global_colors_info=\u00bb{}\u00bb][et_pb_column type=\u00bb1_3&#8243; _builder_version=\u00bb4.16&#8243; _module_preset=\u00bbdefault\u00bb global_colors_info=\u00bb{}\u00bb][et_pb_image src=\u00bbhttps:\/\/museros.org\/wp-content\/uploads\/2021\/06\/logo-comercio-cl-230&#215;180-1.jpg\u00bb title_text=\u00bblogo-comercio-cl-230&#215;180&#8243; url=\u00bbhttps:\/\/museros.org\/inici\/es\/area-de-comercio\u00bb use_overlay=\u00bbon\u00bb overlay_icon_color=\u00bb#E02B20&#8243; hover_overlay_color=\u00bbrgba(255,255,255,0.7)\u00bb hover_icon=\u00bb&#xe04d;||divi||400&#8243; align=\u00bbcenter\u00bb _builder_version=\u00bb4.23.1&#8243; _module_preset=\u00bbdefault\u00bb width=\u00bb100%\u00bb width_tablet=\u00bb\u00bb width_phone=\u00bb\u00bb width_last_edited=\u00bbon|phone\u00bb module_alignment=\u00bbcenter\u00bb custom_margin=\u00bb0px||0px||false|false\u00bb custom_padding=\u00bb0px||0px||false|false\u00bb global_colors_info=\u00bb{}\u00bb][\/et_pb_image][\/et_pb_column][et_pb_column type=\u00bb2_3&#8243; _builder_version=\u00bb4.16&#8243; _module_preset=\u00bbdefault\u00bb global_colors_info=\u00bb{}\u00bb][et_pb_image src=\u00bbhttps:\/\/museros.org\/wp-content\/uploads\/2025\/12\/concurs-d-aparadors-25.jpg\u00bb title_text=\u00bbconcurs d aparadors 25&#8243; _builder_version=\u00bb4.27.4&#8243; _module_preset=\u00bbdefault\u00bb global_colors_info=\u00bb{}\u00bb][\/et_pb_image][et_pb_text _builder_version=\u00bb4.27.4&#8243; _module_preset=\u00bbdefault\u00bb custom_margin=\u00bb||||false|false\u00bb custom_padding=\u00bb||1px|0px|false|false\u00bb global_colors_info=\u00bb{}\u00bb]<\/p>\n<h1>VII Concurso de Escaparates Navidad 2025<\/h1>\n<p>\u00a1Inscr\u00edbete en el Concurso de Escaparates de Navidad 2025!<\/p>\n<p>El Ayuntamiento de Museros, junto con las concejal\u00edas de Fiestas, Comercio, Cultura y Promoci\u00f3n Ling\u00fc\u00edstica, y la asociaci\u00f3n CAMU, con la colaboraci\u00f3n de Caixa Popular, convocan una nueva edici\u00f3n del concurso que llena nuestro pueblo de esp\u00edritu navide\u00f1o y creatividad a trav\u00e9s de nuestros comercios.<\/p>\n<p>Inscripciones: del 2 al 12 de diciembre de 2025<\/p>\n<p>Premios:<br \/>\u2022 1.\u00ba premio: 450 \u20ac<br \/>\u2022 2.\u00ba premio: 350 \u20ac<br \/>\u2022 3.\u00ba premio: 300 \u20ac<br \/>\u2022 Premio especial del p\u00fablico: 200 \u20ac (a trav\u00e9s del Facebook del Ayuntamiento).<\/p>\n<p>Adem\u00e1s, entre las personas que voten se sortear\u00e1n 4 tarjetas de 50 \u20ac para consumir en comercios locales.<\/p>\n<p>Votaciones del premio especial: del 16 al 22 de diciembre de 2025 (hasta las 12.00 h) en el Facebook del Ayuntamiento.<\/p>\n<p>\u00a1Llenemos Museros de luz, creatividad y Navidad! \u00a1Participa y da vida a tu escaparate!<\/p>\n<p>[\/et_pb_text][\/et_pb_column][\/et_pb_row][et_pb_row column_structure=\u00bb1_2,1_4,1_4&#8243; _builder_version=\u00bb4.23.1&#8243; _module_preset=\u00bbdefault\u00bb global_colors_info=\u00bb{}\u00bb][et_pb_column type=\u00bb1_2&#8243; _builder_version=\u00bb4.23.1&#8243; _module_preset=\u00bbdefault\u00bb global_colors_info=\u00bb{}\u00bb][\/et_pb_column][et_pb_column type=\u00bb1_4&#8243; _builder_version=\u00bb4.23.1&#8243; _module_preset=\u00bbdefault\u00bb global_colors_info=\u00bb{}\u00bb][et_pb_button button_url=\u00bbhttps:\/\/museros.org\/wp-content\/uploads\/2025\/12\/20251201_bases-vii-concurs-d-aparadors-2025.pdf\u00bb url_new_window=\u00bbon\u00bb button_text=\u00bbBASES\u00bb _builder_version=\u00bb4.27.4&#8243; _module_preset=\u00bbdefault\u00bb locked=\u00bboff\u00bb global_colors_info=\u00bb{}\u00bb][\/et_pb_button][et_pb_button button_url=\u00bbhttps:\/\/museros.org\/wp-content\/uploads\/2025\/12\/acta-del-concurs-aparadors2025.pdf\u00bb url_new_window=\u00bbon\u00bb button_text=\u00bbACTA PREMIOS\u00bb _builder_version=\u00bb4.27.5&#8243; _module_preset=\u00bbdefault\u00bb locked=\u00bboff\u00bb global_colors_info=\u00bb{}\u00bb][\/et_pb_button][\/et_pb_column][et_pb_column type=\u00bb1_4&#8243; _builder_version=\u00bb4.23.1&#8243; _module_preset=\u00bbdefault\u00bb global_colors_info=\u00bb{}\u00bb][et_pb_button button_url=\u00bbhttps:\/\/museros.org\/wp-content\/uploads\/2025\/12\/20251201_inscripcio-vii-concurs-aparadors-2025.pdf\u00bb url_new_window=\u00bbon\u00bb button_text=\u00bbINSCRIPCI\u00d3N\u00bb _builder_version=\u00bb4.27.4&#8243; _module_preset=\u00bbdefault\u00bb global_colors_info=\u00bb{}\u00bb][\/et_pb_button][\/et_pb_column][\/et_pb_row][et_pb_row _builder_version=\u00bb4.16&#8243; _module_preset=\u00bbdefault\u00bb custom_margin=\u00bb50px||0px||false|false\u00bb custom_padding=\u00bb0px||0px||false|false\u00bb global_colors_info=\u00bb{}\u00bb][et_pb_column type=\u00bb4_4&#8243; _builder_version=\u00bb4.16&#8243; _module_preset=\u00bbdefault\u00bb global_colors_info=\u00bb{}\u00bb][et_pb_divider color=\u00bb#E02B20&#8243; divider_weight=\u00bb4px\u00bb _builder_version=\u00bb4.16&#8243; _module_preset=\u00bbdefault\u00bb custom_margin=\u00bb0px||0px||false|false\u00bb custom_padding=\u00bb0px||0px||false|false\u00bb global_colors_info=\u00bb{}\u00bb][\/et_pb_divider][\/et_pb_column][\/et_pb_row][\/et_pb_section]<\/p>\n","protected":false},"excerpt":{"rendered":"<p>VII Concurso de Escaparates Navidad 2025 \u00a1Inscr\u00edbete en el Concurso de Escaparates de Navidad 2025! El Ayuntamiento de Museros, junto con las concejal\u00edas de Fiestas, Comercio, Cultura y Promoci\u00f3n Ling\u00fc\u00edstica, y la asociaci\u00f3n CAMU, con la colaboraci\u00f3n de Caixa Popular, convocan una nueva edici\u00f3n del concurso que llena nuestro pueblo de esp\u00edritu navide\u00f1o y creatividad [&hellip;]<\/p>\n","protected":false},"author":9,"featured_media":0,"parent":0,"menu_order":0,"comment_status":"closed","ping_status":"closed","template":"","meta":{"_et_pb_use_builder":"on","_et_pb_old_content":"","_et_gb_content_width":"","_mc_calendar":[],"footnotes":""},"wf_page_folders":[281,294],"class_list":["post-277820","page","type-page","status-publish","hentry"],"_links":{"self":[{"href":"https:\/\/museros.org\/inici\/wp-json\/wp\/v2\/pages\/277820","targetHints":{"allow":["GET"]}}],"collection":[{"href":"https:\/\/museros.org\/inici\/wp-json\/wp\/v2\/pages"}],"about":[{"href":"https:\/\/museros.org\/inici\/wp-json\/wp\/v2\/types\/page"}],"author":[{"embeddable":true,"href":"https:\/\/museros.org\/inici\/wp-json\/wp\/v2\/users\/9"}],"replies":[{"embeddable":true,"href":"https:\/\/museros.org\/inici\/wp-json\/wp\/v2\/comments?post=277820"}],"version-history":[{"count":5,"href":"https:\/\/museros.org\/inici\/wp-json\/wp\/v2\/pages\/277820\/revisions"}],"predecessor-version":[{"id":278233,"href":"https:\/\/museros.org\/inici\/wp-json\/wp\/v2\/pages\/277820\/revisions\/278233"}],"wp:attachment":[{"href":"https:\/\/museros.org\/inici\/wp-json\/wp\/v2\/media?parent=277820"}],"wp:term":[{"taxonomy":"wf_page_folders","embeddable":true,"href":"https:\/\/museros.org\/inici\/wp-json\/wp\/v2\/wf_page_folders?post=277820"}],"curies":[{"name":"wp","href":"https:\/\/api.w.org\/{rel}","templated":true}]}}

<p>[et_pb_section fb_built=»1&#8243; _builder_version=»4.16&#8243; _module_preset=»default» custom_padding=»0px||||false|false» locked=»off» global_colors_info=»{}»][et_pb_row column_structure=»1_3,2_3&#8243; _builder_version=»4.16&#8243; _module_preset=»default» custom_margin=»0px||0px||false|false» custom_padding=»0px||0px||false|false» global_colors_info=»{}»][et_pb_column type=»1_3&#8243; _builder_version=»4.16&#8243; _module_preset=»default» global_colors_info=»{}»][et_pb_image src=»https://museros.org/wp-content/uploads/2021/06/logo-comercio-cl-230&#215;180-1.jpg» title_text=»logo-comercio-cl-230&#215;180&#8243; url=»https://museros.org/inici/es/area-de-comercio» use_overlay=»on» overlay_icon_color=»#E02B20&#8243; hover_overlay_color=»rgba(255,255,255,0.7)» hover_icon=»&#xe04d;||divi||400&#8243; align=»center» _builder_version=»4.23.1&#8243; _module_preset=»default» width=»100%» width_tablet=»» width_phone=»» width_last_edited=»on|phone» module_alignment=»center» custom_margin=»0px||0px||false|false» custom_padding=»0px||0px||false|false» global_colors_info=»{}»][/et_pb_image][/et_pb_column][et_pb_column type=»2_3&#8243; _builder_version=»4.16&#8243; _module_preset=»default» global_colors_info=»{}»][et_pb_image src=»https://museros.org/wp-content/uploads/2025/12/concurs-d-aparadors-25.jpg» title_text=»concurs d aparadors 25&#8243; _builder_version=»4.27.4&#8243; _module_preset=»default» global_colors_info=»{}»][/et_pb_image][et_pb_text _builder_version=»4.27.4&#8243; _module_preset=»default» custom_margin=»||||false|false» custom_padding=»||1px|0px|false|false» global_colors_info=»{}»]</p>
<h1>VII Concurso de Escaparates Navidad 2025</h1>
<p>¡Inscríbete en el Concurso de Escaparates de Navidad 2025!</p>
<p>El Ayuntamiento de Museros, junto con las concejalías de Fiestas, Comercio, Cultura y Promoción Lingüística, y la asociación CAMU, con la colaboración de Caixa Popular, convocan una nueva edición del concurso que llena nuestro pueblo de espíritu navideño y creatividad a través de nuestros comercios.</p>
<p>Inscripciones: del 2 al 12 de diciembre de 2025</p>
<p>Premios:<br />• 1.º premio: 450 €<br />• 2.º premio: 350 €<br />• 3.º premio: 300 €<br />• Premio especial del público: 200 € (a través del Facebook del Ayuntamiento).</p>
<p>Además, entre las personas que voten se sortearán 4 tarjetas de 50 € para consumir en comercios locales.</p>
<p>Votaciones del premio especial: del 16 al 22 de diciembre de 2025 (hasta las 12.00 h) en el Facebook del Ayuntamiento.</p>
<p>¡Llenemos Museros de luz, creatividad y Navidad! ¡Participa y da vida a tu escaparate!</p>
<p>[/et_pb_text][/et_pb_column][/et_pb_row][et_pb_row column_structure=»1_2,1_4,1_4&#8243; _builder_version=»4.23.1&#8243; _module_preset=»default» global_colors_info=»{}»][et_pb_column type=»1_2&#8243; _builder_version=»4.23.1&#8243; _module_preset=»default» global_colors_info=»{}»][/et_pb_column][et_pb_column type=»1_4&#8243; _builder_version=»4.23.1&#8243; _module_preset=»default» global_colors_info=»{}»][et_pb_button button_url=»https://museros.org/wp-content/uploads/2025/12/20251201_bases-vii-concurs-d-aparadors-2025.pdf» url_new_window=»on» button_text=»BASES» _builder_version=»4.27.4&#8243; _module_preset=»default» locked=»off» global_colors_info=»{}»][/et_pb_button][et_pb_button button_url=»https://museros.org/wp-content/uploads/2025/12/acta-del-concurs-aparadors2025.pdf» url_new_window=»on» button_text=»ACTA PREMIOS» _builder_version=»4.27.5&#8243; _module_preset=»default» locked=»off» global_colors_info=»{}»][/et_pb_button][/et_pb_column][et_pb_column type=»1_4&#8243; _builder_version=»4.23.1&#8243; _module_preset=»default» global_colors_info=»{}»][et_pb_button button_url=»https://museros.org/wp-content/uploads/2025/12/20251201_inscripcio-vii-concurs-aparadors-2025.pdf» url_new_window=»on» button_text=»INSCRIPCIÓN» _builder_version=»4.27.4&#8243; _module_preset=»default» global_colors_info=»{}»][/et_pb_button][/et_pb_column][/et_pb_row][et_pb_row _builder_version=»4.16&#8243; _module_preset=»default» custom_margin=»50px||0px||false|false» custom_padding=»0px||0px||false|false» global_colors_info=»{}»][et_pb_column type=»4_4&#8243; _builder_version=»4.16&#8243; _module_preset=»default» global_colors_info=»{}»][et_pb_divider color=»#E02B20&#8243; divider_weight=»4px» _builder_version=»4.16&#8243; _module_preset=»default» custom_margin=»0px||0px||false|false» custom_padding=»0px||0px||false|false» global_colors_info=»{}»][/et_pb_divider][/et_pb_column][/et_pb_row][/et_pb_section]</p>

<p>VII Concurso de Escaparates Navidad 2025 ¡Inscríbete en el Concurso de Escaparates de Navidad 2025! El Ayuntamiento de Museros, junto con las concejalías de Fiestas, Comercio, Cultura y Promoción Lingüística, y la asociación CAMU, con la colaboración de Caixa Popular, convocan una nueva edición del concurso que llena nuestro pueblo de espíritu navideño y creatividad [&hellip;]</p>
