{"id":277684,"date":"2025-11-21T17:52:00","date_gmt":"2025-11-21T15:52:00","guid":{"rendered":"https:\/\/museros.org\/inici\/?page_id=277684"},"modified":"2026-01-09T15:55:39","modified_gmt":"2026-01-09T13:55:39","slug":"la-nadalenca-2025","status":"publish","type":"page","link":"https:\/\/museros.org\/inici\/la-nadalenca-2025\/","title":{"rendered":"La Nadalenca 2025"},"content":{"rendered":"<p>[et_pb_section fb_built=\u00bb1&#8243; _builder_version=\u00bb4.16&#8243; _module_preset=\u00bbdefault\u00bb custom_padding=\u00bb0px||||false|false\u00bb locked=\u00bboff\u00bb global_colors_info=\u00bb{}\u00bb][et_pb_row column_structure=\u00bb1_3,2_3&#8243; _builder_version=\u00bb4.16&#8243; _module_preset=\u00bbdefault\u00bb custom_margin=\u00bb0px||0px||false|false\u00bb custom_padding=\u00bb0px||0px||false|false\u00bb global_colors_info=\u00bb{}\u00bb][et_pb_column type=\u00bb1_3&#8243; _builder_version=\u00bb4.16&#8243; _module_preset=\u00bbdefault\u00bb global_colors_info=\u00bb{}\u00bb][et_pb_image src=\u00bbhttps:\/\/museros.org\/wp-content\/uploads\/2022\/12\/logo-festes-cl-230&#215;115-1.jpg\u00bb title_text=\u00bblogo-festes-cl-230&#215;115&#8243; url=\u00bbhttps:\/\/museros.org\/inici\/area-de-festes\u00bb use_overlay=\u00bbon\u00bb overlay_icon_color=\u00bb#E02B20&#8243; hover_overlay_color=\u00bbrgba(255,255,255,0.7)\u00bb hover_icon=\u00bb&#xe04d;||divi||400&#8243; align=\u00bbcenter\u00bb _builder_version=\u00bb4.23.1&#8243; _module_preset=\u00bbdefault\u00bb width=\u00bb100%\u00bb width_tablet=\u00bb\u00bb width_phone=\u00bb\u00bb width_last_edited=\u00bbon|phone\u00bb module_alignment=\u00bbcenter\u00bb custom_margin=\u00bb0px||0px||false|false\u00bb custom_padding=\u00bb0px||0px||false|false\u00bb global_colors_info=\u00bb{}\u00bb][\/et_pb_image][\/et_pb_column][et_pb_column type=\u00bb2_3&#8243; _builder_version=\u00bb4.16&#8243; _module_preset=\u00bbdefault\u00bb global_colors_info=\u00bb{}\u00bb][et_pb_text _builder_version=\u00bb4.27.4&#8243; _module_preset=\u00bbdefault\u00bb global_colors_info=\u00bb{}\u00bb]<\/p>\n<h1>La Nadalenca arriba a Museros el 5 de desembre!<\/h1>\n<p>Viu la m\u00e0gia de Nadal al nostre poble amb una programaci\u00f3 amb molt d\u2019encant.<\/p>\n<p><strong>Divendres, 5 de desembre<\/strong><br \/>Comencem la celebraci\u00f3 amb:<br \/><strong>Activitats i tallers de Nadal<\/strong> per a xiquetes i xiquets a partir de 2 anys.<br \/><strong>Berenar amb xocolate i ensa\u00efmades.<\/strong> *Ser\u00e0 necessari apuntar-se i arreplegar el tiquet a l&#8217;ajuntament, del 24 de novembre al 3 de desembre, de 09.00 h a 14.00 h.<br \/><strong>Encesa de les llums de l&#8217;arbre de Nadal<\/strong>, un moment m\u00e0gic per a compartir en fam\u00edlia.<br \/>I per a acabar, <strong>espectacle infantil <em>El Grinch <\/em><\/strong>a la Casa de Cultura.<br \/>Entrades, a 3 \u20ac, disponibles en l\u00ednia a partir del 24 de novembre en <a href=\"https:\/\/www.agendamuseros.com\/index.html\" target=\"_blank\" rel=\"noopener\">agendamuseros.com<\/a> i presencialment a la Casa de Cultura de dilluns a dijous de 9.30 h a 12.30 h, i de 17.30 h a 19.30 h.<\/p>\n<p><strong>Divendres, 2 de gener<\/strong><br \/>A les 17.00 h, rebrem la <strong>visita del carter reial.<\/strong><br \/>A les 18.30 h, gaudirem del <strong>musical infantil <em>Una aventura de Moana &amp; Stich<\/em><\/strong>. Les entrades, a 3 \u20ac, estaran disponibles a partir del 10 de desembre en <a href=\"https:\/\/www.agendamuseros.com\/index.html\" target=\"_blank\" rel=\"noopener\">agendamuseros.com<\/a> i a la Casa de Cultura.<\/p>\n<p><strong>Dilluns, 5 de gener<\/strong><br \/>El Nadal arriba al seu punt \u00e0lgid amb la gran <strong>cavalcada dels Reis d&#8217;Orient<\/strong>, que recorrer\u00e0 els carrers de Museros repartint il\u00b7lusi\u00f3 i alegria.<\/p>\n<p>No deixes passar l&#8217;oportunitat de gaudir d&#8217;un Nadal \u00fanic a Museros.<\/p>\n<p>[\/et_pb_text][et_pb_image src=\u00bbhttps:\/\/museros.org\/wp-content\/uploads\/2025\/11\/nadalenca-2025.jpg\u00bb title_text=\u00bbnadalenca 2025&#8243; _builder_version=\u00bb4.27.4&#8243; _module_preset=\u00bbdefault\u00bb global_colors_info=\u00bb{}\u00bb][\/et_pb_image][et_pb_image src=\u00bbhttps:\/\/museros.org\/wp-content\/uploads\/2025\/11\/nadalenca-2025-5-gener.jpg\u00bb title_text=\u00bbnadalenca 2025 5 gener\u00bb _builder_version=\u00bb4.27.4&#8243; _module_preset=\u00bbdefault\u00bb global_colors_info=\u00bb{}\u00bb][\/et_pb_image][\/et_pb_column][\/et_pb_row][et_pb_row _builder_version=\u00bb4.16&#8243; _module_preset=\u00bbdefault\u00bb custom_margin=\u00bb50px||0px||false|false\u00bb custom_padding=\u00bb0px||0px||false|false\u00bb global_colors_info=\u00bb{}\u00bb][et_pb_column type=\u00bb4_4&#8243; _builder_version=\u00bb4.16&#8243; _module_preset=\u00bbdefault\u00bb global_colors_info=\u00bb{}\u00bb][et_pb_divider color=\u00bb#E02B20&#8243; divider_weight=\u00bb4px\u00bb _builder_version=\u00bb4.16&#8243; _module_preset=\u00bbdefault\u00bb custom_margin=\u00bb0px||0px||false|false\u00bb custom_padding=\u00bb0px||0px||false|false\u00bb global_colors_info=\u00bb{}\u00bb][\/et_pb_divider][\/et_pb_column][\/et_pb_row][\/et_pb_section]<\/p>\n","protected":false},"excerpt":{"rendered":"<p>La Nadalenca arriba a Museros el 5 de desembre! Viu la m\u00e0gia de Nadal al nostre poble amb una programaci\u00f3 amb molt d\u2019encant. Divendres, 5 de desembreComencem la celebraci\u00f3 amb:Activitats i tallers de Nadal per a xiquetes i xiquets a partir de 2 anys.Berenar amb xocolate i ensa\u00efmades. *Ser\u00e0 necessari apuntar-se i arreplegar el tiquet [&hellip;]<\/p>\n","protected":false},"author":9,"featured_media":0,"parent":0,"menu_order":0,"comment_status":"closed","ping_status":"closed","template":"","meta":{"_et_pb_use_builder":"on","_et_pb_old_content":"","_et_gb_content_width":"","_mc_calendar":[],"footnotes":""},"wf_page_folders":[164,175],"class_list":["post-277684","page","type-page","status-publish","hentry"],"_links":{"self":[{"href":"https:\/\/museros.org\/inici\/wp-json\/wp\/v2\/pages\/277684","targetHints":{"allow":["GET"]}}],"collection":[{"href":"https:\/\/museros.org\/inici\/wp-json\/wp\/v2\/pages"}],"about":[{"href":"https:\/\/museros.org\/inici\/wp-json\/wp\/v2\/types\/page"}],"author":[{"embeddable":true,"href":"https:\/\/museros.org\/inici\/wp-json\/wp\/v2\/users\/9"}],"replies":[{"embeddable":true,"href":"https:\/\/museros.org\/inici\/wp-json\/wp\/v2\/comments?post=277684"}],"version-history":[{"count":4,"href":"https:\/\/museros.org\/inici\/wp-json\/wp\/v2\/pages\/277684\/revisions"}],"predecessor-version":[{"id":278238,"href":"https:\/\/museros.org\/inici\/wp-json\/wp\/v2\/pages\/277684\/revisions\/278238"}],"wp:attachment":[{"href":"https:\/\/museros.org\/inici\/wp-json\/wp\/v2\/media?parent=277684"}],"wp:term":[{"taxonomy":"wf_page_folders","embeddable":true,"href":"https:\/\/museros.org\/inici\/wp-json\/wp\/v2\/wf_page_folders?post=277684"}],"curies":[{"name":"wp","href":"https:\/\/api.w.org\/{rel}","templated":true}]}}

<p>[et_pb_section fb_built=»1&#8243; _builder_version=»4.16&#8243; _module_preset=»default» custom_padding=»0px||||false|false» locked=»off» global_colors_info=»{}»][et_pb_row column_structure=»1_3,2_3&#8243; _builder_version=»4.16&#8243; _module_preset=»default» custom_margin=»0px||0px||false|false» custom_padding=»0px||0px||false|false» global_colors_info=»{}»][et_pb_column type=»1_3&#8243; _builder_version=»4.16&#8243; _module_preset=»default» global_colors_info=»{}»][et_pb_image src=»https://museros.org/wp-content/uploads/2022/12/logo-festes-cl-230&#215;115-1.jpg» title_text=»logo-festes-cl-230&#215;115&#8243; url=»https://museros.org/inici/area-de-festes» use_overlay=»on» overlay_icon_color=»#E02B20&#8243; hover_overlay_color=»rgba(255,255,255,0.7)» hover_icon=»&#xe04d;||divi||400&#8243; align=»center» _builder_version=»4.23.1&#8243; _module_preset=»default» width=»100%» width_tablet=»» width_phone=»» width_last_edited=»on|phone» module_alignment=»center» custom_margin=»0px||0px||false|false» custom_padding=»0px||0px||false|false» global_colors_info=»{}»][/et_pb_image][/et_pb_column][et_pb_column type=»2_3&#8243; _builder_version=»4.16&#8243; _module_preset=»default» global_colors_info=»{}»][et_pb_text _builder_version=»4.27.4&#8243; _module_preset=»default» global_colors_info=»{}»]</p>
<h1>La Nadalenca arriba a Museros el 5 de desembre!</h1>
<p>Viu la màgia de Nadal al nostre poble amb una programació amb molt d’encant.</p>
<p><strong>Divendres, 5 de desembre</strong><br />Comencem la celebració amb:<br /><strong>Activitats i tallers de Nadal</strong> per a xiquetes i xiquets a partir de 2 anys.<br /><strong>Berenar amb xocolate i ensaïmades.</strong> *Serà necessari apuntar-se i arreplegar el tiquet a l&#8217;ajuntament, del 24 de novembre al 3 de desembre, de 09.00 h a 14.00 h.<br /><strong>Encesa de les llums de l&#8217;arbre de Nadal</strong>, un moment màgic per a compartir en família.<br />I per a acabar, <strong>espectacle infantil <em>El Grinch </em></strong>a la Casa de Cultura.<br />Entrades, a 3 €, disponibles en línia a partir del 24 de novembre en <a href="https://www.agendamuseros.com/index.html" target="_blank" rel="noopener">agendamuseros.com</a> i presencialment a la Casa de Cultura de dilluns a dijous de 9.30 h a 12.30 h, i de 17.30 h a 19.30 h.</p>
<p><strong>Divendres, 2 de gener</strong><br />A les 17.00 h, rebrem la <strong>visita del carter reial.</strong><br />A les 18.30 h, gaudirem del <strong>musical infantil <em>Una aventura de Moana &amp; Stich</em></strong>. Les entrades, a 3 €, estaran disponibles a partir del 10 de desembre en <a href="https://www.agendamuseros.com/index.html" target="_blank" rel="noopener">agendamuseros.com</a> i a la Casa de Cultura.</p>
<p><strong>Dilluns, 5 de gener</strong><br />El Nadal arriba al seu punt àlgid amb la gran <strong>cavalcada dels Reis d&#8217;Orient</strong>, que recorrerà els carrers de Museros repartint il·lusió i alegria.</p>
<p>No deixes passar l&#8217;oportunitat de gaudir d&#8217;un Nadal únic a Museros.</p>
<p>[/et_pb_text][et_pb_image src=»https://museros.org/wp-content/uploads/2025/11/nadalenca-2025.jpg» title_text=»nadalenca 2025&#8243; _builder_version=»4.27.4&#8243; _module_preset=»default» global_colors_info=»{}»][/et_pb_image][et_pb_image src=»https://museros.org/wp-content/uploads/2025/11/nadalenca-2025-5-gener.jpg» title_text=»nadalenca 2025 5 gener» _builder_version=»4.27.4&#8243; _module_preset=»default» global_colors_info=»{}»][/et_pb_image][/et_pb_column][/et_pb_row][et_pb_row _builder_version=»4.16&#8243; _module_preset=»default» custom_margin=»50px||0px||false|false» custom_padding=»0px||0px||false|false» global_colors_info=»{}»][et_pb_column type=»4_4&#8243; _builder_version=»4.16&#8243; _module_preset=»default» global_colors_info=»{}»][et_pb_divider color=»#E02B20&#8243; divider_weight=»4px» _builder_version=»4.16&#8243; _module_preset=»default» custom_margin=»0px||0px||false|false» custom_padding=»0px||0px||false|false» global_colors_info=»{}»][/et_pb_divider][/et_pb_column][/et_pb_row][/et_pb_section]</p>

<p>La Nadalenca arriba a Museros el 5 de desembre! Viu la màgia de Nadal al nostre poble amb una programació amb molt d’encant. Divendres, 5 de desembreComencem la celebració amb:Activitats i tallers de Nadal per a xiquetes i xiquets a partir de 2 anys.Berenar amb xocolate i ensaïmades. *Serà necessari apuntar-se i arreplegar el tiquet [&hellip;]</p>
