{"id":277554,"date":"2025-11-12T17:00:38","date_gmt":"2025-11-12T15:00:38","guid":{"rendered":"https:\/\/museros.org\/inici\/?page_id=277554"},"modified":"2026-01-09T16:02:13","modified_gmt":"2026-01-09T14:02:13","slug":"quien-fue-juan-bautista-munoz","status":"publish","type":"page","link":"https:\/\/museros.org\/inici\/es\/quien-fue-juan-bautista-munoz\/","title":{"rendered":"Qui\u00e9n fue Juan Bautista Mu\u00f1oz"},"content":{"rendered":"<p>[et_pb_section fb_built=\u00bb1&#8243; _builder_version=\u00bb4.16&#8243; _module_preset=\u00bbdefault\u00bb custom_padding=\u00bb0px||||false|false\u00bb locked=\u00bboff\u00bb global_colors_info=\u00bb{}\u00bb][et_pb_row column_structure=\u00bb1_4,3_4&#8243; _builder_version=\u00bb4.17.1&#8243; _module_preset=\u00bbdefault\u00bb min_height=\u00bb1057.3px\u00bb custom_margin=\u00bb0px||||false|false\u00bb custom_padding=\u00bb0px||||false|false\u00bb global_colors_info=\u00bb{}\u00bb][et_pb_column type=\u00bb1_4&#8243; _builder_version=\u00bb4.16&#8243; _module_preset=\u00bbdefault\u00bb global_colors_info=\u00bb{}\u00bb][et_pb_image src=\u00bbhttps:\/\/museros.org\/wp-content\/uploads\/2021\/08\/logo-cultura-cl-230&#215;180-1.jpg\u00bb title_text=\u00bblogo-cultura-cl-230&#215;180&#8243; url=\u00bbhttps:\/\/museros.org\/inici\/es\/area-cultura\u00bb use_overlay=\u00bbon\u00bb overlay_icon_color=\u00bbrgba(224,43,32,0.49)\u00bb hover_overlay_color=\u00bbrgba(255,255,255,0.7)\u00bb hover_icon=\u00bb&#xe04d;||divi||400&#8243; src_tablet=\u00bb\u00bb src_phone=\u00bb\u00bb src_last_edited=\u00bbon|desktop\u00bb _builder_version=\u00bb4.27.4&#8243; _module_preset=\u00bbdefault\u00bb global_colors_info=\u00bb{}\u00bb][\/et_pb_image][\/et_pb_column][et_pb_column type=\u00bb3_4&#8243; _builder_version=\u00bb4.16&#8243; _module_preset=\u00bbdefault\u00bb global_colors_info=\u00bb{}\u00bb][et_pb_text _builder_version=\u00bb4.27.4&#8243; _module_preset=\u00bbdefault\u00bb custom_margin=\u00bb40px||40px||false|false\u00bb global_colors_info=\u00bb{}\u00bb]<\/p>\n<h1><strong>\u00bfQui\u00e9n fue Juan Bautista Mu\u00f1oz (1745\u20131799)?<\/strong><\/h1>\n<h3><strong>Historiador y fundador del Archivo General de Indias<\/strong><\/h3>\n<p><strong>Un hijo ilustre de Museros<br \/><\/strong>Juan Bautista Mu\u00f1oz naci\u00f3 en Museros (Valencia) el 12 de junio de 1745. Su legado como fil\u00f3sofo, historiador y figura clave de la Ilustraci\u00f3n espa\u00f1ola lo ha convertido en uno de los personajes m\u00e1s ilustres de nuestra localidad. Su vida y obra son ejemplo del esp\u00edritu ilustrado del siglo XVIII y su contribuci\u00f3n a la historia y al pensamiento lo sit\u00faan entre los grandes intelectuales de su tiempo.<\/p>\n<p><strong>Formaci\u00f3n y primeros a\u00f1os<br \/><\/strong>De familia humilde, qued\u00f3 tempranamente hu\u00e9rfano, a la edad de seis a\u00f1os, por lo que su madre, con cuatro hijos que alimentar, decidi\u00f3 conceder la tutela de Juan Bautista a un t\u00edo, el dominico Gabriel Ferrandis, que resid\u00eda en el Convento del Pilar de Valencia. Transcurrida una primera etapa de formaci\u00f3n con los dominicos, Mu\u00f1oz pas\u00f3 al Seminario de Nobles de Valencia, centro cultural por excelencia de los jesuitas. Desde muy joven, Juan Bautista Mu\u00f1oz mostr\u00f3 un gran talento intelectual. A los 15 a\u00f1os obtuvo el t\u00edtulo de \u201cmaestro en artes\u201d, y el bachillerato en Filosof\u00eda en la Universidad de Valencia. En la Universidad de Valencia, adem\u00e1s de estudiar Filosof\u00eda y Teolog\u00eda, dos disciplinas fundamentales para la formaci\u00f3n acad\u00e9mica de la \u00e9poca, tambi\u00e9n se especializ\u00f3 en Matem\u00e1ticas y Griego. M\u00e1s tarde continu\u00f3 sus estudios en Salamanca, una de las universidades m\u00e1s prestigiosas de Espa\u00f1a, donde se familiariz\u00f3 con el pensamiento ilustrado y con las nuevas corrientes filos\u00f3ficas y cient\u00edficas que se difund\u00edan por Europa.<\/p>\n<p>En Salamanca se interes\u00f3 por el derecho natural, el pensamiento cr\u00edtico y las ideas de renovaci\u00f3n cultural y cient\u00edfica que marcar\u00edan su carrera.<\/p>\n<p><strong>Carrera acad\u00e9mica y labor filos\u00f3fica<br \/><\/strong>Su brillantez acad\u00e9mica le permiti\u00f3 obtener una c\u00e1tedra de Filosof\u00eda en la Universidad de Valencia. Desde esa posici\u00f3n, Mu\u00f1oz comenz\u00f3 a desarrollar y difundir el pensamiento ilustrado en Espa\u00f1a, promoviendo una filosof\u00eda m\u00e1s racional y alejada de los dogmas tradicionales.<\/p>\n<p>Fue un cr\u00edtico del escolasticismo tradicional y abog\u00f3 por una ense\u00f1anza moderna, influenciada por autores como Locke, Descartes y Newton. Tambi\u00e9n mostr\u00f3 un inter\u00e9s creciente por la historia y la necesidad de renovarla como disciplina cient\u00edfica.<\/p>\n<p><strong>Historiador oficial de Indias<br \/><\/strong>En 1770 Carlos III le concedi\u00f3 el t\u00edtulo de \u201cCosm\u00f3grafo Mayor de Indias\u201d. Unos a\u00f1os m\u00e1s tarde, en 1779, el rey Carlos III lo nombr\u00f3 tambi\u00e9n \u201cHistoriador Oficial de Indias\u201d, un cargo creado expresamente para \u00e9l y uno de los momentos clave de su vida. Este nombramiento marc\u00f3 un antes y un despu\u00e9s en su carrera y en la forma de escribir la historia colonial espa\u00f1ola.<\/p>\n<p>Su tarea era ambiciosa: revisar y sistematizar la historia del descubrimiento y colonizaci\u00f3n de Am\u00e9rica, aportando una visi\u00f3n m\u00e1s rigurosa, cr\u00edtica y documentada. Para ello, se le dio acceso a una gran cantidad de documentos guardados en los archivos del Estado, especialmente en el Archivo de Indias, con sede en Sevilla.<\/p>\n<p><strong>La creaci\u00f3n del Archivo General de Indias<br \/><\/strong>Precisamente, una de sus contribuciones m\u00e1s importantes fue su papel en la creaci\u00f3n y organizaci\u00f3n del Archivo General de Indias. Gracias a sus recomendaciones, el rey orden\u00f3 reunir en un solo lugar toda la documentaci\u00f3n relativa a los territorios americanos del Imperio espa\u00f1ol, con el fin de preservar y facilitar su estudio. Este archivo se convirti\u00f3 en una fuente esencial para los historiadores del mundo entero y es hoy patrimonio de la humanidad.<\/p>\n<p><strong>Obra destacada: Historia del Nuevo Mundo<br \/><\/strong>Fruto de a\u00f1os de trabajo e investigaci\u00f3n, Mu\u00f1oz escribi\u00f3 la obra titulada \u201cHistoria del Nuevo Mundo\u201d, publicada p\u00f3stumamente en 1793. En ella intent\u00f3 ofrecer una visi\u00f3n imparcial y rigurosa del proceso de conquista y colonizaci\u00f3n de Am\u00e9rica, alej\u00e1ndose tanto de las visiones glorificadoras como de las extremadamente cr\u00edticas.<\/p>\n<p>En esta obra introdujo un m\u00e9todo m\u00e1s cient\u00edfico en la historiograf\u00eda, basado en el uso de fuentes primarias, el an\u00e1lisis cr\u00edtico y el intento de comprensi\u00f3n de los procesos hist\u00f3ricos en su contexto.<\/p>\n<p><strong>Pensador ilustrado y reformista<br \/><\/strong>Adem\u00e1s de historiador, Juan Bautista Mu\u00f1oz fue un defensor de las ideas ilustradas: promovi\u00f3 la educaci\u00f3n, la raz\u00f3n, la ciencia y el progreso social. Mantuvo contacto con otros ilustrados espa\u00f1oles como Jovellanos, Cabarr\u00fas y Floridablanca, y particip\u00f3 activamente en los proyectos reformistas de la monarqu\u00eda borb\u00f3nica.<\/p>\n<p>A trav\u00e9s de su trabajo, Mu\u00f1oz contribuy\u00f3 a modernizar la visi\u00f3n que Espa\u00f1a ten\u00eda de su pasado colonial, e impuls\u00f3 una manera nueva de escribir y entender la historia.<\/p>\n<p><strong>\u00daltimos a\u00f1os y legado<br \/><\/strong>Juan Bautista Mu\u00f1oz falleci\u00f3 el 29 de enero de 1799, en Madrid. Aunque muri\u00f3 relativamente joven, dej\u00f3 un legado intelectual inmenso. Su papel como historiador oficial de Indias, como organizador del Archivo General de Indias y como autor de una de las primeras grandes historias cient\u00edficas sobre Am\u00e9rica lo convierten en una figura fundamental de la Ilustraci\u00f3n espa\u00f1ola.<\/p>\n<p>En su pueblo natal, Museros, su figura sigue siendo recordada con orgullo. Se le reconoce como uno de los vecinos m\u00e1s ilustres de la historia local, y su contribuci\u00f3n a la cultura y al conocimiento ha trascendido las fronteras de su tiempo y lugar.<\/p>\n<p>Juan Bautista Mu\u00f1oz representa la uni\u00f3n entre el saber ilustrado, el compromiso con la verdad hist\u00f3rica y el esp\u00edritu reformista del siglo XVIII. Desde su humilde origen en Museros hasta su posici\u00f3n en la corte ilustrada de Carlos III, su vida es un ejemplo de c\u00f3mo la educaci\u00f3n, la investigaci\u00f3n y el pensamiento cr\u00edtico pueden transformar el mundo.<\/p>\n<p>Su legado, especialmente en el campo de la historiograf\u00eda y la organizaci\u00f3n del conocimiento, sigue vigente hoy, y su figura merece ser conocida y valorada tanto por los historiadores como por todos aquellos interesados en el desarrollo cultural de Espa\u00f1a.<\/p>\n<p>[\/et_pb_text][et_pb_image src=\u00bbhttps:\/\/museros.org\/wp-content\/uploads\/2025\/11\/juan-bautista-munoz-web.jpg\u00bb title_text=\u00bbjuan bautista munoz web\u00bb _builder_version=\u00bb4.27.4&#8243; _module_preset=\u00bbdefault\u00bb global_colors_info=\u00bb{}\u00bb][\/et_pb_image][\/et_pb_column][\/et_pb_row][et_pb_row _builder_version=\u00bb4.16&#8243; _module_preset=\u00bbdefault\u00bb locked=\u00bboff\u00bb global_colors_info=\u00bb{}\u00bb][et_pb_column type=\u00bb4_4&#8243; _builder_version=\u00bb4.16&#8243; _module_preset=\u00bbdefault\u00bb global_colors_info=\u00bb{}\u00bb][et_pb_divider color=\u00bb#cc0000&#8243; divider_weight=\u00bb4px\u00bb _builder_version=\u00bb4.16&#8243; _module_preset=\u00bbdefault\u00bb min_height=\u00bb23px\u00bb global_colors_info=\u00bb{}\u00bb][\/et_pb_divider][\/et_pb_column][\/et_pb_row][\/et_pb_section]<\/p>\n","protected":false},"excerpt":{"rendered":"<p>\u00bfQui\u00e9n fue Juan Bautista Mu\u00f1oz (1745\u20131799)? Historiador y fundador del Archivo General de Indias Un hijo ilustre de MuserosJuan Bautista Mu\u00f1oz naci\u00f3 en Museros (Valencia) el 12 de junio de 1745. Su legado como fil\u00f3sofo, historiador y figura clave de la Ilustraci\u00f3n espa\u00f1ola lo ha convertido en uno de los personajes m\u00e1s ilustres de nuestra [&hellip;]<\/p>\n","protected":false},"author":9,"featured_media":0,"parent":0,"menu_order":0,"comment_status":"closed","ping_status":"closed","template":"","meta":{"_et_pb_use_builder":"on","_et_pb_old_content":"","_et_gb_content_width":"","_mc_calendar":[],"footnotes":""},"wf_page_folders":[282,139],"class_list":["post-277554","page","type-page","status-publish","hentry"],"_links":{"self":[{"href":"https:\/\/museros.org\/inici\/wp-json\/wp\/v2\/pages\/277554","targetHints":{"allow":["GET"]}}],"collection":[{"href":"https:\/\/museros.org\/inici\/wp-json\/wp\/v2\/pages"}],"about":[{"href":"https:\/\/museros.org\/inici\/wp-json\/wp\/v2\/types\/page"}],"author":[{"embeddable":true,"href":"https:\/\/museros.org\/inici\/wp-json\/wp\/v2\/users\/9"}],"replies":[{"embeddable":true,"href":"https:\/\/museros.org\/inici\/wp-json\/wp\/v2\/comments?post=277554"}],"version-history":[{"count":5,"href":"https:\/\/museros.org\/inici\/wp-json\/wp\/v2\/pages\/277554\/revisions"}],"predecessor-version":[{"id":277561,"href":"https:\/\/museros.org\/inici\/wp-json\/wp\/v2\/pages\/277554\/revisions\/277561"}],"wp:attachment":[{"href":"https:\/\/museros.org\/inici\/wp-json\/wp\/v2\/media?parent=277554"}],"wp:term":[{"taxonomy":"wf_page_folders","embeddable":true,"href":"https:\/\/museros.org\/inici\/wp-json\/wp\/v2\/wf_page_folders?post=277554"}],"curies":[{"name":"wp","href":"https:\/\/api.w.org\/{rel}","templated":true}]}}

Quién fue Juan Bautista Muñoz

<p>[et_pb_section fb_built=»1&#8243; _builder_version=»4.16&#8243; _module_preset=»default» custom_padding=»0px||||false|false» locked=»off» global_colors_info=»{}»][et_pb_row column_structure=»1_4,3_4&#8243; _builder_version=»4.17.1&#8243; _module_preset=»default» min_height=»1057.3px» custom_margin=»0px||||false|false» custom_padding=»0px||||false|false» global_colors_info=»{}»][et_pb_column type=»1_4&#8243; _builder_version=»4.16&#8243; _module_preset=»default» global_colors_info=»{}»][et_pb_image src=»https://museros.org/wp-content/uploads/2021/08/logo-cultura-cl-230&#215;180-1.jpg» title_text=»logo-cultura-cl-230&#215;180&#8243; url=»https://museros.org/inici/es/area-cultura» use_overlay=»on» overlay_icon_color=»rgba(224,43,32,0.49)» hover_overlay_color=»rgba(255,255,255,0.7)» hover_icon=»&#xe04d;||divi||400&#8243; src_tablet=»» src_phone=»» src_last_edited=»on|desktop» _builder_version=»4.27.4&#8243; _module_preset=»default» global_colors_info=»{}»][/et_pb_image][/et_pb_column][et_pb_column type=»3_4&#8243; _builder_version=»4.16&#8243; _module_preset=»default» global_colors_info=»{}»][et_pb_text _builder_version=»4.27.4&#8243; _module_preset=»default» custom_margin=»40px||40px||false|false» global_colors_info=»{}»]</p>
<h1><strong>¿Quién fue Juan Bautista Muñoz (1745–1799)?</strong></h1>
<h3><strong>Historiador y fundador del Archivo General de Indias</strong></h3>
<p><strong>Un hijo ilustre de Museros<br /></strong>Juan Bautista Muñoz nació en Museros (Valencia) el 12 de junio de 1745. Su legado como filósofo, historiador y figura clave de la Ilustración española lo ha convertido en uno de los personajes más ilustres de nuestra localidad. Su vida y obra son ejemplo del espíritu ilustrado del siglo XVIII y su contribución a la historia y al pensamiento lo sitúan entre los grandes intelectuales de su tiempo.</p>
<p><strong>Formación y primeros años<br /></strong>De familia humilde, quedó tempranamente huérfano, a la edad de seis años, por lo que su madre, con cuatro hijos que alimentar, decidió conceder la tutela de Juan Bautista a un tío, el dominico Gabriel Ferrandis, que residía en el Convento del Pilar de Valencia. Transcurrida una primera etapa de formación con los dominicos, Muñoz pasó al Seminario de Nobles de Valencia, centro cultural por excelencia de los jesuitas. Desde muy joven, Juan Bautista Muñoz mostró un gran talento intelectual. A los 15 años obtuvo el título de “maestro en artes”, y el bachillerato en Filosofía en la Universidad de Valencia. En la Universidad de Valencia, además de estudiar Filosofía y Teología, dos disciplinas fundamentales para la formación académica de la época, también se especializó en Matemáticas y Griego. Más tarde continuó sus estudios en Salamanca, una de las universidades más prestigiosas de España, donde se familiarizó con el pensamiento ilustrado y con las nuevas corrientes filosóficas y científicas que se difundían por Europa.</p>
<p>En Salamanca se interesó por el derecho natural, el pensamiento crítico y las ideas de renovación cultural y científica que marcarían su carrera.</p>
<p><strong>Carrera académica y labor filosófica<br /></strong>Su brillantez académica le permitió obtener una cátedra de Filosofía en la Universidad de Valencia. Desde esa posición, Muñoz comenzó a desarrollar y difundir el pensamiento ilustrado en España, promoviendo una filosofía más racional y alejada de los dogmas tradicionales.</p>
<p>Fue un crítico del escolasticismo tradicional y abogó por una enseñanza moderna, influenciada por autores como Locke, Descartes y Newton. También mostró un interés creciente por la historia y la necesidad de renovarla como disciplina científica.</p>
<p><strong>Historiador oficial de Indias<br /></strong>En 1770 Carlos III le concedió el título de “Cosmógrafo Mayor de Indias”. Unos años más tarde, en 1779, el rey Carlos III lo nombró también “Historiador Oficial de Indias”, un cargo creado expresamente para él y uno de los momentos clave de su vida. Este nombramiento marcó un antes y un después en su carrera y en la forma de escribir la historia colonial española.</p>
<p>Su tarea era ambiciosa: revisar y sistematizar la historia del descubrimiento y colonización de América, aportando una visión más rigurosa, crítica y documentada. Para ello, se le dio acceso a una gran cantidad de documentos guardados en los archivos del Estado, especialmente en el Archivo de Indias, con sede en Sevilla.</p>
<p><strong>La creación del Archivo General de Indias<br /></strong>Precisamente, una de sus contribuciones más importantes fue su papel en la creación y organización del Archivo General de Indias. Gracias a sus recomendaciones, el rey ordenó reunir en un solo lugar toda la documentación relativa a los territorios americanos del Imperio español, con el fin de preservar y facilitar su estudio. Este archivo se convirtió en una fuente esencial para los historiadores del mundo entero y es hoy patrimonio de la humanidad.</p>
<p><strong>Obra destacada: Historia del Nuevo Mundo<br /></strong>Fruto de años de trabajo e investigación, Muñoz escribió la obra titulada “Historia del Nuevo Mundo”, publicada póstumamente en 1793. En ella intentó ofrecer una visión imparcial y rigurosa del proceso de conquista y colonización de América, alejándose tanto de las visiones glorificadoras como de las extremadamente críticas.</p>
<p>En esta obra introdujo un método más científico en la historiografía, basado en el uso de fuentes primarias, el análisis crítico y el intento de comprensión de los procesos históricos en su contexto.</p>
<p><strong>Pensador ilustrado y reformista<br /></strong>Además de historiador, Juan Bautista Muñoz fue un defensor de las ideas ilustradas: promovió la educación, la razón, la ciencia y el progreso social. Mantuvo contacto con otros ilustrados españoles como Jovellanos, Cabarrús y Floridablanca, y participó activamente en los proyectos reformistas de la monarquía borbónica.</p>
<p>A través de su trabajo, Muñoz contribuyó a modernizar la visión que España tenía de su pasado colonial, e impulsó una manera nueva de escribir y entender la historia.</p>
<p><strong>Últimos años y legado<br /></strong>Juan Bautista Muñoz falleció el 29 de enero de 1799, en Madrid. Aunque murió relativamente joven, dejó un legado intelectual inmenso. Su papel como historiador oficial de Indias, como organizador del Archivo General de Indias y como autor de una de las primeras grandes historias científicas sobre América lo convierten en una figura fundamental de la Ilustración española.</p>
<p>En su pueblo natal, Museros, su figura sigue siendo recordada con orgullo. Se le reconoce como uno de los vecinos más ilustres de la historia local, y su contribución a la cultura y al conocimiento ha trascendido las fronteras de su tiempo y lugar.</p>
<p>Juan Bautista Muñoz representa la unión entre el saber ilustrado, el compromiso con la verdad histórica y el espíritu reformista del siglo XVIII. Desde su humilde origen en Museros hasta su posición en la corte ilustrada de Carlos III, su vida es un ejemplo de cómo la educación, la investigación y el pensamiento crítico pueden transformar el mundo.</p>
<p>Su legado, especialmente en el campo de la historiografía y la organización del conocimiento, sigue vigente hoy, y su figura merece ser conocida y valorada tanto por los historiadores como por todos aquellos interesados en el desarrollo cultural de España.</p>
<p>[/et_pb_text][et_pb_image src=»https://museros.org/wp-content/uploads/2025/11/juan-bautista-munoz-web.jpg» title_text=»juan bautista munoz web» _builder_version=»4.27.4&#8243; _module_preset=»default» global_colors_info=»{}»][/et_pb_image][/et_pb_column][/et_pb_row][et_pb_row _builder_version=»4.16&#8243; _module_preset=»default» locked=»off» global_colors_info=»{}»][et_pb_column type=»4_4&#8243; _builder_version=»4.16&#8243; _module_preset=»default» global_colors_info=»{}»][et_pb_divider color=»#cc0000&#8243; divider_weight=»4px» _builder_version=»4.16&#8243; _module_preset=»default» min_height=»23px» global_colors_info=»{}»][/et_pb_divider][/et_pb_column][/et_pb_row][/et_pb_section]</p>

<p>¿Quién fue Juan Bautista Muñoz (1745–1799)? Historiador y fundador del Archivo General de Indias Un hijo ilustre de MuserosJuan Bautista Muñoz nació en Museros (Valencia) el 12 de junio de 1745. Su legado como filósofo, historiador y figura clave de la Ilustración española lo ha convertido en uno de los personajes más ilustres de nuestra [&hellip;]</p>
