{"id":277514,"date":"2025-11-12T14:31:54","date_gmt":"2025-11-12T12:31:54","guid":{"rendered":"https:\/\/museros.org\/inici\/?page_id=277514"},"modified":"2025-11-28T18:25:50","modified_gmt":"2025-11-28T16:25:50","slug":"campanya-dia-del-comerc-2025","status":"publish","type":"page","link":"https:\/\/museros.org\/inici\/campanya-dia-del-comerc-2025\/","title":{"rendered":"Campanya Dia del Comer\u00e7 2025"},"content":{"rendered":"<p>[et_pb_section fb_built=\u00bb1&#8243; _builder_version=\u00bb4.16&#8243; _module_preset=\u00bbdefault\u00bb custom_padding=\u00bb0px||||false|false\u00bb locked=\u00bboff\u00bb global_colors_info=\u00bb{}\u00bb][et_pb_row column_structure=\u00bb1_3,2_3&#8243; _builder_version=\u00bb4.16&#8243; _module_preset=\u00bbdefault\u00bb custom_margin=\u00bb0px||0px||false|false\u00bb custom_padding=\u00bb0px||0px||false|false\u00bb global_colors_info=\u00bb{}\u00bb][et_pb_column type=\u00bb1_3&#8243; _builder_version=\u00bb4.16&#8243; _module_preset=\u00bbdefault\u00bb global_colors_info=\u00bb{}\u00bb][et_pb_image src=\u00bbhttps:\/\/museros.org\/wp-content\/uploads\/2021\/08\/logo-comerc\u0327-cl-230&#215;180-1.jpg\u00bb title_text=\u00bblogo-comerc\u0327-cl-230&#215;180&#8243; url=\u00bbhttps:\/\/museros.org\/inici\/area-de-comerc\u00bb use_overlay=\u00bbon\u00bb overlay_icon_color=\u00bb#E02B20&#8243; hover_overlay_color=\u00bbrgba(255,255,255,0.7)\u00bb hover_icon=\u00bb&#xe04d;||divi||400&#8243; align=\u00bbcenter\u00bb _builder_version=\u00bb4.17.3&#8243; _module_preset=\u00bbdefault\u00bb width=\u00bb100%\u00bb width_tablet=\u00bb\u00bb width_phone=\u00bb\u00bb width_last_edited=\u00bbon|phone\u00bb module_alignment=\u00bbcenter\u00bb custom_margin=\u00bb0px||0px||false|false\u00bb custom_padding=\u00bb0px||0px||false|false\u00bb global_colors_info=\u00bb{}\u00bb][\/et_pb_image][\/et_pb_column][et_pb_column type=\u00bb2_3&#8243; _builder_version=\u00bb4.16&#8243; _module_preset=\u00bbdefault\u00bb global_colors_info=\u00bb{}\u00bb][et_pb_text _builder_version=\u00bb4.27.4&#8243; _module_preset=\u00bbdefault\u00bb custom_margin=\u00bb||||false|false\u00bb custom_padding=\u00bb||1px|0px|false|false\u00bb global_colors_info=\u00bb{}\u00bb]<\/p>\n<h1>CAMPANYA DIA DEL COMER\u00c7 2025<\/h1>\n<p>Des de l&#8217;Ajuntament de Museros volem valorar all\u00f2 que ens fa \u00fanics i ens diferencia, el xicotet comer\u00e7 del nostre poble, cada botiga, cada cafeteria, cada bar, cada servei \u00e9s molt m\u00e9s que un lloc on comprar, \u00e9s proximitat i tracte personal. \u00c9s fer poble.<\/p>\n<p>Ara m\u00e9s que mai el comer\u00e7 dels nostres pobles necessita el suport de totes les institucions i, en primer lloc, de les administracions m\u00e9s pr\u00f2ximes, en aquest cas dels ajuntaments, per aix\u00f2 l&#8217;Ajuntament de Museros i en concret la Regidoria de Comer\u00e7, amb la col\u00b7laboraci\u00f3 de l&#8217;entitat Caixa Popular i l&#8217;Associaci\u00f3 de Comerciants de Museros, volen celebrar el dia 25 d&#8217;octubre, Dia del Comer\u00e7 a la Comunitat Valenciana.<\/p>\n<p>Per aquest motiu es portar\u00e0 a terme una nova acci\u00f3 comercial que consistir\u00e0 a sortejar 15 targetes de 40 \u20ac, entre totes aquelles persones que hagen realitzat les seues compres en els nostres comer\u00e7os, bars, restaurants i cafeteries, del 13 al 25 d&#8217;octubre, tots dos inclusivament.<\/p>\n<p>Les compres hauran de ser iguals o superiors a 30 \u20ac, els tiquets es podran acumular fins a aconseguir aquest import, aquests hauran de contindre les dades de l&#8217;establiment on s&#8217;haja efectuat la despesa o la compra, a m\u00e9s les persones que presenten aquests tiquets hauran de fer constar el nom i tel\u00e8fon per a contactar-hi amb elles en cas de resultar guanyador o guanyadora d&#8217;una targeta.<\/p>\n<p><strong>Cada persona nom\u00e9s podr\u00e0 optar a un premi.<\/strong><\/p>\n<p>Els tiquets es depositaran a l&#8217;ajuntament de Museros del 13 al 27 d&#8217;octubre, tots dos inclusivament, en horari de 09.00 h a 14.00 h, en el lloc habilitat per a aquesta campanya. El sorteig es realitzar\u00e0 el dijous dia 30 d&#8217;octubre.<\/p>\n<p>El lliurament de premis de la campanya del Dia del Comer\u00e7 Local es realitzar\u00e0 en el sal\u00f3 de plens de l&#8217;Ajuntament de Museros, el dijous 13 de novembre a les 19.30 hores.<\/p>\n<p>[\/et_pb_text][et_pb_image src=\u00bbhttps:\/\/museros.org\/wp-content\/uploads\/2025\/11\/dia-del-comerc-25-octubre-2025.jpg\u00bb title_text=\u00bbdia del comer\u00e7 25 octubre 2025&#8243; _builder_version=\u00bb4.27.4&#8243; _module_preset=\u00bbdefault\u00bb custom_margin=\u00bb40px||||false|false\u00bb global_colors_info=\u00bb{}\u00bb][\/et_pb_image][\/et_pb_column][\/et_pb_row][et_pb_row _builder_version=\u00bb4.16&#8243; _module_preset=\u00bbdefault\u00bb custom_margin=\u00bb50px||0px||false|false\u00bb custom_padding=\u00bb0px||0px||false|false\u00bb global_colors_info=\u00bb{}\u00bb][et_pb_column type=\u00bb4_4&#8243; _builder_version=\u00bb4.16&#8243; _module_preset=\u00bbdefault\u00bb global_colors_info=\u00bb{}\u00bb][et_pb_divider color=\u00bb#E02B20&#8243; divider_weight=\u00bb4px\u00bb _builder_version=\u00bb4.16&#8243; _module_preset=\u00bbdefault\u00bb custom_margin=\u00bb0px||0px||false|false\u00bb custom_padding=\u00bb0px||0px||false|false\u00bb global_colors_info=\u00bb{}\u00bb][\/et_pb_divider][\/et_pb_column][\/et_pb_row][\/et_pb_section]<\/p>\n","protected":false},"excerpt":{"rendered":"<p>CAMPANYA DIA DEL COMER\u00c7 2025 Des de l&#8217;Ajuntament de Museros volem valorar all\u00f2 que ens fa \u00fanics i ens diferencia, el xicotet comer\u00e7 del nostre poble, cada botiga, cada cafeteria, cada bar, cada servei \u00e9s molt m\u00e9s que un lloc on comprar, \u00e9s proximitat i tracte personal. \u00c9s fer poble. Ara m\u00e9s que mai el [&hellip;]<\/p>\n","protected":false},"author":9,"featured_media":0,"parent":0,"menu_order":0,"comment_status":"closed","ping_status":"closed","template":"","meta":{"_et_pb_use_builder":"on","_et_pb_old_content":"","_et_gb_content_width":"","_mc_calendar":[],"footnotes":""},"wf_page_folders":[275,281,294],"class_list":["post-277514","page","type-page","status-publish","hentry"],"_links":{"self":[{"href":"https:\/\/museros.org\/inici\/wp-json\/wp\/v2\/pages\/277514","targetHints":{"allow":["GET"]}}],"collection":[{"href":"https:\/\/museros.org\/inici\/wp-json\/wp\/v2\/pages"}],"about":[{"href":"https:\/\/museros.org\/inici\/wp-json\/wp\/v2\/types\/page"}],"author":[{"embeddable":true,"href":"https:\/\/museros.org\/inici\/wp-json\/wp\/v2\/users\/9"}],"replies":[{"embeddable":true,"href":"https:\/\/museros.org\/inici\/wp-json\/wp\/v2\/comments?post=277514"}],"version-history":[{"count":3,"href":"https:\/\/museros.org\/inici\/wp-json\/wp\/v2\/pages\/277514\/revisions"}],"predecessor-version":[{"id":277773,"href":"https:\/\/museros.org\/inici\/wp-json\/wp\/v2\/pages\/277514\/revisions\/277773"}],"wp:attachment":[{"href":"https:\/\/museros.org\/inici\/wp-json\/wp\/v2\/media?parent=277514"}],"wp:term":[{"taxonomy":"wf_page_folders","embeddable":true,"href":"https:\/\/museros.org\/inici\/wp-json\/wp\/v2\/wf_page_folders?post=277514"}],"curies":[{"name":"wp","href":"https:\/\/api.w.org\/{rel}","templated":true}]}}

Campanya Dia del Comerç 2025

<p>[et_pb_section fb_built=»1&#8243; _builder_version=»4.16&#8243; _module_preset=»default» custom_padding=»0px||||false|false» locked=»off» global_colors_info=»{}»][et_pb_row column_structure=»1_3,2_3&#8243; _builder_version=»4.16&#8243; _module_preset=»default» custom_margin=»0px||0px||false|false» custom_padding=»0px||0px||false|false» global_colors_info=»{}»][et_pb_column type=»1_3&#8243; _builder_version=»4.16&#8243; _module_preset=»default» global_colors_info=»{}»][et_pb_image src=»https://museros.org/wp-content/uploads/2021/08/logo-comerç-cl-230&#215;180-1.jpg» title_text=»logo-comerç-cl-230&#215;180&#8243; url=»https://museros.org/inici/area-de-comerc» use_overlay=»on» overlay_icon_color=»#E02B20&#8243; hover_overlay_color=»rgba(255,255,255,0.7)» hover_icon=»&#xe04d;||divi||400&#8243; align=»center» _builder_version=»4.17.3&#8243; _module_preset=»default» width=»100%» width_tablet=»» width_phone=»» width_last_edited=»on|phone» module_alignment=»center» custom_margin=»0px||0px||false|false» custom_padding=»0px||0px||false|false» global_colors_info=»{}»][/et_pb_image][/et_pb_column][et_pb_column type=»2_3&#8243; _builder_version=»4.16&#8243; _module_preset=»default» global_colors_info=»{}»][et_pb_text _builder_version=»4.27.4&#8243; _module_preset=»default» custom_margin=»||||false|false» custom_padding=»||1px|0px|false|false» global_colors_info=»{}»]</p>
<h1>CAMPANYA DIA DEL COMERÇ 2025</h1>
<p>Des de l&#8217;Ajuntament de Museros volem valorar allò que ens fa únics i ens diferencia, el xicotet comerç del nostre poble, cada botiga, cada cafeteria, cada bar, cada servei és molt més que un lloc on comprar, és proximitat i tracte personal. És fer poble.</p>
<p>Ara més que mai el comerç dels nostres pobles necessita el suport de totes les institucions i, en primer lloc, de les administracions més pròximes, en aquest cas dels ajuntaments, per això l&#8217;Ajuntament de Museros i en concret la Regidoria de Comerç, amb la col·laboració de l&#8217;entitat Caixa Popular i l&#8217;Associació de Comerciants de Museros, volen celebrar el dia 25 d&#8217;octubre, Dia del Comerç a la Comunitat Valenciana.</p>
<p>Per aquest motiu es portarà a terme una nova acció comercial que consistirà a sortejar 15 targetes de 40 €, entre totes aquelles persones que hagen realitzat les seues compres en els nostres comerços, bars, restaurants i cafeteries, del 13 al 25 d&#8217;octubre, tots dos inclusivament.</p>
<p>Les compres hauran de ser iguals o superiors a 30 €, els tiquets es podran acumular fins a aconseguir aquest import, aquests hauran de contindre les dades de l&#8217;establiment on s&#8217;haja efectuat la despesa o la compra, a més les persones que presenten aquests tiquets hauran de fer constar el nom i telèfon per a contactar-hi amb elles en cas de resultar guanyador o guanyadora d&#8217;una targeta.</p>
<p><strong>Cada persona només podrà optar a un premi.</strong></p>
<p>Els tiquets es depositaran a l&#8217;ajuntament de Museros del 13 al 27 d&#8217;octubre, tots dos inclusivament, en horari de 09.00 h a 14.00 h, en el lloc habilitat per a aquesta campanya. El sorteig es realitzarà el dijous dia 30 d&#8217;octubre.</p>
<p>El lliurament de premis de la campanya del Dia del Comerç Local es realitzarà en el saló de plens de l&#8217;Ajuntament de Museros, el dijous 13 de novembre a les 19.30 hores.</p>
<p>[/et_pb_text][et_pb_image src=»https://museros.org/wp-content/uploads/2025/11/dia-del-comerc-25-octubre-2025.jpg» title_text=»dia del comerç 25 octubre 2025&#8243; _builder_version=»4.27.4&#8243; _module_preset=»default» custom_margin=»40px||||false|false» global_colors_info=»{}»][/et_pb_image][/et_pb_column][/et_pb_row][et_pb_row _builder_version=»4.16&#8243; _module_preset=»default» custom_margin=»50px||0px||false|false» custom_padding=»0px||0px||false|false» global_colors_info=»{}»][et_pb_column type=»4_4&#8243; _builder_version=»4.16&#8243; _module_preset=»default» global_colors_info=»{}»][et_pb_divider color=»#E02B20&#8243; divider_weight=»4px» _builder_version=»4.16&#8243; _module_preset=»default» custom_margin=»0px||0px||false|false» custom_padding=»0px||0px||false|false» global_colors_info=»{}»][/et_pb_divider][/et_pb_column][/et_pb_row][/et_pb_section]</p>

<p>CAMPANYA DIA DEL COMERÇ 2025 Des de l&#8217;Ajuntament de Museros volem valorar allò que ens fa únics i ens diferencia, el xicotet comerç del nostre poble, cada botiga, cada cafeteria, cada bar, cada servei és molt més que un lloc on comprar, és proximitat i tracte personal. És fer poble. Ara més que mai el [&hellip;]</p>
