{"id":276567,"date":"2025-09-02T15:18:30","date_gmt":"2025-09-02T13:18:30","guid":{"rendered":"https:\/\/museros.org\/inici\/?page_id=276567"},"modified":"2025-10-30T13:23:46","modified_gmt":"2025-10-30T11:23:46","slug":"dias-culturales-para-nuestros-mayores-2025","status":"publish","type":"page","link":"https:\/\/museros.org\/inici\/es\/dias-culturales-para-nuestros-mayores-2025\/","title":{"rendered":"D\u00edas Culturales para Nuestros Mayores 2025"},"content":{"rendered":"<p>[et_pb_section fb_built=\u00bb1&#8243; _builder_version=\u00bb4.17.4&#8243; _module_preset=\u00bbdefault\u00bb custom_margin=\u00bb40px||||false|false\u00bb custom_padding=\u00bb0px||||false|false\u00bb locked=\u00bboff\u00bb global_colors_info=\u00bb{}\u00bb][et_pb_row column_structure=\u00bb1_4,3_4&#8243; _builder_version=\u00bb4.17.4&#8243; _module_preset=\u00bbdefault\u00bb custom_padding=\u00bb0px||||false|false\u00bb global_colors_info=\u00bb{}\u00bb][et_pb_column type=\u00bb1_4&#8243; _builder_version=\u00bb4.16&#8243; _module_preset=\u00bbdefault\u00bb global_colors_info=\u00bb{}\u00bb][et_pb_image src=\u00bbhttps:\/\/museros.org\/wp-content\/uploads\/2021\/09\/logo-mayores-cl-230&#215;180-1.jpg\u00bb title_text=\u00bblogo-mayores-cl-230&#215;180&#8243; url=\u00bbhttps:\/\/museros.org\/inici\/es\/area-de-mayores\/\u00bb use_overlay=\u00bbon\u00bb overlay_icon_color=\u00bb#E02B20&#8243; hover_overlay_color=\u00bbrgba(255,255,255,0.71)\u00bb hover_icon=\u00bb&#xe04d;||divi||400&#8243; show_bottom_space=\u00bboff\u00bb align=\u00bbcenter\u00bb _builder_version=\u00bb4.21.0&#8243; _module_preset=\u00bbdefault\u00bb locked=\u00bboff\u00bb global_colors_info=\u00bb{}\u00bb][\/et_pb_image][\/et_pb_column][et_pb_column type=\u00bb3_4&#8243; _builder_version=\u00bb4.16&#8243; _module_preset=\u00bbdefault\u00bb global_colors_info=\u00bb{}\u00bb][et_pb_image src=\u00bbhttps:\/\/museros.org\/wp-content\/uploads\/2025\/09\/majors-dies-culturals-2025.jpg\u00bb title_text=\u00bbmajors dies culturals 2025&#8243; src_tablet=\u00bbhttps:\/\/museros.org\/wp-content\/uploads\/2025\/09\/majors-dies-culturals-2025.jpg\u00bb src_phone=\u00bbhttps:\/\/museros.org\/wp-content\/uploads\/2025\/09\/majors-dies-culturals-2025.jpg\u00bb src_last_edited=\u00bbon|phone\u00bb _builder_version=\u00bb4.27.4&#8243; _module_preset=\u00bbdefault\u00bb global_colors_info=\u00bb{}\u00bb][\/et_pb_image][et_pb_text _builder_version=\u00bb4.27.4&#8243; _module_preset=\u00bbdefault\u00bb global_colors_info=\u00bb{}\u00bb]<\/p>\n<p>Del 18 de septiembre al 2 de octubre celebramos los D\u00edas Culturales para Nuestros Mayores con muchas actividades, consulta toda la programaci\u00f3n en la imagen para ir reservando las fechas, a continuaci\u00f3n detallamos los d\u00edas para apuntarse.<\/p>\n<p><strong>&#8211; Inscripciones para las salidas culturales:<\/strong> en el ayuntamiento de Museros del 11 al 22 de septiembre, de lunes a viernes de 9.00 h a 14.00 h. Solo personas empadronadas en Museros.<\/p>\n<p><strong>&#8211; Inscripciones para los juegos de mesa:<\/strong> los d\u00edas 16, 18 y 23 de septiembre de 18.30 h a 20.00 h en el Hogar del jubilado.<\/p>\n<p><strong>&#8211; Inscripciones para el espect\u00e1culo de humor:<\/strong> en la Casa de Cultura del 9 al 23 de septiembre, horario de ma\u00f1anas: de lunes a jueves, de 9.30 h a 12.30 h, horario de tardes: martes y jueves de 17.30 h a 20.00 h.<\/p>\n<p><strong>&#8211; Inscripciones para la comida homenaje a nuestros mayores:<\/strong> en el ayuntamiento de Museros, del 15 al 24 de septiembre, de 9.00 h a 14.00 h. Para personas empadronadas en Museros, que sean mayores de 65 a\u00f1os, jubiladas o jubilados y\/o pensionistas mayores de 60 a\u00f1os. No se entregar\u00e1n invitaciones para ninguna persona que no re\u00fana estas condiciones.<\/p>\n<p>[\/et_pb_text][et_pb_button button_url=\u00bbhttps:\/\/museros.org\/wp-content\/uploads\/2025\/09\/triptic-dies-culturals-per-als-nostres-majors.pdf\u00bb url_new_window=\u00bbon\u00bb button_text=\u00bb Tr\u00edptico informativo de los D\u00edas Culturales para nuestros Mayores\u00bb _builder_version=\u00bb4.27.4&#8243; _module_preset=\u00bbdefault\u00bb locked=\u00bboff\u00bb global_colors_info=\u00bb{}\u00bb][\/et_pb_button][\/et_pb_column][\/et_pb_row][et_pb_row _builder_version=\u00bb4.16&#8243; _module_preset=\u00bbdefault\u00bb custom_margin=\u00bb0px||||false|false\u00bb custom_padding=\u00bb0px||||false|false\u00bb global_colors_info=\u00bb{}\u00bb][et_pb_column type=\u00bb4_4&#8243; _builder_version=\u00bb4.16&#8243; _module_preset=\u00bbdefault\u00bb global_colors_info=\u00bb{}\u00bb][et_pb_divider color=\u00bb#E02B20&#8243; divider_weight=\u00bb4px\u00bb _builder_version=\u00bb4.16&#8243; _module_preset=\u00bbdefault\u00bb custom_margin=\u00bb40px||||false|false\u00bb global_colors_info=\u00bb{}\u00bb][\/et_pb_divider][\/et_pb_column][\/et_pb_row][\/et_pb_section]<\/p>\n","protected":false},"excerpt":{"rendered":"<p>Del 18 de septiembre al 2 de octubre celebramos los D\u00edas Culturales para Nuestros Mayores con muchas actividades, consulta toda la programaci\u00f3n en la imagen para ir reservando las fechas, a continuaci\u00f3n detallamos los d\u00edas para apuntarse. &#8211; Inscripciones para las salidas culturales: en el ayuntamiento de Museros del 11 al 22 de septiembre, de [&hellip;]<\/p>\n","protected":false},"author":9,"featured_media":0,"parent":0,"menu_order":0,"comment_status":"closed","ping_status":"closed","template":"","meta":{"_et_pb_use_builder":"on","_et_pb_old_content":"","_et_gb_content_width":"","_mc_calendar":[],"footnotes":""},"wf_page_folders":[281,296],"class_list":["post-276567","page","type-page","status-publish","hentry"],"_links":{"self":[{"href":"https:\/\/museros.org\/inici\/wp-json\/wp\/v2\/pages\/276567","targetHints":{"allow":["GET"]}}],"collection":[{"href":"https:\/\/museros.org\/inici\/wp-json\/wp\/v2\/pages"}],"about":[{"href":"https:\/\/museros.org\/inici\/wp-json\/wp\/v2\/types\/page"}],"author":[{"embeddable":true,"href":"https:\/\/museros.org\/inici\/wp-json\/wp\/v2\/users\/9"}],"replies":[{"embeddable":true,"href":"https:\/\/museros.org\/inici\/wp-json\/wp\/v2\/comments?post=276567"}],"version-history":[{"count":5,"href":"https:\/\/museros.org\/inici\/wp-json\/wp\/v2\/pages\/276567\/revisions"}],"predecessor-version":[{"id":277370,"href":"https:\/\/museros.org\/inici\/wp-json\/wp\/v2\/pages\/276567\/revisions\/277370"}],"wp:attachment":[{"href":"https:\/\/museros.org\/inici\/wp-json\/wp\/v2\/media?parent=276567"}],"wp:term":[{"taxonomy":"wf_page_folders","embeddable":true,"href":"https:\/\/museros.org\/inici\/wp-json\/wp\/v2\/wf_page_folders?post=276567"}],"curies":[{"name":"wp","href":"https:\/\/api.w.org\/{rel}","templated":true}]}}

Días Culturales para Nuestros Mayores 2025

<p>[et_pb_section fb_built=»1&#8243; _builder_version=»4.17.4&#8243; _module_preset=»default» custom_margin=»40px||||false|false» custom_padding=»0px||||false|false» locked=»off» global_colors_info=»{}»][et_pb_row column_structure=»1_4,3_4&#8243; _builder_version=»4.17.4&#8243; _module_preset=»default» custom_padding=»0px||||false|false» global_colors_info=»{}»][et_pb_column type=»1_4&#8243; _builder_version=»4.16&#8243; _module_preset=»default» global_colors_info=»{}»][et_pb_image src=»https://museros.org/wp-content/uploads/2021/09/logo-mayores-cl-230&#215;180-1.jpg» title_text=»logo-mayores-cl-230&#215;180&#8243; url=»https://museros.org/inici/es/area-de-mayores/» use_overlay=»on» overlay_icon_color=»#E02B20&#8243; hover_overlay_color=»rgba(255,255,255,0.71)» hover_icon=»&#xe04d;||divi||400&#8243; show_bottom_space=»off» align=»center» _builder_version=»4.21.0&#8243; _module_preset=»default» locked=»off» global_colors_info=»{}»][/et_pb_image][/et_pb_column][et_pb_column type=»3_4&#8243; _builder_version=»4.16&#8243; _module_preset=»default» global_colors_info=»{}»][et_pb_image src=»https://museros.org/wp-content/uploads/2025/09/majors-dies-culturals-2025.jpg» title_text=»majors dies culturals 2025&#8243; src_tablet=»https://museros.org/wp-content/uploads/2025/09/majors-dies-culturals-2025.jpg» src_phone=»https://museros.org/wp-content/uploads/2025/09/majors-dies-culturals-2025.jpg» src_last_edited=»on|phone» _builder_version=»4.27.4&#8243; _module_preset=»default» global_colors_info=»{}»][/et_pb_image][et_pb_text _builder_version=»4.27.4&#8243; _module_preset=»default» global_colors_info=»{}»]</p>
<p>Del 18 de septiembre al 2 de octubre celebramos los Días Culturales para Nuestros Mayores con muchas actividades, consulta toda la programación en la imagen para ir reservando las fechas, a continuación detallamos los días para apuntarse.</p>
<p><strong>&#8211; Inscripciones para las salidas culturales:</strong> en el ayuntamiento de Museros del 11 al 22 de septiembre, de lunes a viernes de 9.00 h a 14.00 h. Solo personas empadronadas en Museros.</p>
<p><strong>&#8211; Inscripciones para los juegos de mesa:</strong> los días 16, 18 y 23 de septiembre de 18.30 h a 20.00 h en el Hogar del jubilado.</p>
<p><strong>&#8211; Inscripciones para el espectáculo de humor:</strong> en la Casa de Cultura del 9 al 23 de septiembre, horario de mañanas: de lunes a jueves, de 9.30 h a 12.30 h, horario de tardes: martes y jueves de 17.30 h a 20.00 h.</p>
<p><strong>&#8211; Inscripciones para la comida homenaje a nuestros mayores:</strong> en el ayuntamiento de Museros, del 15 al 24 de septiembre, de 9.00 h a 14.00 h. Para personas empadronadas en Museros, que sean mayores de 65 años, jubiladas o jubilados y/o pensionistas mayores de 60 años. No se entregarán invitaciones para ninguna persona que no reúna estas condiciones.</p>
<p>[/et_pb_text][et_pb_button button_url=»https://museros.org/wp-content/uploads/2025/09/triptic-dies-culturals-per-als-nostres-majors.pdf» url_new_window=»on» button_text=» Tríptico informativo de los Días Culturales para nuestros Mayores» _builder_version=»4.27.4&#8243; _module_preset=»default» locked=»off» global_colors_info=»{}»][/et_pb_button][/et_pb_column][/et_pb_row][et_pb_row _builder_version=»4.16&#8243; _module_preset=»default» custom_margin=»0px||||false|false» custom_padding=»0px||||false|false» global_colors_info=»{}»][et_pb_column type=»4_4&#8243; _builder_version=»4.16&#8243; _module_preset=»default» global_colors_info=»{}»][et_pb_divider color=»#E02B20&#8243; divider_weight=»4px» _builder_version=»4.16&#8243; _module_preset=»default» custom_margin=»40px||||false|false» global_colors_info=»{}»][/et_pb_divider][/et_pb_column][/et_pb_row][/et_pb_section]</p>

<p>Del 18 de septiembre al 2 de octubre celebramos los Días Culturales para Nuestros Mayores con muchas actividades, consulta toda la programación en la imagen para ir reservando las fechas, a continuación detallamos los días para apuntarse. &#8211; Inscripciones para las salidas culturales: en el ayuntamiento de Museros del 11 al 22 de septiembre, de [&hellip;]</p>
