{"id":274969,"date":"2025-05-30T16:34:44","date_gmt":"2025-05-30T16:34:44","guid":{"rendered":"https:\/\/museros.org\/inici\/?page_id=274969"},"modified":"2025-06-02T07:34:57","modified_gmt":"2025-06-02T07:34:57","slug":"escueladeverano2025","status":"publish","type":"page","link":"https:\/\/museros.org\/inici\/es\/escueladeverano2025\/","title":{"rendered":"Escuela de Verano 2025"},"content":{"rendered":"<p>[et_pb_section fb_built=\u00bb1&#8243; _builder_version=\u00bb4.21.0&#8243; _module_preset=\u00bbdefault\u00bb locked=\u00bboff\u00bb global_colors_info=\u00bb{}\u00bb][et_pb_row column_structure=\u00bb1_4,3_4&#8243; _builder_version=\u00bb4.21.0&#8243; _module_preset=\u00bbdefault\u00bb custom_margin=\u00bb0px||||false|false\u00bb custom_padding=\u00bb||||false|false\u00bb locked=\u00bboff\u00bb global_colors_info=\u00bb{}\u00bb][et_pb_column type=\u00bb1_4&#8243; _builder_version=\u00bb4.16&#8243; _module_preset=\u00bbdefault\u00bb global_colors_info=\u00bb{}\u00bb][et_pb_image src=\u00bbhttps:\/\/museros.org\/wp-content\/uploads\/2022\/03\/escola-destiu-180&#215;230-1.jpg\u00bb title_text=\u00bbescola-destiu-180&#215;230&#8243; url=\u00bbhttps:\/\/museros.org\/inici\/es\/actividades-de-educacion\/\u00bb use_overlay=\u00bbon\u00bb overlay_icon_color=\u00bb#E02B20&#8243; hover_overlay_color=\u00bbrgba(255,255,255,0.7)\u00bb hover_icon=\u00bb&#xe04d;||divi||400&#8243; align=\u00bbcenter\u00bb admin_label=\u00bb\u00e0rea educaio\u00bb _builder_version=\u00bb4.27.4&#8243; _module_preset=\u00bbdefault\u00bb module_alignment=\u00bbcenter\u00bb locked=\u00bboff\u00bb global_colors_info=\u00bb{}\u00bb][\/et_pb_image][\/et_pb_column][et_pb_column type=\u00bb3_4&#8243; _builder_version=\u00bb4.16&#8243; _module_preset=\u00bbdefault\u00bb global_colors_info=\u00bb{}\u00bb][et_pb_image src=\u00bbhttps:\/\/museros.org\/wp-content\/uploads\/2025\/05\/Escola-Estiu-2025.jpg\u00bb title_text=\u00bbEscola Estiu 2025&#8243; _builder_version=\u00bb4.27.4&#8243; _module_preset=\u00bbdefault\u00bb global_colors_info=\u00bb{}\u00bb][\/et_pb_image][et_pb_text _builder_version=\u00bb4.27.4&#8243; _module_preset=\u00bbdefault\u00bb custom_padding=\u00bb2px|||||\u00bb hover_enabled=\u00bb0&#8243; global_colors_info=\u00bb{}\u00bb sticky_enabled=\u00bb0&#8243;]<\/p>\n<h1>Escuela de Verano 2025<\/h1>\n<h2>\u00abCiutat que somia\u00bb<\/h2>\n<p>Ambientada en la isla m\u00e1gica \u2018Ciudad que sue\u00f1a\u2019. Un espacio para quienes creen en el poder de la amistad y de la aventura, inspirado en el Pa\u00eds de Nunca Jam\u00e1s.<\/p>\n<p><strong>Del 1 al 31 de julio en el CEIP Blasco Ib\u00e1\u00f1ez.<\/strong> Para todos los ni\u00f1os y ni\u00f1as que cursan educaci\u00f3n primaria o segundo ciclo de infantil.<\/p>\n<p><strong>Inscripci\u00f3n online<\/strong> empadronados\/as o trabajadores\/as en el municipio: del<strong> 2 al 9 de junio de 2025.<\/strong><br \/><strong>Apoyo presencial<\/strong> a personas sin disponibilidad de medios digitales: <strong>del 4 al 6 de junio en el Espai Jove, de 11 a 14 horas.<\/strong><br \/>Plazo de inscripci\u00f3n para el<strong> resto de casos: del 10 al 13 de junio de 2025.<\/strong><br \/><strong>PLAZAS LIMITADAS.<\/strong> Si se cubriesen todas las plazas en el primer periodo, se abrir\u00eda lista de espera.<\/p>\n<p>Enlace a la inscripci\u00f3n: <a href=\"https:\/\/bit.ly\/3HsrNY9\" target=\"_blank\" rel=\"noopener\">https:\/\/bit.ly\/3HsrNY9<\/a><\/p>\n<p>Posibilidad de matinera para personas que est\u00e9n trabajando y lo justifiquen. Ser\u00e1 necesario rellenar el formulario <a href=\"http:\/\/bit.ly\/43yswOW\" target=\"_blank\" rel=\"noopener\">(http:\/\/bit.ly\/43yswOW<\/a>) y adjuntar los certificados de empresa de los progenitores.<\/p>\n<p>IMPORTANTE: la solicitud de inscripci\u00f3n no garantiza la plaza, se recibir\u00e1 un correo de confirmaci\u00f3n.<\/p>\n<p>M\u00e1s informaci\u00f3n en el cartel.<\/p>\n<p>[\/et_pb_text][\/et_pb_column][\/et_pb_row][et_pb_row _builder_version=\u00bb4.21.0&#8243; _module_preset=\u00bbdefault\u00bb locked=\u00bboff\u00bb global_colors_info=\u00bb{}\u00bb][et_pb_column type=\u00bb4_4&#8243; _builder_version=\u00bb4.21.0&#8243; _module_preset=\u00bbdefault\u00bb global_colors_info=\u00bb{}\u00bb][et_pb_divider color=\u00bb#E02B20&#8243; divider_weight=\u00bb4px\u00bb _builder_version=\u00bb4.21.0&#8243; _module_preset=\u00bbdefault\u00bb global_colors_info=\u00bb{}\u00bb][\/et_pb_divider][\/et_pb_column][\/et_pb_row][\/et_pb_section]<\/p>\n","protected":false},"excerpt":{"rendered":"<p>Escuela de Verano 2025 \u00abCiutat que somia\u00bb Ambientada en la isla m\u00e1gica \u2018Ciudad que sue\u00f1a\u2019. Un espacio para quienes creen en el poder de la amistad y de la aventura, inspirado en el Pa\u00eds de Nunca Jam\u00e1s. Del 1 al 31 de julio en el CEIP Blasco Ib\u00e1\u00f1ez. Para todos los ni\u00f1os y ni\u00f1as que [&hellip;]<\/p>\n","protected":false},"author":9,"featured_media":0,"parent":0,"menu_order":0,"comment_status":"closed","ping_status":"closed","template":"","meta":{"_et_pb_use_builder":"on","_et_pb_old_content":"","_et_gb_content_width":"","_mc_calendar":[],"footnotes":""},"wf_page_folders":[298],"class_list":["post-274969","page","type-page","status-publish","hentry"],"_links":{"self":[{"href":"https:\/\/museros.org\/inici\/wp-json\/wp\/v2\/pages\/274969","targetHints":{"allow":["GET"]}}],"collection":[{"href":"https:\/\/museros.org\/inici\/wp-json\/wp\/v2\/pages"}],"about":[{"href":"https:\/\/museros.org\/inici\/wp-json\/wp\/v2\/types\/page"}],"author":[{"embeddable":true,"href":"https:\/\/museros.org\/inici\/wp-json\/wp\/v2\/users\/9"}],"replies":[{"embeddable":true,"href":"https:\/\/museros.org\/inici\/wp-json\/wp\/v2\/comments?post=274969"}],"version-history":[{"count":7,"href":"https:\/\/museros.org\/inici\/wp-json\/wp\/v2\/pages\/274969\/revisions"}],"predecessor-version":[{"id":275080,"href":"https:\/\/museros.org\/inici\/wp-json\/wp\/v2\/pages\/274969\/revisions\/275080"}],"wp:attachment":[{"href":"https:\/\/museros.org\/inici\/wp-json\/wp\/v2\/media?parent=274969"}],"wp:term":[{"taxonomy":"wf_page_folders","embeddable":true,"href":"https:\/\/museros.org\/inici\/wp-json\/wp\/v2\/wf_page_folders?post=274969"}],"curies":[{"name":"wp","href":"https:\/\/api.w.org\/{rel}","templated":true}]}}

<p>[et_pb_section fb_built=»1&#8243; _builder_version=»4.21.0&#8243; _module_preset=»default» locked=»off» global_colors_info=»{}»][et_pb_row column_structure=»1_4,3_4&#8243; _builder_version=»4.21.0&#8243; _module_preset=»default» custom_margin=»0px||||false|false» custom_padding=»||||false|false» locked=»off» global_colors_info=»{}»][et_pb_column type=»1_4&#8243; _builder_version=»4.16&#8243; _module_preset=»default» global_colors_info=»{}»][et_pb_image src=»https://museros.org/wp-content/uploads/2022/03/escola-destiu-180&#215;230-1.jpg» title_text=»escola-destiu-180&#215;230&#8243; url=»https://museros.org/inici/es/actividades-de-educacion/» use_overlay=»on» overlay_icon_color=»#E02B20&#8243; hover_overlay_color=»rgba(255,255,255,0.7)» hover_icon=»&#xe04d;||divi||400&#8243; align=»center» admin_label=»àrea educaio» _builder_version=»4.27.4&#8243; _module_preset=»default» module_alignment=»center» locked=»off» global_colors_info=»{}»][/et_pb_image][/et_pb_column][et_pb_column type=»3_4&#8243; _builder_version=»4.16&#8243; _module_preset=»default» global_colors_info=»{}»][et_pb_image src=»https://museros.org/wp-content/uploads/2025/05/Escola-Estiu-2025.jpg» title_text=»Escola Estiu 2025&#8243; _builder_version=»4.27.4&#8243; _module_preset=»default» global_colors_info=»{}»][/et_pb_image][et_pb_text _builder_version=»4.27.4&#8243; _module_preset=»default» custom_padding=»2px|||||» hover_enabled=»0&#8243; global_colors_info=»{}» sticky_enabled=»0&#8243;]</p>
<h1>Escuela de Verano 2025</h1>
<h2>«Ciutat que somia»</h2>
<p>Ambientada en la isla mágica ‘Ciudad que sueña’. Un espacio para quienes creen en el poder de la amistad y de la aventura, inspirado en el País de Nunca Jamás.</p>
<p><strong>Del 1 al 31 de julio en el CEIP Blasco Ibáñez.</strong> Para todos los niños y niñas que cursan educación primaria o segundo ciclo de infantil.</p>
<p><strong>Inscripción online</strong> empadronados/as o trabajadores/as en el municipio: del<strong> 2 al 9 de junio de 2025.</strong><br /><strong>Apoyo presencial</strong> a personas sin disponibilidad de medios digitales: <strong>del 4 al 6 de junio en el Espai Jove, de 11 a 14 horas.</strong><br />Plazo de inscripción para el<strong> resto de casos: del 10 al 13 de junio de 2025.</strong><br /><strong>PLAZAS LIMITADAS.</strong> Si se cubriesen todas las plazas en el primer periodo, se abriría lista de espera.</p>
<p>Enlace a la inscripción: <a href="https://bit.ly/3HsrNY9" target="_blank" rel="noopener">https://bit.ly/3HsrNY9</a></p>
<p>Posibilidad de matinera para personas que estén trabajando y lo justifiquen. Será necesario rellenar el formulario <a href="http://bit.ly/43yswOW" target="_blank" rel="noopener">(http://bit.ly/43yswOW</a>) y adjuntar los certificados de empresa de los progenitores.</p>
<p>IMPORTANTE: la solicitud de inscripción no garantiza la plaza, se recibirá un correo de confirmación.</p>
<p>Más información en el cartel.</p>
<p>[/et_pb_text][/et_pb_column][/et_pb_row][et_pb_row _builder_version=»4.21.0&#8243; _module_preset=»default» locked=»off» global_colors_info=»{}»][et_pb_column type=»4_4&#8243; _builder_version=»4.21.0&#8243; _module_preset=»default» global_colors_info=»{}»][et_pb_divider color=»#E02B20&#8243; divider_weight=»4px» _builder_version=»4.21.0&#8243; _module_preset=»default» global_colors_info=»{}»][/et_pb_divider][/et_pb_column][/et_pb_row][/et_pb_section]</p>

<p>Escuela de Verano 2025 «Ciutat que somia» Ambientada en la isla mágica ‘Ciudad que sueña’. Un espacio para quienes creen en el poder de la amistad y de la aventura, inspirado en el País de Nunca Jamás. Del 1 al 31 de julio en el CEIP Blasco Ibáñez. Para todos los niños y niñas que [&hellip;]</p>
