{"id":274956,"date":"2025-05-30T16:27:35","date_gmt":"2025-05-30T16:27:35","guid":{"rendered":"https:\/\/museros.org\/inici\/?page_id=274956"},"modified":"2025-07-25T16:01:53","modified_gmt":"2025-07-25T16:01:53","slug":"escoladestiu2025","status":"publish","type":"page","link":"https:\/\/museros.org\/inici\/escoladestiu2025\/","title":{"rendered":"Escola d&#8217;estiu 2025"},"content":{"rendered":"<p>[et_pb_section fb_built=\u00bb1&#8243; _builder_version=\u00bb4.21.0&#8243; _module_preset=\u00bbdefault\u00bb locked=\u00bboff\u00bb global_colors_info=\u00bb{}\u00bb][et_pb_row column_structure=\u00bb1_4,3_4&#8243; _builder_version=\u00bb4.21.0&#8243; _module_preset=\u00bbdefault\u00bb custom_margin=\u00bb0px||||false|false\u00bb custom_padding=\u00bb||||false|false\u00bb locked=\u00bboff\u00bb global_colors_info=\u00bb{}\u00bb][et_pb_column type=\u00bb1_4&#8243; _builder_version=\u00bb4.16&#8243; _module_preset=\u00bbdefault\u00bb global_colors_info=\u00bb{}\u00bb][et_pb_image src=\u00bbhttps:\/\/museros.org\/wp-content\/uploads\/2022\/03\/escola-destiu-180&#215;230-1.jpg\u00bb title_text=\u00bbescola-destiu-180&#215;230&#8243; url=\u00bbhttps:\/\/museros.org\/inici\/activitats-deducacio\/\u00bb use_overlay=\u00bbon\u00bb overlay_icon_color=\u00bb#E02B20&#8243; hover_overlay_color=\u00bbrgba(255,255,255,0.7)\u00bb hover_icon=\u00bb&#xe04d;||divi||400&#8243; align=\u00bbcenter\u00bb admin_label=\u00bb\u00e0rea educaio\u00bb _builder_version=\u00bb4.16&#8243; _module_preset=\u00bbdefault\u00bb module_alignment=\u00bbcenter\u00bb locked=\u00bboff\u00bb global_colors_info=\u00bb{}\u00bb][\/et_pb_image][\/et_pb_column][et_pb_column type=\u00bb3_4&#8243; _builder_version=\u00bb4.16&#8243; _module_preset=\u00bbdefault\u00bb global_colors_info=\u00bb{}\u00bb][et_pb_image src=\u00bbhttps:\/\/museros.org\/wp-content\/uploads\/2025\/05\/Escola-Estiu-2025.jpg\u00bb title_text=\u00bbEscola Estiu 2025&#8243; _builder_version=\u00bb4.27.4&#8243; _module_preset=\u00bbdefault\u00bb global_colors_info=\u00bb{}\u00bb][\/et_pb_image][et_pb_text _builder_version=\u00bb4.27.4&#8243; _module_preset=\u00bbdefault\u00bb custom_padding=\u00bb2px|||||\u00bb hover_enabled=\u00bb0&#8243; global_colors_info=\u00bb{}\u00bb sticky_enabled=\u00bb0&#8243;]<\/p>\n<h1>Escola d&#8217;Estiu 2025<\/h1>\n<h2>\u00abCiutat que somia\u00bb<\/h2>\n<p>Ambientada a l&#8217;illa m\u00e0gica \u2018Ciutat que somia\u2019. Un espai per als qui creuen en el poder de l&#8217;amistat i de l&#8217;aventura, inspirat en el Pa\u00eds de Mai M\u00e9s.<\/p>\n<p><strong>De l&#8217;1 al 31 de juliol en el CEIP Blasco Ib\u00e1\u00f1ez.<\/strong> Per a tots els xiquets i xiquetes que cursen educaci\u00f3 prim\u00e0ria o segon cicle d&#8217;infantil.<\/p>\n<p><strong>Inscripci\u00f3 en l\u00ednia<\/strong> per a persones empadronades o que treballen en el municipi: <strong>del 2 al 9 de juny de 2025<\/strong>.<br \/><strong>Suport presencial<\/strong> a persones sense disponibilitat de mitjans digitals: <strong>del 4 al 6 de juny a l&#8217;Espai Jove, d\u201911 a 14 h.<\/strong><br \/>Termini d&#8217;inscripci\u00f3 per a la <strong>resta de casos:<\/strong> <strong>del 10 al 13 de juny de 2025.<\/strong><br \/>PLACES LIMITADES. Si es cobriren totes les places en el primer per\u00edode, s&#8217;obriria llista d&#8217;espera.<\/p>\n<p>Enlla\u00e7 a la inscripci\u00f3: <a href=\"https:\/\/bit.ly\/3HsrNY9\" target=\"_blank\" rel=\"noopener\">https:\/\/bit.ly\/3HsrNY9<\/a><\/p>\n<p>Possibilitat de matinera per a persones que estiguen treballant i ho justifiquen. Ser\u00e0 necessari emplenar el formulari (<a href=\"http:\/\/bit.ly\/43yswOW\" target=\"_blank\" rel=\"noopener\">http:\/\/bit.ly\/43yswOW<\/a>) i adjuntar els certificats d&#8217;empresa dels progenitors.<\/p>\n<p><strong>IMPORTANT:<\/strong> la sol\u00b7licitud d&#8217;inscripci\u00f3 no garanteix la pla\u00e7a, es rebr\u00e0 un correu de confirmaci\u00f3.<\/p>\n<p>M\u00e9s informaci\u00f3 en el cartell.<\/p>\n<p>[\/et_pb_text][\/et_pb_column][\/et_pb_row][et_pb_row _builder_version=\u00bb4.21.0&#8243; _module_preset=\u00bbdefault\u00bb locked=\u00bboff\u00bb global_colors_info=\u00bb{}\u00bb][et_pb_column type=\u00bb4_4&#8243; _builder_version=\u00bb4.21.0&#8243; _module_preset=\u00bbdefault\u00bb global_colors_info=\u00bb{}\u00bb][et_pb_divider color=\u00bb#E02B20&#8243; divider_weight=\u00bb4px\u00bb _builder_version=\u00bb4.21.0&#8243; _module_preset=\u00bbdefault\u00bb global_colors_info=\u00bb{}\u00bb][\/et_pb_divider][\/et_pb_column][\/et_pb_row][\/et_pb_section]<\/p>\n","protected":false},"excerpt":{"rendered":"<p>Escola d&#8217;Estiu 2025 \u00abCiutat que somia\u00bb Ambientada a l&#8217;illa m\u00e0gica \u2018Ciutat que somia\u2019. Un espai per als qui creuen en el poder de l&#8217;amistat i de l&#8217;aventura, inspirat en el Pa\u00eds de Mai M\u00e9s. De l&#8217;1 al 31 de juliol en el CEIP Blasco Ib\u00e1\u00f1ez. Per a tots els xiquets i xiquetes que cursen educaci\u00f3 [&hellip;]<\/p>\n","protected":false},"author":9,"featured_media":0,"parent":0,"menu_order":0,"comment_status":"closed","ping_status":"closed","template":"","meta":{"_et_pb_use_builder":"on","_et_pb_old_content":"","_et_gb_content_width":"","_mc_calendar":[],"footnotes":""},"wf_page_folders":[298],"class_list":["post-274956","page","type-page","status-publish","hentry"],"_links":{"self":[{"href":"https:\/\/museros.org\/inici\/wp-json\/wp\/v2\/pages\/274956","targetHints":{"allow":["GET"]}}],"collection":[{"href":"https:\/\/museros.org\/inici\/wp-json\/wp\/v2\/pages"}],"about":[{"href":"https:\/\/museros.org\/inici\/wp-json\/wp\/v2\/types\/page"}],"author":[{"embeddable":true,"href":"https:\/\/museros.org\/inici\/wp-json\/wp\/v2\/users\/9"}],"replies":[{"embeddable":true,"href":"https:\/\/museros.org\/inici\/wp-json\/wp\/v2\/comments?post=274956"}],"version-history":[{"count":8,"href":"https:\/\/museros.org\/inici\/wp-json\/wp\/v2\/pages\/274956\/revisions"}],"predecessor-version":[{"id":275079,"href":"https:\/\/museros.org\/inici\/wp-json\/wp\/v2\/pages\/274956\/revisions\/275079"}],"wp:attachment":[{"href":"https:\/\/museros.org\/inici\/wp-json\/wp\/v2\/media?parent=274956"}],"wp:term":[{"taxonomy":"wf_page_folders","embeddable":true,"href":"https:\/\/museros.org\/inici\/wp-json\/wp\/v2\/wf_page_folders?post=274956"}],"curies":[{"name":"wp","href":"https:\/\/api.w.org\/{rel}","templated":true}]}}

<p>[et_pb_section fb_built=»1&#8243; _builder_version=»4.21.0&#8243; _module_preset=»default» locked=»off» global_colors_info=»{}»][et_pb_row column_structure=»1_4,3_4&#8243; _builder_version=»4.21.0&#8243; _module_preset=»default» custom_margin=»0px||||false|false» custom_padding=»||||false|false» locked=»off» global_colors_info=»{}»][et_pb_column type=»1_4&#8243; _builder_version=»4.16&#8243; _module_preset=»default» global_colors_info=»{}»][et_pb_image src=»https://museros.org/wp-content/uploads/2022/03/escola-destiu-180&#215;230-1.jpg» title_text=»escola-destiu-180&#215;230&#8243; url=»https://museros.org/inici/activitats-deducacio/» use_overlay=»on» overlay_icon_color=»#E02B20&#8243; hover_overlay_color=»rgba(255,255,255,0.7)» hover_icon=»&#xe04d;||divi||400&#8243; align=»center» admin_label=»àrea educaio» _builder_version=»4.16&#8243; _module_preset=»default» module_alignment=»center» locked=»off» global_colors_info=»{}»][/et_pb_image][/et_pb_column][et_pb_column type=»3_4&#8243; _builder_version=»4.16&#8243; _module_preset=»default» global_colors_info=»{}»][et_pb_image src=»https://museros.org/wp-content/uploads/2025/05/Escola-Estiu-2025.jpg» title_text=»Escola Estiu 2025&#8243; _builder_version=»4.27.4&#8243; _module_preset=»default» global_colors_info=»{}»][/et_pb_image][et_pb_text _builder_version=»4.27.4&#8243; _module_preset=»default» custom_padding=»2px|||||» hover_enabled=»0&#8243; global_colors_info=»{}» sticky_enabled=»0&#8243;]</p>
<h1>Escola d&#8217;Estiu 2025</h1>
<h2>«Ciutat que somia»</h2>
<p>Ambientada a l&#8217;illa màgica ‘Ciutat que somia’. Un espai per als qui creuen en el poder de l&#8217;amistat i de l&#8217;aventura, inspirat en el País de Mai Més.</p>
<p><strong>De l&#8217;1 al 31 de juliol en el CEIP Blasco Ibáñez.</strong> Per a tots els xiquets i xiquetes que cursen educació primària o segon cicle d&#8217;infantil.</p>
<p><strong>Inscripció en línia</strong> per a persones empadronades o que treballen en el municipi: <strong>del 2 al 9 de juny de 2025</strong>.<br /><strong>Suport presencial</strong> a persones sense disponibilitat de mitjans digitals: <strong>del 4 al 6 de juny a l&#8217;Espai Jove, d’11 a 14 h.</strong><br />Termini d&#8217;inscripció per a la <strong>resta de casos:</strong> <strong>del 10 al 13 de juny de 2025.</strong><br />PLACES LIMITADES. Si es cobriren totes les places en el primer període, s&#8217;obriria llista d&#8217;espera.</p>
<p>Enllaç a la inscripció: <a href="https://bit.ly/3HsrNY9" target="_blank" rel="noopener">https://bit.ly/3HsrNY9</a></p>
<p>Possibilitat de matinera per a persones que estiguen treballant i ho justifiquen. Serà necessari emplenar el formulari (<a href="http://bit.ly/43yswOW" target="_blank" rel="noopener">http://bit.ly/43yswOW</a>) i adjuntar els certificats d&#8217;empresa dels progenitors.</p>
<p><strong>IMPORTANT:</strong> la sol·licitud d&#8217;inscripció no garanteix la plaça, es rebrà un correu de confirmació.</p>
<p>Més informació en el cartell.</p>
<p>[/et_pb_text][/et_pb_column][/et_pb_row][et_pb_row _builder_version=»4.21.0&#8243; _module_preset=»default» locked=»off» global_colors_info=»{}»][et_pb_column type=»4_4&#8243; _builder_version=»4.21.0&#8243; _module_preset=»default» global_colors_info=»{}»][et_pb_divider color=»#E02B20&#8243; divider_weight=»4px» _builder_version=»4.21.0&#8243; _module_preset=»default» global_colors_info=»{}»][/et_pb_divider][/et_pb_column][/et_pb_row][/et_pb_section]</p>

<p>Escola d&#8217;Estiu 2025 «Ciutat que somia» Ambientada a l&#8217;illa màgica ‘Ciutat que somia’. Un espai per als qui creuen en el poder de l&#8217;amistat i de l&#8217;aventura, inspirat en el País de Mai Més. De l&#8217;1 al 31 de juliol en el CEIP Blasco Ibáñez. Per a tots els xiquets i xiquetes que cursen educació [&hellip;]</p>
