{"id":274384,"date":"2025-05-20T13:14:18","date_gmt":"2025-05-20T13:14:18","guid":{"rendered":"https:\/\/museros.org\/inici\/?page_id=274384"},"modified":"2026-01-12T17:01:29","modified_gmt":"2026-01-12T15:01:29","slug":"nuevo-mundo","status":"publish","type":"page","link":"https:\/\/museros.org\/inici\/es\/nuevo-mundo\/","title":{"rendered":"Nuevo mundo"},"content":{"rendered":"<p>[et_pb_section fb_built=\u00bb1&#8243; _builder_version=\u00bb4.16&#8243; _module_preset=\u00bbdefault\u00bb custom_padding=\u00bb0px||||false|false\u00bb locked=\u00bboff\u00bb global_colors_info=\u00bb{}\u00bb][et_pb_row column_structure=\u00bb1_4,3_4&#8243; _builder_version=\u00bb4.17.1&#8243; _module_preset=\u00bbdefault\u00bb min_height=\u00bb1057.3px\u00bb custom_margin=\u00bb0px||||false|false\u00bb custom_padding=\u00bb0px||||false|false\u00bb global_colors_info=\u00bb{}\u00bb][et_pb_column type=\u00bb1_4&#8243; _builder_version=\u00bb4.16&#8243; _module_preset=\u00bbdefault\u00bb global_colors_info=\u00bb{}\u00bb][et_pb_image src=\u00bbhttps:\/\/museros.org\/wp-content\/uploads\/2021\/08\/logo-cultura-cl-230&#215;180-1.jpg\u00bb title_text=\u00bblogo-cultura-cl-230&#215;180&#8243; url=\u00bbhttps:\/\/museros.org\/inici\/es\/area-cultura\u00bb use_overlay=\u00bbon\u00bb overlay_icon_color=\u00bbrgba(224,43,32,0.49)\u00bb hover_overlay_color=\u00bbrgba(255,255,255,0.7)\u00bb hover_icon=\u00bb&#xe04d;||divi||400&#8243; src_tablet=\u00bb\u00bb src_phone=\u00bb\u00bb src_last_edited=\u00bbon|desktop\u00bb _builder_version=\u00bb4.27.4&#8243; _module_preset=\u00bbdefault\u00bb global_colors_info=\u00bb{}\u00bb][\/et_pb_image][\/et_pb_column][et_pb_column type=\u00bb3_4&#8243; _builder_version=\u00bb4.16&#8243; _module_preset=\u00bbdefault\u00bb global_colors_info=\u00bb{}\u00bb][et_pb_image src=\u00bbhttps:\/\/museros.org\/wp-content\/uploads\/2025\/05\/cabecera-1080&#215;500-1.jpg\u00bb title_text=\u00bbcabecera-1080&#215;500&#8243; _builder_version=\u00bb4.27.4&#8243; _module_preset=\u00bbdefault\u00bb global_colors_info=\u00bb{}\u00bb][\/et_pb_image][et_pb_divider _builder_version=\u00bb4.27.4&#8243; _module_preset=\u00bbdefault\u00bb global_colors_info=\u00bb{}\u00bb][\/et_pb_divider][et_pb_button button_url=\u00bbhttps:\/\/museros.org\/inici\/es\/quien-fue-juan-bautista-munoz\/\u00bb button_text=\u00bbQui\u00e9n fue Juan Bautista Mu\u00f1oz\u00bb _builder_version=\u00bb4.27.4&#8243; _module_preset=\u00bbdefault\u00bb global_colors_info=\u00bb{}\u00bb][\/et_pb_button][et_pb_text _builder_version=\u00bb4.27.4&#8243; _module_preset=\u00bbdefault\u00bb custom_margin=\u00bb40px||40px||false|false\u00bb global_colors_info=\u00bb{}\u00bb]<\/p>\n<h1>Museros y la historia del nuevo mundo<\/h1>\n<p>En 2025 se celebra el 280 aniversario del nacimiento de Juan Bautista Mu\u00f1oz (1745-1799), personaje m\u00e1s ilustre nacido en Museros en el s. XVIII. El Ayuntamiento de Museros, a trav\u00e9s de las concejal\u00edas de Cultura y Mayores, organiza una serie de actividades para conmemorar la efem\u00e9ride con el lema \u201cMuseros y la historia del Nuevo Mundo\u201d.<\/p>\n<p>[\/et_pb_text][et_pb_text admin_label=\u00bb6 de junio\u00bb _builder_version=\u00bb4.27.4&#8243; _module_preset=\u00bbdefault\u00bb custom_margin=\u00bb40px||40px||false|false\u00bb global_colors_info=\u00bb{}\u00bb]<\/p>\n<p><strong>Viernes, 6 de junio<\/strong><\/p>\n<h4>Visita a la Val\u00e8ncia de Juan Bautista Mu\u00f1oz: Capitan\u00eda General y La Nau de la Universitat de Val\u00e8ncia<\/h4>\n<p>[\/et_pb_text][et_pb_text admin_label=\u00bb12 de junio\u00bb _builder_version=\u00bb4.27.4&#8243; _module_preset=\u00bbdefault\u00bb custom_margin=\u00bb40px||40px||false|false\u00bb global_colors_info=\u00bb{}\u00bb]<\/p>\n<p><strong>Jueves, 12 de junio<\/strong><\/p>\n<h4>Acto conmemorativo del nacimiento del personaje m\u00e1s ilustre nacido en Museros al s. XVIII<\/h4>\n<p>19.30 h, en el busto de Juan Bautista Mu\u00f1oz, en la plaza Pr\u00edncipe de Espa\u00f1a.<\/p>\n<p>[\/et_pb_text][et_pb_text admin_label=\u00bb20 de junio\u00bb _builder_version=\u00bb4.27.4&#8243; _module_preset=\u00bbdefault\u00bb custom_margin=\u00bb40px||40px||false|false\u00bb global_colors_info=\u00bb{}\u00bb]<\/p>\n<p><strong>Viernes, 20 de junio<\/strong><\/p>\n<h4>Charla con Nicol\u00e1s Bas Mart\u00edn<\/h4>\n<p>19.30 h, en la agencia de lectura.<br \/>El historiador y doctor por la Universitat de Val\u00e8ncia, autor de \u2018El cosm\u00f3grafo e historiador Juan Bautista Mu\u00f1oz\u2019, nos acerca a la figura de Juan Bautista Mu\u00f1oz y al movimiento ilustrado valenciano.<\/p>\n<p>[\/et_pb_text][et_pb_text admin_label=\u00bbsevilla\u00bb _builder_version=\u00bb4.27.4&#8243; _module_preset=\u00bbdefault\u00bb custom_margin=\u00bb40px||40px||false|false\u00bb global_colors_info=\u00bb{}\u00bb]<\/p>\n<p><strong>26, 27 y 28 de septiembre<\/strong><\/p>\n<h4>Viaje a Sevilla y visita al Archivo General de Indias<\/h4>\n<p>[\/et_pb_text][et_pb_text admin_label=\u00bb19 de noviembre\u00bb _builder_version=\u00bb4.27.5&#8243; _module_preset=\u00bbdefault\u00bb custom_margin=\u00bb40px||40px||false|false\u00bb hover_enabled=\u00bb0&#8243; global_colors_info=\u00bb{}\u00bb sticky_enabled=\u00bb0&#8243;]<\/p>\n<p><strong>Mi\u00e9rcoles, 19 de noviembre<\/strong><\/p>\n<h4>Conferencia sobre el Archivo General de Indias: 240 a\u00f1os de existencia despu\u00e9s de los postulados de la Ilustraci\u00f3n.<\/h4>\n<p>19.00 h, en el Ateneo Mercantil de Val\u00e8ncia (pl. del Ayuntamiento, 18, Val\u00e8ncia). Conferencia dirigida por Esther Cruces Blanco, directora del Archivo General de Indias. Acto coordinado por Vicente Bosch.<\/p>\n<p>[\/et_pb_text][et_pb_gallery gallery_ids=\u00bb278267,278270,278273,278275,278278,278280&#8243; fullwidth=\u00bbon\u00bb _builder_version=\u00bb4.27.5&#8243; _module_preset=\u00bbdefault\u00bb background_layout=\u00bbdark\u00bb locked=\u00bboff\u00bb global_colors_info=\u00bb{}\u00bb][\/et_pb_gallery][\/et_pb_column][\/et_pb_row][et_pb_row _builder_version=\u00bb4.16&#8243; _module_preset=\u00bbdefault\u00bb locked=\u00bboff\u00bb global_colors_info=\u00bb{}\u00bb][et_pb_column type=\u00bb4_4&#8243; _builder_version=\u00bb4.16&#8243; _module_preset=\u00bbdefault\u00bb global_colors_info=\u00bb{}\u00bb][et_pb_divider color=\u00bb#cc0000&#8243; divider_weight=\u00bb4px\u00bb _builder_version=\u00bb4.16&#8243; _module_preset=\u00bbdefault\u00bb min_height=\u00bb23px\u00bb global_colors_info=\u00bb{}\u00bb][\/et_pb_divider][\/et_pb_column][\/et_pb_row][\/et_pb_section]<\/p>\n","protected":false},"excerpt":{"rendered":"<p>Museros y la historia del nuevo mundo En 2025 se celebra el 280 aniversario del nacimiento de Juan Bautista Mu\u00f1oz (1745-1799), personaje m\u00e1s ilustre nacido en Museros en el s. XVIII. El Ayuntamiento de Museros, a trav\u00e9s de las concejal\u00edas de Cultura y Mayores, organiza una serie de actividades para conmemorar la efem\u00e9ride con el [&hellip;]<\/p>\n","protected":false},"author":8,"featured_media":0,"parent":0,"menu_order":0,"comment_status":"closed","ping_status":"closed","template":"","meta":{"_et_pb_use_builder":"on","_et_pb_old_content":"","_et_gb_content_width":"","_mc_calendar":[],"footnotes":""},"wf_page_folders":[139],"class_list":["post-274384","page","type-page","status-publish","hentry"],"_links":{"self":[{"href":"https:\/\/museros.org\/inici\/wp-json\/wp\/v2\/pages\/274384","targetHints":{"allow":["GET"]}}],"collection":[{"href":"https:\/\/museros.org\/inici\/wp-json\/wp\/v2\/pages"}],"about":[{"href":"https:\/\/museros.org\/inici\/wp-json\/wp\/v2\/types\/page"}],"author":[{"embeddable":true,"href":"https:\/\/museros.org\/inici\/wp-json\/wp\/v2\/users\/8"}],"replies":[{"embeddable":true,"href":"https:\/\/museros.org\/inici\/wp-json\/wp\/v2\/comments?post=274384"}],"version-history":[{"count":9,"href":"https:\/\/museros.org\/inici\/wp-json\/wp\/v2\/pages\/274384\/revisions"}],"predecessor-version":[{"id":278291,"href":"https:\/\/museros.org\/inici\/wp-json\/wp\/v2\/pages\/274384\/revisions\/278291"}],"wp:attachment":[{"href":"https:\/\/museros.org\/inici\/wp-json\/wp\/v2\/media?parent=274384"}],"wp:term":[{"taxonomy":"wf_page_folders","embeddable":true,"href":"https:\/\/museros.org\/inici\/wp-json\/wp\/v2\/wf_page_folders?post=274384"}],"curies":[{"name":"wp","href":"https:\/\/api.w.org\/{rel}","templated":true}]}}

<p>[et_pb_section fb_built=»1&#8243; _builder_version=»4.16&#8243; _module_preset=»default» custom_padding=»0px||||false|false» locked=»off» global_colors_info=»{}»][et_pb_row column_structure=»1_4,3_4&#8243; _builder_version=»4.17.1&#8243; _module_preset=»default» min_height=»1057.3px» custom_margin=»0px||||false|false» custom_padding=»0px||||false|false» global_colors_info=»{}»][et_pb_column type=»1_4&#8243; _builder_version=»4.16&#8243; _module_preset=»default» global_colors_info=»{}»][et_pb_image src=»https://museros.org/wp-content/uploads/2021/08/logo-cultura-cl-230&#215;180-1.jpg» title_text=»logo-cultura-cl-230&#215;180&#8243; url=»https://museros.org/inici/es/area-cultura» use_overlay=»on» overlay_icon_color=»rgba(224,43,32,0.49)» hover_overlay_color=»rgba(255,255,255,0.7)» hover_icon=»&#xe04d;||divi||400&#8243; src_tablet=»» src_phone=»» src_last_edited=»on|desktop» _builder_version=»4.27.4&#8243; _module_preset=»default» global_colors_info=»{}»][/et_pb_image][/et_pb_column][et_pb_column type=»3_4&#8243; _builder_version=»4.16&#8243; _module_preset=»default» global_colors_info=»{}»][et_pb_image src=»https://museros.org/wp-content/uploads/2025/05/cabecera-1080&#215;500-1.jpg» title_text=»cabecera-1080&#215;500&#8243; _builder_version=»4.27.4&#8243; _module_preset=»default» global_colors_info=»{}»][/et_pb_image][et_pb_divider _builder_version=»4.27.4&#8243; _module_preset=»default» global_colors_info=»{}»][/et_pb_divider][et_pb_button button_url=»https://museros.org/inici/es/quien-fue-juan-bautista-munoz/» button_text=»Quién fue Juan Bautista Muñoz» _builder_version=»4.27.4&#8243; _module_preset=»default» global_colors_info=»{}»][/et_pb_button][et_pb_text _builder_version=»4.27.4&#8243; _module_preset=»default» custom_margin=»40px||40px||false|false» global_colors_info=»{}»]</p>
<h1>Museros y la historia del nuevo mundo</h1>
<p>En 2025 se celebra el 280 aniversario del nacimiento de Juan Bautista Muñoz (1745-1799), personaje más ilustre nacido en Museros en el s. XVIII. El Ayuntamiento de Museros, a través de las concejalías de Cultura y Mayores, organiza una serie de actividades para conmemorar la efeméride con el lema “Museros y la historia del Nuevo Mundo”.</p>
<p>[/et_pb_text][et_pb_text admin_label=»6 de junio» _builder_version=»4.27.4&#8243; _module_preset=»default» custom_margin=»40px||40px||false|false» global_colors_info=»{}»]</p>
<p><strong>Viernes, 6 de junio</strong></p>
<h4>Visita a la València de Juan Bautista Muñoz: Capitanía General y La Nau de la Universitat de València</h4>
<p>[/et_pb_text][et_pb_text admin_label=»12 de junio» _builder_version=»4.27.4&#8243; _module_preset=»default» custom_margin=»40px||40px||false|false» global_colors_info=»{}»]</p>
<p><strong>Jueves, 12 de junio</strong></p>
<h4>Acto conmemorativo del nacimiento del personaje más ilustre nacido en Museros al s. XVIII</h4>
<p>19.30 h, en el busto de Juan Bautista Muñoz, en la plaza Príncipe de España.</p>
<p>[/et_pb_text][et_pb_text admin_label=»20 de junio» _builder_version=»4.27.4&#8243; _module_preset=»default» custom_margin=»40px||40px||false|false» global_colors_info=»{}»]</p>
<p><strong>Viernes, 20 de junio</strong></p>
<h4>Charla con Nicolás Bas Martín</h4>
<p>19.30 h, en la agencia de lectura.<br />El historiador y doctor por la Universitat de València, autor de ‘El cosmógrafo e historiador Juan Bautista Muñoz’, nos acerca a la figura de Juan Bautista Muñoz y al movimiento ilustrado valenciano.</p>
<p>[/et_pb_text][et_pb_text admin_label=»sevilla» _builder_version=»4.27.4&#8243; _module_preset=»default» custom_margin=»40px||40px||false|false» global_colors_info=»{}»]</p>
<p><strong>26, 27 y 28 de septiembre</strong></p>
<h4>Viaje a Sevilla y visita al Archivo General de Indias</h4>
<p>[/et_pb_text][et_pb_text admin_label=»19 de noviembre» _builder_version=»4.27.5&#8243; _module_preset=»default» custom_margin=»40px||40px||false|false» hover_enabled=»0&#8243; global_colors_info=»{}» sticky_enabled=»0&#8243;]</p>
<p><strong>Miércoles, 19 de noviembre</strong></p>
<h4>Conferencia sobre el Archivo General de Indias: 240 años de existencia después de los postulados de la Ilustración.</h4>
<p>19.00 h, en el Ateneo Mercantil de València (pl. del Ayuntamiento, 18, València). Conferencia dirigida por Esther Cruces Blanco, directora del Archivo General de Indias. Acto coordinado por Vicente Bosch.</p>
<p>[/et_pb_text][et_pb_gallery gallery_ids=»278267,278270,278273,278275,278278,278280&#8243; fullwidth=»on» _builder_version=»4.27.5&#8243; _module_preset=»default» background_layout=»dark» locked=»off» global_colors_info=»{}»][/et_pb_gallery][/et_pb_column][/et_pb_row][et_pb_row _builder_version=»4.16&#8243; _module_preset=»default» locked=»off» global_colors_info=»{}»][et_pb_column type=»4_4&#8243; _builder_version=»4.16&#8243; _module_preset=»default» global_colors_info=»{}»][et_pb_divider color=»#cc0000&#8243; divider_weight=»4px» _builder_version=»4.16&#8243; _module_preset=»default» min_height=»23px» global_colors_info=»{}»][/et_pb_divider][/et_pb_column][/et_pb_row][/et_pb_section]</p>

<p>Museros y la historia del nuevo mundo En 2025 se celebra el 280 aniversario del nacimiento de Juan Bautista Muñoz (1745-1799), personaje más ilustre nacido en Museros en el s. XVIII. El Ayuntamiento de Museros, a través de las concejalías de Cultura y Mayores, organiza una serie de actividades para conmemorar la efeméride con el [&hellip;]</p>
