{"id":273710,"date":"2025-04-22T15:14:59","date_gmt":"2025-04-22T15:14:59","guid":{"rendered":"https:\/\/museros.org\/inici\/?page_id=273710"},"modified":"2025-04-22T21:34:44","modified_gmt":"2025-04-22T21:34:44","slug":"dia-de-la-mare-2025","status":"publish","type":"page","link":"https:\/\/museros.org\/inici\/dia-de-la-mare-2025\/","title":{"rendered":"Dia de la mare 2025"},"content":{"rendered":"<p>[et_pb_section fb_built=\u00bb1&#8243; _builder_version=\u00bb4.16&#8243; _module_preset=\u00bbdefault\u00bb custom_padding=\u00bb0px||||false|false\u00bb locked=\u00bboff\u00bb global_colors_info=\u00bb{}\u00bb][et_pb_row column_structure=\u00bb1_4,3_4&#8243; _builder_version=\u00bb4.16&#8243; _module_preset=\u00bbdefault\u00bb custom_margin=\u00bb0px||0px||false|false\u00bb custom_padding=\u00bb0px||0px||false|false\u00bb global_colors_info=\u00bb{}\u00bb][et_pb_column type=\u00bb1_4&#8243; _builder_version=\u00bb4.16&#8243; _module_preset=\u00bbdefault\u00bb global_colors_info=\u00bb{}\u00bb][et_pb_image src=\u00bbhttps:\/\/museros.org\/wp-content\/uploads\/2021\/08\/logo-comerc\u0327-cl-230&#215;180-1.jpg\u00bb title_text=\u00bblogo-comerc\u0327-cl-230&#215;180&#8243; url=\u00bbhttps:\/\/museros.org\/inici\/area-de-comerc\u00bb use_overlay=\u00bbon\u00bb overlay_icon_color=\u00bb#E02B20&#8243; hover_overlay_color=\u00bbrgba(255,255,255,0.7)\u00bb hover_icon=\u00bb&#xe04d;||divi||400&#8243; align=\u00bbcenter\u00bb _builder_version=\u00bb4.17.3&#8243; _module_preset=\u00bbdefault\u00bb width=\u00bb100%\u00bb width_tablet=\u00bb\u00bb width_phone=\u00bb\u00bb width_last_edited=\u00bbon|phone\u00bb module_alignment=\u00bbcenter\u00bb custom_margin=\u00bb0px||0px||false|false\u00bb custom_padding=\u00bb0px||0px||false|false\u00bb global_colors_info=\u00bb{}\u00bb][\/et_pb_image][\/et_pb_column][et_pb_column type=\u00bb3_4&#8243; _builder_version=\u00bb4.16&#8243; _module_preset=\u00bbdefault\u00bb global_colors_info=\u00bb{}\u00bb][et_pb_image src=\u00bbhttps:\/\/museros.org\/wp-content\/uploads\/2025\/04\/cartell-diadelamare.jpg\u00bb title_text=\u00bbcartell-diadelamare\u00bb _builder_version=\u00bb4.27.4&#8243; _module_preset=\u00bbdefault\u00bb global_colors_info=\u00bb{}\u00bb][\/et_pb_image][et_pb_text _builder_version=\u00bb4.27.4&#8243; _module_preset=\u00bbdefault\u00bb custom_margin=\u00bb40px||||false|false\u00bb hover_enabled=\u00bb0&#8243; global_colors_info=\u00bb{}\u00bb sticky_enabled=\u00bb0&#8243;]<\/p>\n<h1>La meua millor amiga, ma mare!<\/h1>\n<p>Sota el lema \u201cLa meua millor amiga, ma mare!\u201d i com \u00e9s habitual en aquestes dates, l&#8217;Ajuntament de Museros, a trav\u00e9s de la Regidoria de Comer\u00e7, juntament amb l&#8217;Associaci\u00f3 de Comerciants CAMU i l&#8217;entitat Caixa Popular, posen en marxa la campanya de comer\u00e7 amb motiu del Dia de la Mare, una campanya que continua premiant els consumidors i consumidores que facen les seues compres en el comer\u00e7 local, uns premis en forma de targeta moneder que poden aconseguir comprant en els comer\u00e7os o en fer \u00fas de qualssevol dels servicis dels i les professionals de Museros.<\/p>\n<p>Tots aquests premis tornen a utilitzar-se en els nostres comer\u00e7os i creen aix\u00ed un tipus d&#8217;economia circular. Aquesta nova campanya \u00e9s una continu\u00eftat de la l\u00ednia de treball de les anteriors, que fins ara ha estat duent a terme l&#8217;Ajuntament de Museros, juntament amb l&#8217;Associaci\u00f3 de Comerciants CAMU i amb la col\u00b7laboraci\u00f3 de l&#8217;entitat Caixa Popular, per a incentivar el sector comercial tradicional, professional i de restauraci\u00f3 del nostre municipi.<\/p>\n<p>Aquesta campanya es portar\u00e0 a terme en coincid\u00e8ncia amb el Dia de la Mare, amb la XI Fira de Comer\u00e7 i amb les dates tradicionals de comunions, per eixe motiu, la campanya es prolongar\u00e0 des del 25 d&#8217;abril al 18 de maig, ambd\u00f3s inclosos.<br \/>La campanya inclou el sorteig de 15 targetes moneder, per valor de 40 \u20ac cadascuna, per a consumir en els comer\u00e7os associats a CAMU i en tots els que es troben adherits a les campanyes que habitualment es porten a terme. <br \/>Aquestes targetes se sortejaran entre les compres o consumicions fetes entre els dies 25 d&#8217;abril i 18 de maig, ambd\u00f3s inclosos, en qualsevol comer\u00e7, servicis de professionals i de restauraci\u00f3 de Museros, a excepci\u00f3 de les grans superf\u00edcies i franqu\u00edcies.<\/p>\n<p>Les compres hauran de ser de 25 \u20ac com a m\u00ednim, i es poden acumular els tiquets fins a aconseguir eixe import. En el tiquet, o en qualsevol document equivalent, hauran de figurar les dades del comer\u00e7, del o la professional o del local de restauraci\u00f3 on s&#8217;haja efectuat el gasto.<br \/>Les persones usu\u00e0ries hauran de depositar els tiquets de compra o document equivalent en el lloc que s\u2019habilitar\u00e0 per a aix\u00f2 en l&#8217;ajuntament. A m\u00e9s, les persones que participen hauran d\u2019indicar nom i tel\u00e8fon per a poder contactar en cas de resultar guanyadores.<br \/>Cada participant nom\u00e9s podr\u00e0 optar a un premi d&#8217;una targeta moneder.<\/p>\n<p>Els tiquets es depositaran a l\u2019ajuntament, en horari de 09.00 h a 14.00 hores, del 25 d&#8217;abril al 18 de maig. Els premis se sortejaran entre tots aquells tiquets o comprovants del gasto que complisquen tots els requisits.<\/p>\n<p>El sorteig tindr\u00e0 lloc el dijous 22 de maig.<\/p>\n<p>L\u2019entrega de premis ser\u00e0 a la sala de plens de l\u2019ajuntament el dimarts 27 de maig a les 19.00 h.<\/p>\n<p>[\/et_pb_text][\/et_pb_column][\/et_pb_row][et_pb_row _builder_version=\u00bb4.16&#8243; _module_preset=\u00bbdefault\u00bb custom_margin=\u00bb50px||0px||false|false\u00bb custom_padding=\u00bb0px||0px||false|false\u00bb global_colors_info=\u00bb{}\u00bb][et_pb_column type=\u00bb4_4&#8243; _builder_version=\u00bb4.16&#8243; _module_preset=\u00bbdefault\u00bb global_colors_info=\u00bb{}\u00bb][et_pb_divider color=\u00bb#E02B20&#8243; divider_weight=\u00bb4px\u00bb _builder_version=\u00bb4.16&#8243; _module_preset=\u00bbdefault\u00bb custom_margin=\u00bb0px||0px||false|false\u00bb custom_padding=\u00bb0px||0px||false|false\u00bb global_colors_info=\u00bb{}\u00bb][\/et_pb_divider][\/et_pb_column][\/et_pb_row][\/et_pb_section]<\/p>\n","protected":false},"excerpt":{"rendered":"<p>La meua millor amiga, ma mare! Sota el lema \u201cLa meua millor amiga, ma mare!\u201d i com \u00e9s habitual en aquestes dates, l&#8217;Ajuntament de Museros, a trav\u00e9s de la Regidoria de Comer\u00e7, juntament amb l&#8217;Associaci\u00f3 de Comerciants CAMU i l&#8217;entitat Caixa Popular, posen en marxa la campanya de comer\u00e7 amb motiu del Dia de la [&hellip;]<\/p>\n","protected":false},"author":8,"featured_media":0,"parent":0,"menu_order":0,"comment_status":"closed","ping_status":"closed","template":"","meta":{"_et_pb_use_builder":"on","_et_pb_old_content":"","_et_gb_content_width":"","_mc_calendar":[],"footnotes":""},"wf_page_folders":[294],"class_list":["post-273710","page","type-page","status-publish","hentry"],"_links":{"self":[{"href":"https:\/\/museros.org\/inici\/wp-json\/wp\/v2\/pages\/273710","targetHints":{"allow":["GET"]}}],"collection":[{"href":"https:\/\/museros.org\/inici\/wp-json\/wp\/v2\/pages"}],"about":[{"href":"https:\/\/museros.org\/inici\/wp-json\/wp\/v2\/types\/page"}],"author":[{"embeddable":true,"href":"https:\/\/museros.org\/inici\/wp-json\/wp\/v2\/users\/8"}],"replies":[{"embeddable":true,"href":"https:\/\/museros.org\/inici\/wp-json\/wp\/v2\/comments?post=273710"}],"version-history":[{"count":6,"href":"https:\/\/museros.org\/inici\/wp-json\/wp\/v2\/pages\/273710\/revisions"}],"predecessor-version":[{"id":273729,"href":"https:\/\/museros.org\/inici\/wp-json\/wp\/v2\/pages\/273710\/revisions\/273729"}],"wp:attachment":[{"href":"https:\/\/museros.org\/inici\/wp-json\/wp\/v2\/media?parent=273710"}],"wp:term":[{"taxonomy":"wf_page_folders","embeddable":true,"href":"https:\/\/museros.org\/inici\/wp-json\/wp\/v2\/wf_page_folders?post=273710"}],"curies":[{"name":"wp","href":"https:\/\/api.w.org\/{rel}","templated":true}]}}

<p>[et_pb_section fb_built=»1&#8243; _builder_version=»4.16&#8243; _module_preset=»default» custom_padding=»0px||||false|false» locked=»off» global_colors_info=»{}»][et_pb_row column_structure=»1_4,3_4&#8243; _builder_version=»4.16&#8243; _module_preset=»default» custom_margin=»0px||0px||false|false» custom_padding=»0px||0px||false|false» global_colors_info=»{}»][et_pb_column type=»1_4&#8243; _builder_version=»4.16&#8243; _module_preset=»default» global_colors_info=»{}»][et_pb_image src=»https://museros.org/wp-content/uploads/2021/08/logo-comerç-cl-230&#215;180-1.jpg» title_text=»logo-comerç-cl-230&#215;180&#8243; url=»https://museros.org/inici/area-de-comerc» use_overlay=»on» overlay_icon_color=»#E02B20&#8243; hover_overlay_color=»rgba(255,255,255,0.7)» hover_icon=»&#xe04d;||divi||400&#8243; align=»center» _builder_version=»4.17.3&#8243; _module_preset=»default» width=»100%» width_tablet=»» width_phone=»» width_last_edited=»on|phone» module_alignment=»center» custom_margin=»0px||0px||false|false» custom_padding=»0px||0px||false|false» global_colors_info=»{}»][/et_pb_image][/et_pb_column][et_pb_column type=»3_4&#8243; _builder_version=»4.16&#8243; _module_preset=»default» global_colors_info=»{}»][et_pb_image src=»https://museros.org/wp-content/uploads/2025/04/cartell-diadelamare.jpg» title_text=»cartell-diadelamare» _builder_version=»4.27.4&#8243; _module_preset=»default» global_colors_info=»{}»][/et_pb_image][et_pb_text _builder_version=»4.27.4&#8243; _module_preset=»default» custom_margin=»40px||||false|false» hover_enabled=»0&#8243; global_colors_info=»{}» sticky_enabled=»0&#8243;]</p>
<h1>La meua millor amiga, ma mare!</h1>
<p>Sota el lema “La meua millor amiga, ma mare!” i com és habitual en aquestes dates, l&#8217;Ajuntament de Museros, a través de la Regidoria de Comerç, juntament amb l&#8217;Associació de Comerciants CAMU i l&#8217;entitat Caixa Popular, posen en marxa la campanya de comerç amb motiu del Dia de la Mare, una campanya que continua premiant els consumidors i consumidores que facen les seues compres en el comerç local, uns premis en forma de targeta moneder que poden aconseguir comprant en els comerços o en fer ús de qualssevol dels servicis dels i les professionals de Museros.</p>
<p>Tots aquests premis tornen a utilitzar-se en els nostres comerços i creen així un tipus d&#8217;economia circular. Aquesta nova campanya és una continuïtat de la línia de treball de les anteriors, que fins ara ha estat duent a terme l&#8217;Ajuntament de Museros, juntament amb l&#8217;Associació de Comerciants CAMU i amb la col·laboració de l&#8217;entitat Caixa Popular, per a incentivar el sector comercial tradicional, professional i de restauració del nostre municipi.</p>
<p>Aquesta campanya es portarà a terme en coincidència amb el Dia de la Mare, amb la XI Fira de Comerç i amb les dates tradicionals de comunions, per eixe motiu, la campanya es prolongarà des del 25 d&#8217;abril al 18 de maig, ambdós inclosos.<br />La campanya inclou el sorteig de 15 targetes moneder, per valor de 40 € cadascuna, per a consumir en els comerços associats a CAMU i en tots els que es troben adherits a les campanyes que habitualment es porten a terme. <br />Aquestes targetes se sortejaran entre les compres o consumicions fetes entre els dies 25 d&#8217;abril i 18 de maig, ambdós inclosos, en qualsevol comerç, servicis de professionals i de restauració de Museros, a excepció de les grans superfícies i franquícies.</p>
<p>Les compres hauran de ser de 25 € com a mínim, i es poden acumular els tiquets fins a aconseguir eixe import. En el tiquet, o en qualsevol document equivalent, hauran de figurar les dades del comerç, del o la professional o del local de restauració on s&#8217;haja efectuat el gasto.<br />Les persones usuàries hauran de depositar els tiquets de compra o document equivalent en el lloc que s’habilitarà per a això en l&#8217;ajuntament. A més, les persones que participen hauran d’indicar nom i telèfon per a poder contactar en cas de resultar guanyadores.<br />Cada participant només podrà optar a un premi d&#8217;una targeta moneder.</p>
<p>Els tiquets es depositaran a l’ajuntament, en horari de 09.00 h a 14.00 hores, del 25 d&#8217;abril al 18 de maig. Els premis se sortejaran entre tots aquells tiquets o comprovants del gasto que complisquen tots els requisits.</p>
<p>El sorteig tindrà lloc el dijous 22 de maig.</p>
<p>L’entrega de premis serà a la sala de plens de l’ajuntament el dimarts 27 de maig a les 19.00 h.</p>
<p>[/et_pb_text][/et_pb_column][/et_pb_row][et_pb_row _builder_version=»4.16&#8243; _module_preset=»default» custom_margin=»50px||0px||false|false» custom_padding=»0px||0px||false|false» global_colors_info=»{}»][et_pb_column type=»4_4&#8243; _builder_version=»4.16&#8243; _module_preset=»default» global_colors_info=»{}»][et_pb_divider color=»#E02B20&#8243; divider_weight=»4px» _builder_version=»4.16&#8243; _module_preset=»default» custom_margin=»0px||0px||false|false» custom_padding=»0px||0px||false|false» global_colors_info=»{}»][/et_pb_divider][/et_pb_column][/et_pb_row][/et_pb_section]</p>

<p>La meua millor amiga, ma mare! Sota el lema “La meua millor amiga, ma mare!” i com és habitual en aquestes dates, l&#8217;Ajuntament de Museros, a través de la Regidoria de Comerç, juntament amb l&#8217;Associació de Comerciants CAMU i l&#8217;entitat Caixa Popular, posen en marxa la campanya de comerç amb motiu del Dia de la [&hellip;]</p>
