{"id":273378,"date":"2025-04-02T20:29:54","date_gmt":"2025-04-02T20:29:54","guid":{"rendered":"https:\/\/museros.org\/inici\/?page_id=273378"},"modified":"2025-04-02T20:29:54","modified_gmt":"2025-04-02T20:29:54","slug":"setmana-del-llibre","status":"publish","type":"page","link":"https:\/\/museros.org\/inici\/setmana-del-llibre\/","title":{"rendered":"Setmana del llibre"},"content":{"rendered":"<p>[et_pb_section fb_built=\u00bb1&#8243; _builder_version=\u00bb4.16&#8243; _module_preset=\u00bbdefault\u00bb custom_padding=\u00bb0px||||false|false\u00bb locked=\u00bboff\u00bb global_colors_info=\u00bb{}\u00bb theme_builder_area=\u00bbpost_content\u00bb][et_pb_row column_structure=\u00bb1_4,3_4&#8243; _builder_version=\u00bb4.17.1&#8243; _module_preset=\u00bbdefault\u00bb min_height=\u00bb942.3px\u00bb custom_margin=\u00bb0px||||false|false\u00bb custom_padding=\u00bb0px||||false|false\u00bb global_colors_info=\u00bb{}\u00bb theme_builder_area=\u00bbpost_content\u00bb][et_pb_column type=\u00bb1_4&#8243; _builder_version=\u00bb4.16&#8243; _module_preset=\u00bbdefault\u00bb global_colors_info=\u00bb{}\u00bb theme_builder_area=\u00bbpost_content\u00bb][et_pb_image src=\u00bbhttps:\/\/museros.org\/wp-content\/uploads\/2021\/08\/logo-cultura-cl-230&#215;180-1.jpg\u00bb title_text=\u00bblogo-cultura-cl-230&#215;180&#8243; url=\u00bbhttps:\/\/museros.org\/inici\/area-de-cultura\u00bb use_overlay=\u00bbon\u00bb overlay_icon_color=\u00bbrgba(224,43,32,0.49)\u00bb hover_overlay_color=\u00bbrgba(255,255,255,0.7)\u00bb hover_icon=\u00bb&#xe04d;||divi||400&#8243; src_tablet=\u00bb\u00bb src_phone=\u00bb\u00bb src_last_edited=\u00bbon|desktop\u00bb _builder_version=\u00bb4.17.3&#8243; _module_preset=\u00bbdefault\u00bb global_colors_info=\u00bb{}\u00bb theme_builder_area=\u00bbpost_content\u00bb][\/et_pb_image][et_pb_image src=\u00bbhttps:\/\/museros.org\/wp-content\/uploads\/2025\/04\/setmana-llibre-400&#215;500-1.jpg\u00bb _builder_version=\u00bb4.27.4&#8243; _module_preset=\u00bbdefault\u00bb theme_builder_area=\u00bbpost_content\u00bb title_text=\u00bbsetmana-llibre-400&#215;500&#8243; hover_enabled=\u00bb0&#8243; sticky_enabled=\u00bb0&#8243;][\/et_pb_image][\/et_pb_column][et_pb_column type=\u00bb3_4&#8243; _builder_version=\u00bb4.16&#8243; _module_preset=\u00bbdefault\u00bb global_colors_info=\u00bb{}\u00bb theme_builder_area=\u00bbpost_content\u00bb][et_pb_image src=\u00bbhttps:\/\/museros.org\/wp-content\/uploads\/2025\/04\/setmana-llibre-900&#215;242-1.jpg\u00bb title_text=\u00bbsetmana-llibre-900&#215;242&#8243; _builder_version=\u00bb4.27.4&#8243; _module_preset=\u00bbdefault\u00bb hover_enabled=\u00bb0&#8243; global_colors_info=\u00bb{}\u00bb theme_builder_area=\u00bbpost_content\u00bb sticky_enabled=\u00bb0&#8243;][\/et_pb_image][et_pb_text _builder_version=\u00bb4.27.4&#8243; _module_preset=\u00bbdefault\u00bb custom_margin=\u00bb40px||40px||false|false\u00bb hover_enabled=\u00bb0&#8243; global_colors_info=\u00bb{}\u00bb theme_builder_area=\u00bbpost_content\u00bb sticky_enabled=\u00bb0&#8243;]<\/p>\n<h1>Setmana del Llibre a Museros<\/h1>\n<p><strong>DIJOUS, 10 d&#8217;abril<\/strong><br \/>11.30 h Xarrada de motivaci\u00f3 per a l&#8217;alumnat de 2n d&#8217;ESO de l&#8217;IES de Museros, amb Christian Espa\u00f1a.<br \/>19.00 h Presentaci\u00f3 del llibre El mejor d\u00eda de mi vida, de Christian Espa\u00f1a, a l&#8217;ag\u00e8ncia de lectura.<\/p>\n<p><strong>DIVENDRES, 11 d&#8217;abril<\/strong><br \/>17.30 h Sambori local, amb l&#8217;actuaci\u00f3 del grup Canta canalla, a la Casa de Cultura.<\/p>\n<p><strong>DIMARTS, 15 d&#8217;abril<\/strong><br \/>17.30 h Bebeteca, Pepot i la caixa musical, amb H\u00e9ctor Gonzalez. Activitat per a beb\u00e9s de 0 a 36 mesos. Cal inscripci\u00f3 pr\u00e8via a l&#8217;agencia de lectura. M\u00e0xim 20 persones.<\/p>\n<p><strong>DIMECRES, 16 d&#8217;abril<\/strong><br \/>Contacontes amb La Titella, L&#8217;hora del conte, a l&#8217;agencia de lectura.<\/p>\n<p><strong>DIMECRES, 23 d&#8217;abril<\/strong><br \/>Sorteig de la campanya \u00abEl premi \u00e9s llegir en valenci\u00e0\u00bb.<br \/>19.00 h Lectura dramatitzada Bella y Bestia, amb ArtXArt, a la Casa de Cultura, fins a completar l&#8217;aforament.<\/p>\n<p><strong>DIJOUS, 24 d&#8217;abril<\/strong><br \/>17.30 h Lliurament dels premis de la campanya \u00abEl premi \u00e9s llegir en valenci\u00e0\u00bb, a l&#8217;ag\u00e8ncia de lectura.<\/p>\n<p><strong>DIVENDRES, 25 d&#8217;abril<\/strong><br \/>18.00 h Sessi\u00f3 del Club de Lectura de Museros.<\/p>\n<p>[\/et_pb_text][et_pb_image src=\u00bbhttps:\/\/museros.org\/wp-content\/uploads\/2025\/04\/logos-scaled.jpg\u00bb _builder_version=\u00bb4.27.4&#8243; _module_preset=\u00bbdefault\u00bb theme_builder_area=\u00bbpost_content\u00bb title_text=\u00bblogos\u00bb hover_enabled=\u00bb0&#8243; sticky_enabled=\u00bb0&#8243;][\/et_pb_image][\/et_pb_column][\/et_pb_row][et_pb_row _builder_version=\u00bb4.16&#8243; _module_preset=\u00bbdefault\u00bb locked=\u00bboff\u00bb global_colors_info=\u00bb{}\u00bb theme_builder_area=\u00bbpost_content\u00bb][et_pb_column type=\u00bb4_4&#8243; _builder_version=\u00bb4.16&#8243; _module_preset=\u00bbdefault\u00bb global_colors_info=\u00bb{}\u00bb theme_builder_area=\u00bbpost_content\u00bb][et_pb_divider color=\u00bb#cc0000&#8243; divider_weight=\u00bb4px\u00bb _builder_version=\u00bb4.16&#8243; _module_preset=\u00bbdefault\u00bb min_height=\u00bb23px\u00bb global_colors_info=\u00bb{}\u00bb theme_builder_area=\u00bbpost_content\u00bb][\/et_pb_divider][\/et_pb_column][\/et_pb_row][\/et_pb_section]<\/p>\n","protected":false},"excerpt":{"rendered":"<p>Setmana del Llibre a Museros DIJOUS, 10 d&#8217;abril11.30 h Xarrada de motivaci\u00f3 per a l&#8217;alumnat de 2n d&#8217;ESO de l&#8217;IES de Museros, amb Christian Espa\u00f1a.19.00 h Presentaci\u00f3 del llibre El mejor d\u00eda de mi vida, de Christian Espa\u00f1a, a l&#8217;ag\u00e8ncia de lectura. DIVENDRES, 11 d&#8217;abril17.30 h Sambori local, amb l&#8217;actuaci\u00f3 del grup Canta canalla, a [&hellip;]<\/p>\n","protected":false},"author":8,"featured_media":0,"parent":0,"menu_order":0,"comment_status":"closed","ping_status":"closed","template":"","meta":{"_et_pb_use_builder":"on","_et_pb_old_content":"","_et_gb_content_width":"","_mc_calendar":[],"footnotes":""},"wf_page_folders":[139],"class_list":["post-273378","page","type-page","status-publish","hentry"],"_links":{"self":[{"href":"https:\/\/museros.org\/inici\/wp-json\/wp\/v2\/pages\/273378","targetHints":{"allow":["GET"]}}],"collection":[{"href":"https:\/\/museros.org\/inici\/wp-json\/wp\/v2\/pages"}],"about":[{"href":"https:\/\/museros.org\/inici\/wp-json\/wp\/v2\/types\/page"}],"author":[{"embeddable":true,"href":"https:\/\/museros.org\/inici\/wp-json\/wp\/v2\/users\/8"}],"replies":[{"embeddable":true,"href":"https:\/\/museros.org\/inici\/wp-json\/wp\/v2\/comments?post=273378"}],"version-history":[{"count":2,"href":"https:\/\/museros.org\/inici\/wp-json\/wp\/v2\/pages\/273378\/revisions"}],"predecessor-version":[{"id":273381,"href":"https:\/\/museros.org\/inici\/wp-json\/wp\/v2\/pages\/273378\/revisions\/273381"}],"wp:attachment":[{"href":"https:\/\/museros.org\/inici\/wp-json\/wp\/v2\/media?parent=273378"}],"wp:term":[{"taxonomy":"wf_page_folders","embeddable":true,"href":"https:\/\/museros.org\/inici\/wp-json\/wp\/v2\/wf_page_folders?post=273378"}],"curies":[{"name":"wp","href":"https:\/\/api.w.org\/{rel}","templated":true}]}}