{"id":273082,"date":"2025-02-27T09:16:33","date_gmt":"2025-02-27T09:16:33","guid":{"rendered":"https:\/\/museros.org\/inici\/?page_id=273082"},"modified":"2026-03-09T16:08:18","modified_gmt":"2026-03-09T14:08:18","slug":"dia-del-padre-2025","status":"publish","type":"page","link":"https:\/\/museros.org\/inici\/es\/dia-del-padre-2025\/","title":{"rendered":"D\u00eda del padre 2025"},"content":{"rendered":"<p>[et_pb_section fb_built=\u00bb1&#8243; _builder_version=\u00bb4.16&#8243; _module_preset=\u00bbdefault\u00bb custom_padding=\u00bb0px||||false|false\u00bb locked=\u00bboff\u00bb global_colors_info=\u00bb{}\u00bb][et_pb_row column_structure=\u00bb1_3,2_3&#8243; _builder_version=\u00bb4.16&#8243; _module_preset=\u00bbdefault\u00bb custom_margin=\u00bb0px||0px||false|false\u00bb custom_padding=\u00bb0px||0px||false|false\u00bb global_colors_info=\u00bb{}\u00bb][et_pb_column type=\u00bb1_3&#8243; _builder_version=\u00bb4.16&#8243; _module_preset=\u00bbdefault\u00bb global_colors_info=\u00bb{}\u00bb][et_pb_image src=\u00bbhttps:\/\/museros.org\/wp-content\/uploads\/2021\/06\/logo-comercio-cl-230&#215;180-1.jpg\u00bb title_text=\u00bblogo-comercio-cl-230&#215;180&#8243; url=\u00bbhttps:\/\/museros.org\/inici\/es\/area-de-comercio\u00bb use_overlay=\u00bbon\u00bb overlay_icon_color=\u00bb#E02B20&#8243; hover_overlay_color=\u00bbrgba(255,255,255,0.7)\u00bb hover_icon=\u00bb&#xe04d;||divi||400&#8243; align=\u00bbcenter\u00bb _builder_version=\u00bb4.17.3&#8243; _module_preset=\u00bbdefault\u00bb width=\u00bb100%\u00bb width_tablet=\u00bb\u00bb width_phone=\u00bb\u00bb width_last_edited=\u00bbon|phone\u00bb module_alignment=\u00bbcenter\u00bb custom_margin=\u00bb0px||0px||false|false\u00bb custom_padding=\u00bb0px||0px||false|false\u00bb global_colors_info=\u00bb{}\u00bb][\/et_pb_image][\/et_pb_column][et_pb_column type=\u00bb2_3&#8243; _builder_version=\u00bb4.16&#8243; _module_preset=\u00bbdefault\u00bb global_colors_info=\u00bb{}\u00bb][et_pb_image src=\u00bbhttps:\/\/museros.org\/wp-content\/uploads\/2025\/02\/regaldelpare.jpg\u00bb title_text=\u00bbregaldelpare\u00bb _builder_version=\u00bb4.27.4&#8243; _module_preset=\u00bbdefault\u00bb global_colors_info=\u00bb{}\u00bb][\/et_pb_image][et_pb_text _builder_version=\u00bb4.27.5&#8243; _module_preset=\u00bbdefault\u00bb custom_margin=\u00bb40px||||false|false\u00bb custom_padding=\u00bb0px||||false|false\u00bb global_colors_info=\u00bb{}\u00bb]<\/p>\n<h1>\u00a1Tu mejor regalo, en Museros!<\/h1>\n<p>Bajo el lema \u201c\u00a1<strong>Tu mejor regalo, en Museros!\u201d,<\/strong> y como ya viene siendo habitual, de cara a la festividad de San Jos\u00e9, el Ayuntamiento de Museros, a trav\u00e9s de la Concejal\u00eda de Comercio junto a la Asociaci\u00f3n de Comerciantes CAMU, con la colaboraci\u00f3n de la entidad Caixa Popular, ponen en marcha una nueva campa\u00f1a comercial. En esta ocasi\u00f3n, con motivo de la celebraci\u00f3n del D\u00eda del Padre y con la idea de continuar incentivando al vecindario para que compren en el comercio local, con premios que pueden conseguir al realizar sus compras de una manera responsable, o al utilizar cualquiera de los servicios de profesionales o de restauraci\u00f3n de Museros.<\/p>\n<p>Estos premios volver\u00e1n a utilizarse en nuestros comercios, para crear as\u00ed un tipo de econom\u00eda circular. Esta campa\u00f1a es una continuidad de la l\u00ednea de trabajo que hasta ahora ha mantenido el Ayuntamiento de Museros, junto con la Asociaci\u00f3n de Comerciantes CAMU con la colaboraci\u00f3n de Caixa Popular, para apoyar, defender e incentivar el sector comercial tradicional, profesional y de restauraci\u00f3n de nuestro municipio.<\/p>\n<p>Esta campa\u00f1a, en la cual se invita a los ciudadanos a realizar sus compras en los comercios de Museros, por lo cual pueden participar en el sorteo de 15 tarjetas monedero por valor de 50 \u20ac cada una, para consumir en los comercios asociados a CAMU y en todos aquellos que hasta ahora hayan comunicado y aportado el n\u00famero de FUC de su TPV (dat\u00e1fono).<\/p>\n<p>Estas tarjetas se sortear\u00e1n entre aquellas compras y gastos realizados entre los d\u00edas 3 y 21 de marzo, ambos incluidos, en cualquier comercio, servicio de profesional o local de restauraci\u00f3n de Museros, exceptuando grandes franquicias y superficies.\u00a0<\/p>\n<p>Las compras deber\u00e1n ser de 30 \u20ac como m\u00ednimo, pudiendo acumular tickets de compras hasta alcanzar ese importe, las personas usuarias deber\u00e1n depositar los tickets de compra o documento equivalente, en el lugar habilitado para ello en el ayuntamiento. Las personas que participen deber\u00e1n adem\u00e1s indicar nombre y tel\u00e9fono para poder contactar con ellas en caso de resultar ganadoras.<\/p>\n<p>En el ticket o en cualquier documento equivalente, deber\u00e1n figurar los datos del comercio, del profesional o del local de restauraci\u00f3n donde se haya efectuado el gasto.<\/p>\n<p>Los tickets se depositar\u00e1n en el ayuntamiento de Museros, en lugar habilitado para esta finalidad, en horario de 09.00 h a 14.00 horas, hasta el d\u00eda 23 de marzo; los premios se sortear\u00e1n entre todos aquellos tickets o comprobantes del gasto que cumplan todos los requisitos.<\/p>\n<p>El sorteo tendr\u00e1 lugar el mi\u00e9rcoles 25 de marzo.<\/p>\n<p>Cada participante solo podr\u00e1 optar a un premio.<\/p>\n<p>[\/et_pb_text][\/et_pb_column][\/et_pb_row][et_pb_row _builder_version=\u00bb4.16&#8243; _module_preset=\u00bbdefault\u00bb custom_margin=\u00bb50px||0px||false|false\u00bb custom_padding=\u00bb0px||0px||false|false\u00bb global_colors_info=\u00bb{}\u00bb][et_pb_column type=\u00bb4_4&#8243; _builder_version=\u00bb4.16&#8243; _module_preset=\u00bbdefault\u00bb global_colors_info=\u00bb{}\u00bb][et_pb_divider color=\u00bb#E02B20&#8243; divider_weight=\u00bb4px\u00bb _builder_version=\u00bb4.16&#8243; _module_preset=\u00bbdefault\u00bb custom_margin=\u00bb0px||0px||false|false\u00bb custom_padding=\u00bb0px||0px||false|false\u00bb global_colors_info=\u00bb{}\u00bb][\/et_pb_divider][\/et_pb_column][\/et_pb_row][\/et_pb_section]<\/p>\n","protected":false},"excerpt":{"rendered":"<p>\u00a1Tu mejor regalo, en Museros! Bajo el lema \u201c\u00a1Tu mejor regalo, en Museros!\u201d, y como ya viene siendo habitual, de cara a la festividad de San Jos\u00e9, el Ayuntamiento de Museros, a trav\u00e9s de la Concejal\u00eda de Comercio junto a la Asociaci\u00f3n de Comerciantes CAMU, con la colaboraci\u00f3n de la entidad Caixa Popular, ponen en [&hellip;]<\/p>\n","protected":false},"author":8,"featured_media":0,"parent":0,"menu_order":0,"comment_status":"closed","ping_status":"closed","template":"","meta":{"_et_pb_use_builder":"on","_et_pb_old_content":"","_et_gb_content_width":"","_mc_calendar":[],"footnotes":""},"wf_page_folders":[281,294],"class_list":["post-273082","page","type-page","status-publish","hentry"],"_links":{"self":[{"href":"https:\/\/museros.org\/inici\/wp-json\/wp\/v2\/pages\/273082","targetHints":{"allow":["GET"]}}],"collection":[{"href":"https:\/\/museros.org\/inici\/wp-json\/wp\/v2\/pages"}],"about":[{"href":"https:\/\/museros.org\/inici\/wp-json\/wp\/v2\/types\/page"}],"author":[{"embeddable":true,"href":"https:\/\/museros.org\/inici\/wp-json\/wp\/v2\/users\/8"}],"replies":[{"embeddable":true,"href":"https:\/\/museros.org\/inici\/wp-json\/wp\/v2\/comments?post=273082"}],"version-history":[{"count":5,"href":"https:\/\/museros.org\/inici\/wp-json\/wp\/v2\/pages\/273082\/revisions"}],"predecessor-version":[{"id":279090,"href":"https:\/\/museros.org\/inici\/wp-json\/wp\/v2\/pages\/273082\/revisions\/279090"}],"wp:attachment":[{"href":"https:\/\/museros.org\/inici\/wp-json\/wp\/v2\/media?parent=273082"}],"wp:term":[{"taxonomy":"wf_page_folders","embeddable":true,"href":"https:\/\/museros.org\/inici\/wp-json\/wp\/v2\/wf_page_folders?post=273082"}],"curies":[{"name":"wp","href":"https:\/\/api.w.org\/{rel}","templated":true}]}}

Día del padre 2025

<p>[et_pb_section fb_built=»1&#8243; _builder_version=»4.16&#8243; _module_preset=»default» custom_padding=»0px||||false|false» locked=»off» global_colors_info=»{}»][et_pb_row column_structure=»1_3,2_3&#8243; _builder_version=»4.16&#8243; _module_preset=»default» custom_margin=»0px||0px||false|false» custom_padding=»0px||0px||false|false» global_colors_info=»{}»][et_pb_column type=»1_3&#8243; _builder_version=»4.16&#8243; _module_preset=»default» global_colors_info=»{}»][et_pb_image src=»https://museros.org/wp-content/uploads/2021/06/logo-comercio-cl-230&#215;180-1.jpg» title_text=»logo-comercio-cl-230&#215;180&#8243; url=»https://museros.org/inici/es/area-de-comercio» use_overlay=»on» overlay_icon_color=»#E02B20&#8243; hover_overlay_color=»rgba(255,255,255,0.7)» hover_icon=»&#xe04d;||divi||400&#8243; align=»center» _builder_version=»4.17.3&#8243; _module_preset=»default» width=»100%» width_tablet=»» width_phone=»» width_last_edited=»on|phone» module_alignment=»center» custom_margin=»0px||0px||false|false» custom_padding=»0px||0px||false|false» global_colors_info=»{}»][/et_pb_image][/et_pb_column][et_pb_column type=»2_3&#8243; _builder_version=»4.16&#8243; _module_preset=»default» global_colors_info=»{}»][et_pb_image src=»https://museros.org/wp-content/uploads/2025/02/regaldelpare.jpg» title_text=»regaldelpare» _builder_version=»4.27.4&#8243; _module_preset=»default» global_colors_info=»{}»][/et_pb_image][et_pb_text _builder_version=»4.27.5&#8243; _module_preset=»default» custom_margin=»40px||||false|false» custom_padding=»0px||||false|false» global_colors_info=»{}»]</p>
<h1>¡Tu mejor regalo, en Museros!</h1>
<p>Bajo el lema “¡<strong>Tu mejor regalo, en Museros!”,</strong> y como ya viene siendo habitual, de cara a la festividad de San José, el Ayuntamiento de Museros, a través de la Concejalía de Comercio junto a la Asociación de Comerciantes CAMU, con la colaboración de la entidad Caixa Popular, ponen en marcha una nueva campaña comercial. En esta ocasión, con motivo de la celebración del Día del Padre y con la idea de continuar incentivando al vecindario para que compren en el comercio local, con premios que pueden conseguir al realizar sus compras de una manera responsable, o al utilizar cualquiera de los servicios de profesionales o de restauración de Museros.</p>
<p>Estos premios volverán a utilizarse en nuestros comercios, para crear así un tipo de economía circular. Esta campaña es una continuidad de la línea de trabajo que hasta ahora ha mantenido el Ayuntamiento de Museros, junto con la Asociación de Comerciantes CAMU con la colaboración de Caixa Popular, para apoyar, defender e incentivar el sector comercial tradicional, profesional y de restauración de nuestro municipio.</p>
<p>Esta campaña, en la cual se invita a los ciudadanos a realizar sus compras en los comercios de Museros, por lo cual pueden participar en el sorteo de 15 tarjetas monedero por valor de 50 € cada una, para consumir en los comercios asociados a CAMU y en todos aquellos que hasta ahora hayan comunicado y aportado el número de FUC de su TPV (datáfono).</p>
<p>Estas tarjetas se sortearán entre aquellas compras y gastos realizados entre los días 3 y 21 de marzo, ambos incluidos, en cualquier comercio, servicio de profesional o local de restauración de Museros, exceptuando grandes franquicias y superficies. </p>
<p>Las compras deberán ser de 30 € como mínimo, pudiendo acumular tickets de compras hasta alcanzar ese importe, las personas usuarias deberán depositar los tickets de compra o documento equivalente, en el lugar habilitado para ello en el ayuntamiento. Las personas que participen deberán además indicar nombre y teléfono para poder contactar con ellas en caso de resultar ganadoras.</p>
<p>En el ticket o en cualquier documento equivalente, deberán figurar los datos del comercio, del profesional o del local de restauración donde se haya efectuado el gasto.</p>
<p>Los tickets se depositarán en el ayuntamiento de Museros, en lugar habilitado para esta finalidad, en horario de 09.00 h a 14.00 horas, hasta el día 23 de marzo; los premios se sortearán entre todos aquellos tickets o comprobantes del gasto que cumplan todos los requisitos.</p>
<p>El sorteo tendrá lugar el miércoles 25 de marzo.</p>
<p>Cada participante solo podrá optar a un premio.</p>
<p>[/et_pb_text][/et_pb_column][/et_pb_row][et_pb_row _builder_version=»4.16&#8243; _module_preset=»default» custom_margin=»50px||0px||false|false» custom_padding=»0px||0px||false|false» global_colors_info=»{}»][et_pb_column type=»4_4&#8243; _builder_version=»4.16&#8243; _module_preset=»default» global_colors_info=»{}»][et_pb_divider color=»#E02B20&#8243; divider_weight=»4px» _builder_version=»4.16&#8243; _module_preset=»default» custom_margin=»0px||0px||false|false» custom_padding=»0px||0px||false|false» global_colors_info=»{}»][/et_pb_divider][/et_pb_column][/et_pb_row][/et_pb_section]</p>

<p>¡Tu mejor regalo, en Museros! Bajo el lema “¡Tu mejor regalo, en Museros!”, y como ya viene siendo habitual, de cara a la festividad de San José, el Ayuntamiento de Museros, a través de la Concejalía de Comercio junto a la Asociación de Comerciantes CAMU, con la colaboración de la entidad Caixa Popular, ponen en [&hellip;]</p>
