{"id":273077,"date":"2025-02-27T09:13:10","date_gmt":"2025-02-27T09:13:10","guid":{"rendered":"https:\/\/museros.org\/inici\/?page_id=273077"},"modified":"2025-02-27T10:12:06","modified_gmt":"2025-02-27T10:12:06","slug":"dia-del-pare-2025","status":"publish","type":"page","link":"https:\/\/museros.org\/inici\/dia-del-pare-2025\/","title":{"rendered":"Dia del pare 2025"},"content":{"rendered":"<p>[et_pb_section fb_built=\u00bb1&#8243; _builder_version=\u00bb4.16&#8243; _module_preset=\u00bbdefault\u00bb custom_padding=\u00bb0px||||false|false\u00bb locked=\u00bboff\u00bb global_colors_info=\u00bb{}\u00bb][et_pb_row column_structure=\u00bb1_3,2_3&#8243; _builder_version=\u00bb4.16&#8243; _module_preset=\u00bbdefault\u00bb custom_margin=\u00bb0px||0px||false|false\u00bb custom_padding=\u00bb0px||0px||false|false\u00bb global_colors_info=\u00bb{}\u00bb][et_pb_column type=\u00bb1_3&#8243; _builder_version=\u00bb4.16&#8243; _module_preset=\u00bbdefault\u00bb global_colors_info=\u00bb{}\u00bb][et_pb_image src=\u00bbhttps:\/\/museros.org\/wp-content\/uploads\/2021\/08\/logo-comerc\u0327-cl-230&#215;180-1.jpg\u00bb title_text=\u00bblogo-comerc\u0327-cl-230&#215;180&#8243; url=\u00bbhttps:\/\/museros.org\/inici\/area-de-comerc\u00bb use_overlay=\u00bbon\u00bb overlay_icon_color=\u00bb#E02B20&#8243; hover_overlay_color=\u00bbrgba(255,255,255,0.7)\u00bb hover_icon=\u00bb&#xe04d;||divi||400&#8243; align=\u00bbcenter\u00bb _builder_version=\u00bb4.17.3&#8243; _module_preset=\u00bbdefault\u00bb width=\u00bb100%\u00bb width_tablet=\u00bb\u00bb width_phone=\u00bb\u00bb width_last_edited=\u00bbon|phone\u00bb module_alignment=\u00bbcenter\u00bb custom_margin=\u00bb0px||0px||false|false\u00bb custom_padding=\u00bb0px||0px||false|false\u00bb global_colors_info=\u00bb{}\u00bb][\/et_pb_image][\/et_pb_column][et_pb_column type=\u00bb2_3&#8243; _builder_version=\u00bb4.16&#8243; _module_preset=\u00bbdefault\u00bb global_colors_info=\u00bb{}\u00bb][et_pb_image src=\u00bbhttps:\/\/museros.org\/wp-content\/uploads\/2025\/02\/regaldelpare.jpg\u00bb title_text=\u00bbregaldelpare\u00bb _builder_version=\u00bb4.27.4&#8243; _module_preset=\u00bbdefault\u00bb global_colors_info=\u00bb{}\u00bb][\/et_pb_image][et_pb_text _builder_version=\u00bb4.27.4&#8243; _module_preset=\u00bbdefault\u00bb custom_margin=\u00bb40px||||false|false\u00bb custom_padding=\u00bb||1px|0px|false|false\u00bb hover_enabled=\u00bb0&#8243; global_colors_info=\u00bb{}\u00bb sticky_enabled=\u00bb0&#8243;]<\/p>\n<h1>El regal de pap\u00e0, millor al comer\u00e7 local!<\/h1>\n<p>Sota el lema El regal de pap\u00e0, millor al comer\u00e7 local!, i com ja \u00e9s habitual en aquestes dates, l&#8217;Ajuntament de Museros, i en concret la Regidoria de Comer\u00e7, juntament amb l&#8217;Associaci\u00f3 de Comerciants CAMU i l&#8217;entitat Caixa Popular, posen en marxa aquesta campanya de comer\u00e7 amb motiu de la celebraci\u00f3 del Dia del Pare, amb la idea de continuar incentivant els consumidors i les consumidores amb premis que poden aconseguir en realitzar les seues compres, d&#8217;una manera responsable, al comer\u00e7 local de Museros.<\/p>\n<p>D\u2019altra banda, aquests premis tornen a utilitzar-se als nostres comer\u00e7os per a crear aix\u00ed un tipus d&#8217;economia circular, ja que aquesta campanya \u00e9s una continu\u00eftat de la l\u00ednia de treball que fins ara ha mantingut l&#8217;Ajuntament de Museros amb l&#8217;Associaci\u00f3 de Comerciants CAMU per a ajudar i incentivar el sector comercial tradicional, professional i de restauraci\u00f3 del nostre municipi.<\/p>\n<p>Aquesta campanya, en la qual es convida els ciutadans i les ciutadanes a fer les compres als comer\u00e7os de Museros, inclou el sorteig de 15 targetes moneder per valor de 40 \u20ac cadascuna, per a consumir als comer\u00e7os associats a CAMU i en tots aquells adherits a la campanya.<\/p>\n<p>Aquestes targetes se sortejaran entre aquelles compres realitzades entre els dies 3 i 20 de mar\u00e7, tots dos inclosos, en qualsevol comer\u00e7 de Museros, excepte les grans franqu\u00edcies i les grans superf\u00edcies. Cada participant nom\u00e9s podr\u00e0 optar a un sol premi; en el sup\u00f2sit que alg\u00fa isquera elegit m\u00e9s d\u2019una vegada, es declararia nul i s\u2019extrauria un tiquet diferent.<\/p>\n<p>Les compres hauran de ser de 25 \u20ac com a m\u00ednim i es podran acumular els tiquets fins a aconseguir aquest import. Qui vullga participar haur\u00e0 de depositar els tiquets de compra o document equivalent al lloc habilitat a tal efecte a l&#8217;ajuntament, i caldr\u00e0 que indique el nom complet i el tel\u00e8fon per tal de poder contactar en cas de resultar guanyador o guanyadora.<\/p>\n<p>En el tiquet, o en qualsevol document equivalent, hauran de figurar les dades del comer\u00e7, del o la professional o del local de restauraci\u00f3 on s&#8217;haja efectuat la despesa.<\/p>\n<p>Els tiquets es depositaran a l&#8217;ajuntament de Museros, al lloc habilitat per a aquesta finalitat, en horari de 09:00 h a 10:00 h, fins al 24 de mar\u00e7. Els premis se sortejaran entre tots aquells tiquets o comprovants de la despesa que complisquen tots els requisits.<\/p>\n<p>El sorteig tindr\u00e0 lloc el dimecres 26 de mar\u00e7.<\/p>\n<p>El lliurament de premis ser\u00e0 a la sala de plens de l&#8217;ajuntament el dijous 3 d&#8217;abril a les 19:00 h.<\/p>\n<p>[\/et_pb_text][\/et_pb_column][\/et_pb_row][et_pb_row _builder_version=\u00bb4.16&#8243; _module_preset=\u00bbdefault\u00bb custom_margin=\u00bb50px||0px||false|false\u00bb custom_padding=\u00bb0px||0px||false|false\u00bb global_colors_info=\u00bb{}\u00bb][et_pb_column type=\u00bb4_4&#8243; _builder_version=\u00bb4.16&#8243; _module_preset=\u00bbdefault\u00bb global_colors_info=\u00bb{}\u00bb][et_pb_divider color=\u00bb#E02B20&#8243; divider_weight=\u00bb4px\u00bb _builder_version=\u00bb4.16&#8243; _module_preset=\u00bbdefault\u00bb custom_margin=\u00bb0px||0px||false|false\u00bb custom_padding=\u00bb0px||0px||false|false\u00bb global_colors_info=\u00bb{}\u00bb][\/et_pb_divider][\/et_pb_column][\/et_pb_row][\/et_pb_section]<\/p>\n","protected":false},"excerpt":{"rendered":"<p>El regal de pap\u00e0, millor al comer\u00e7 local! Sota el lema El regal de pap\u00e0, millor al comer\u00e7 local!, i com ja \u00e9s habitual en aquestes dates, l&#8217;Ajuntament de Museros, i en concret la Regidoria de Comer\u00e7, juntament amb l&#8217;Associaci\u00f3 de Comerciants CAMU i l&#8217;entitat Caixa Popular, posen en marxa aquesta campanya de comer\u00e7 amb [&hellip;]<\/p>\n","protected":false},"author":8,"featured_media":0,"parent":0,"menu_order":0,"comment_status":"closed","ping_status":"closed","template":"","meta":{"_et_pb_use_builder":"on","_et_pb_old_content":"","_et_gb_content_width":"","_mc_calendar":[],"footnotes":""},"wf_page_folders":[294],"class_list":["post-273077","page","type-page","status-publish","hentry"],"_links":{"self":[{"href":"https:\/\/museros.org\/inici\/wp-json\/wp\/v2\/pages\/273077","targetHints":{"allow":["GET"]}}],"collection":[{"href":"https:\/\/museros.org\/inici\/wp-json\/wp\/v2\/pages"}],"about":[{"href":"https:\/\/museros.org\/inici\/wp-json\/wp\/v2\/types\/page"}],"author":[{"embeddable":true,"href":"https:\/\/museros.org\/inici\/wp-json\/wp\/v2\/users\/8"}],"replies":[{"embeddable":true,"href":"https:\/\/museros.org\/inici\/wp-json\/wp\/v2\/comments?post=273077"}],"version-history":[{"count":3,"href":"https:\/\/museros.org\/inici\/wp-json\/wp\/v2\/pages\/273077\/revisions"}],"predecessor-version":[{"id":273097,"href":"https:\/\/museros.org\/inici\/wp-json\/wp\/v2\/pages\/273077\/revisions\/273097"}],"wp:attachment":[{"href":"https:\/\/museros.org\/inici\/wp-json\/wp\/v2\/media?parent=273077"}],"wp:term":[{"taxonomy":"wf_page_folders","embeddable":true,"href":"https:\/\/museros.org\/inici\/wp-json\/wp\/v2\/wf_page_folders?post=273077"}],"curies":[{"name":"wp","href":"https:\/\/api.w.org\/{rel}","templated":true}]}}

<p>[et_pb_section fb_built=»1&#8243; _builder_version=»4.16&#8243; _module_preset=»default» custom_padding=»0px||||false|false» locked=»off» global_colors_info=»{}»][et_pb_row column_structure=»1_3,2_3&#8243; _builder_version=»4.16&#8243; _module_preset=»default» custom_margin=»0px||0px||false|false» custom_padding=»0px||0px||false|false» global_colors_info=»{}»][et_pb_column type=»1_3&#8243; _builder_version=»4.16&#8243; _module_preset=»default» global_colors_info=»{}»][et_pb_image src=»https://museros.org/wp-content/uploads/2021/08/logo-comerç-cl-230&#215;180-1.jpg» title_text=»logo-comerç-cl-230&#215;180&#8243; url=»https://museros.org/inici/area-de-comerc» use_overlay=»on» overlay_icon_color=»#E02B20&#8243; hover_overlay_color=»rgba(255,255,255,0.7)» hover_icon=»&#xe04d;||divi||400&#8243; align=»center» _builder_version=»4.17.3&#8243; _module_preset=»default» width=»100%» width_tablet=»» width_phone=»» width_last_edited=»on|phone» module_alignment=»center» custom_margin=»0px||0px||false|false» custom_padding=»0px||0px||false|false» global_colors_info=»{}»][/et_pb_image][/et_pb_column][et_pb_column type=»2_3&#8243; _builder_version=»4.16&#8243; _module_preset=»default» global_colors_info=»{}»][et_pb_image src=»https://museros.org/wp-content/uploads/2025/02/regaldelpare.jpg» title_text=»regaldelpare» _builder_version=»4.27.4&#8243; _module_preset=»default» global_colors_info=»{}»][/et_pb_image][et_pb_text _builder_version=»4.27.4&#8243; _module_preset=»default» custom_margin=»40px||||false|false» custom_padding=»||1px|0px|false|false» hover_enabled=»0&#8243; global_colors_info=»{}» sticky_enabled=»0&#8243;]</p>
<h1>El regal de papà, millor al comerç local!</h1>
<p>Sota el lema El regal de papà, millor al comerç local!, i com ja és habitual en aquestes dates, l&#8217;Ajuntament de Museros, i en concret la Regidoria de Comerç, juntament amb l&#8217;Associació de Comerciants CAMU i l&#8217;entitat Caixa Popular, posen en marxa aquesta campanya de comerç amb motiu de la celebració del Dia del Pare, amb la idea de continuar incentivant els consumidors i les consumidores amb premis que poden aconseguir en realitzar les seues compres, d&#8217;una manera responsable, al comerç local de Museros.</p>
<p>D’altra banda, aquests premis tornen a utilitzar-se als nostres comerços per a crear així un tipus d&#8217;economia circular, ja que aquesta campanya és una continuïtat de la línia de treball que fins ara ha mantingut l&#8217;Ajuntament de Museros amb l&#8217;Associació de Comerciants CAMU per a ajudar i incentivar el sector comercial tradicional, professional i de restauració del nostre municipi.</p>
<p>Aquesta campanya, en la qual es convida els ciutadans i les ciutadanes a fer les compres als comerços de Museros, inclou el sorteig de 15 targetes moneder per valor de 40 € cadascuna, per a consumir als comerços associats a CAMU i en tots aquells adherits a la campanya.</p>
<p>Aquestes targetes se sortejaran entre aquelles compres realitzades entre els dies 3 i 20 de març, tots dos inclosos, en qualsevol comerç de Museros, excepte les grans franquícies i les grans superfícies. Cada participant només podrà optar a un sol premi; en el supòsit que algú isquera elegit més d’una vegada, es declararia nul i s’extrauria un tiquet diferent.</p>
<p>Les compres hauran de ser de 25 € com a mínim i es podran acumular els tiquets fins a aconseguir aquest import. Qui vullga participar haurà de depositar els tiquets de compra o document equivalent al lloc habilitat a tal efecte a l&#8217;ajuntament, i caldrà que indique el nom complet i el telèfon per tal de poder contactar en cas de resultar guanyador o guanyadora.</p>
<p>En el tiquet, o en qualsevol document equivalent, hauran de figurar les dades del comerç, del o la professional o del local de restauració on s&#8217;haja efectuat la despesa.</p>
<p>Els tiquets es depositaran a l&#8217;ajuntament de Museros, al lloc habilitat per a aquesta finalitat, en horari de 09:00 h a 10:00 h, fins al 24 de març. Els premis se sortejaran entre tots aquells tiquets o comprovants de la despesa que complisquen tots els requisits.</p>
<p>El sorteig tindrà lloc el dimecres 26 de març.</p>
<p>El lliurament de premis serà a la sala de plens de l&#8217;ajuntament el dijous 3 d&#8217;abril a les 19:00 h.</p>
<p>[/et_pb_text][/et_pb_column][/et_pb_row][et_pb_row _builder_version=»4.16&#8243; _module_preset=»default» custom_margin=»50px||0px||false|false» custom_padding=»0px||0px||false|false» global_colors_info=»{}»][et_pb_column type=»4_4&#8243; _builder_version=»4.16&#8243; _module_preset=»default» global_colors_info=»{}»][et_pb_divider color=»#E02B20&#8243; divider_weight=»4px» _builder_version=»4.16&#8243; _module_preset=»default» custom_margin=»0px||0px||false|false» custom_padding=»0px||0px||false|false» global_colors_info=»{}»][/et_pb_divider][/et_pb_column][/et_pb_row][/et_pb_section]</p>

<p>El regal de papà, millor al comerç local! Sota el lema El regal de papà, millor al comerç local!, i com ja és habitual en aquestes dates, l&#8217;Ajuntament de Museros, i en concret la Regidoria de Comerç, juntament amb l&#8217;Associació de Comerciants CAMU i l&#8217;entitat Caixa Popular, posen en marxa aquesta campanya de comerç amb [&hellip;]</p>
