{"id":273050,"date":"2025-02-25T18:23:14","date_gmt":"2025-02-25T18:23:14","guid":{"rendered":"https:\/\/museros.org\/inici\/?page_id=273050"},"modified":"2025-02-25T18:23:14","modified_gmt":"2025-02-25T18:23:14","slug":"actos-8m-2025","status":"publish","type":"page","link":"https:\/\/museros.org\/inici\/es\/actos-8m-2025\/","title":{"rendered":"Actos 8M 2025"},"content":{"rendered":"<p>[et_pb_section fb_built=\u00bb1&#8243; _builder_version=\u00bb4.16&#8243; _module_preset=\u00bbdefault\u00bb custom_padding=\u00bb0px||||false|false\u00bb locked=\u00bboff\u00bb global_colors_info=\u00bb{}\u00bb theme_builder_area=\u00bbpost_content\u00bb][et_pb_row column_structure=\u00bb1_4,3_4&#8243; _builder_version=\u00bb4.16&#8243; _module_preset=\u00bbdefault\u00bb custom_padding=\u00bb0px||||false|false\u00bb global_colors_info=\u00bb{}\u00bb theme_builder_area=\u00bbpost_content\u00bb][et_pb_column type=\u00bb1_4&#8243; _builder_version=\u00bb4.16&#8243; _module_preset=\u00bbdefault\u00bb global_colors_info=\u00bb{}\u00bb theme_builder_area=\u00bbpost_content\u00bb][et_pb_image src=\u00bbhttps:\/\/museros.org\/wp-content\/uploads\/2021\/06\/logo-politicas-cl-230&#215;180-1.jpg\u00bb title_text=\u00bblogo-politicas-cl-230&#215;180&#8243; url=\u00bbhttps:\/\/museros.org\/inici\/es\/igualdad-y-violencia-de-genero\/\u00bb use_overlay=\u00bbon\u00bb overlay_icon_color=\u00bb#E02B20&#8243; hover_overlay_color=\u00bbrgba(255,255,255,0.7)\u00bb hover_icon=\u00bb&#xe04d;||divi||400&#8243; align=\u00bbcenter\u00bb _builder_version=\u00bb4.19.4&#8243; _module_preset=\u00bbdefault\u00bb width=\u00bb100%\u00bb width_tablet=\u00bb\u00bb width_phone=\u00bb\u00bb width_last_edited=\u00bbon|desktop\u00bb custom_margin=\u00bb0px||0px||false|false\u00bb custom_padding=\u00bb0px||0px||false|false\u00bb global_colors_info=\u00bb{}\u00bb locked=\u00bboff\u00bb theme_builder_area=\u00bbpost_content\u00bb][\/et_pb_image][\/et_pb_column][et_pb_column type=\u00bb3_4&#8243; _builder_version=\u00bb4.16&#8243; _module_preset=\u00bbdefault\u00bb global_colors_info=\u00bb{}\u00bb theme_builder_area=\u00bbpost_content\u00bb][et_pb_text _builder_version=\u00bb4.27.4&#8243; _module_preset=\u00bbdefault\u00bb hover_enabled=\u00bb0&#8243; global_colors_info=\u00bb{}\u00bb theme_builder_area=\u00bbpost_content\u00bb sticky_enabled=\u00bb0&#8243;]<\/p>\n<h1>Perqu\u00e8 f\u00f3rem, som i perqu\u00e8 som, serem<\/h1>\n<p>Este 8M, coincidiendo con el d\u00e9cimo aniversario del primer D\u00eda Internacional de la Mujer y la Ni\u00f1a en la Ciencia, queremos reconocer a todas las mujeres que han luchado por poder dedicarse a la ciencia. Gracias a ellas, hoy hay miles de mujeres cient\u00edficas, y gracias a su legado, las ni\u00f1as del presente ser\u00e1n las cient\u00edficas del futuro.<br \/>Gran parte de la programaci\u00f3n de este a\u00f1o est\u00e1 dedicada a ellas, poniendo en valor su lucha y sus logros.<br \/>Esta es la programaci\u00f3n que hemos preparado para este 8M.<br \/>\u00a1Contamos contigo!<\/p>\n<p>[\/et_pb_text][et_pb_image src=\u00bbhttps:\/\/museros.org\/wp-content\/uploads\/2025\/02\/cartell-8M.jpg\u00bb _builder_version=\u00bb4.27.4&#8243; _module_preset=\u00bbdefault\u00bb theme_builder_area=\u00bbpost_content\u00bb title_text=\u00bbcartell-8M\u00bb hover_enabled=\u00bb0&#8243; sticky_enabled=\u00bb0&#8243;][\/et_pb_image][\/et_pb_column][\/et_pb_row][et_pb_row _builder_version=\u00bb4.16&#8243; _module_preset=\u00bbdefault\u00bb global_colors_info=\u00bb{}\u00bb theme_builder_area=\u00bbpost_content\u00bb][et_pb_column type=\u00bb4_4&#8243; _builder_version=\u00bb4.16&#8243; _module_preset=\u00bbdefault\u00bb global_colors_info=\u00bb{}\u00bb theme_builder_area=\u00bbpost_content\u00bb][et_pb_divider color=\u00bb#E02B20&#8243; divider_weight=\u00bb3px\u00bb _builder_version=\u00bb4.16&#8243; _module_preset=\u00bbdefault\u00bb width=\u00bb100%\u00bb global_colors_info=\u00bb{}\u00bb theme_builder_area=\u00bbpost_content\u00bb][\/et_pb_divider][\/et_pb_column][\/et_pb_row][\/et_pb_section]<\/p>\n","protected":false},"excerpt":{"rendered":"<p>Perqu\u00e8 f\u00f3rem, som i perqu\u00e8 som, serem Este 8M, coincidiendo con el d\u00e9cimo aniversario del primer D\u00eda Internacional de la Mujer y la Ni\u00f1a en la Ciencia, queremos reconocer a todas las mujeres que han luchado por poder dedicarse a la ciencia. Gracias a ellas, hoy hay miles de mujeres cient\u00edficas, y gracias a su [&hellip;]<\/p>\n","protected":false},"author":8,"featured_media":0,"parent":0,"menu_order":0,"comment_status":"closed","ping_status":"closed","template":"","meta":{"_et_pb_use_builder":"on","_et_pb_old_content":"","_et_gb_content_width":"","_mc_calendar":[],"footnotes":""},"wf_page_folders":[290],"class_list":["post-273050","page","type-page","status-publish","hentry"],"_links":{"self":[{"href":"https:\/\/museros.org\/inici\/wp-json\/wp\/v2\/pages\/273050","targetHints":{"allow":["GET"]}}],"collection":[{"href":"https:\/\/museros.org\/inici\/wp-json\/wp\/v2\/pages"}],"about":[{"href":"https:\/\/museros.org\/inici\/wp-json\/wp\/v2\/types\/page"}],"author":[{"embeddable":true,"href":"https:\/\/museros.org\/inici\/wp-json\/wp\/v2\/users\/8"}],"replies":[{"embeddable":true,"href":"https:\/\/museros.org\/inici\/wp-json\/wp\/v2\/comments?post=273050"}],"version-history":[{"count":2,"href":"https:\/\/museros.org\/inici\/wp-json\/wp\/v2\/pages\/273050\/revisions"}],"predecessor-version":[{"id":273054,"href":"https:\/\/museros.org\/inici\/wp-json\/wp\/v2\/pages\/273050\/revisions\/273054"}],"wp:attachment":[{"href":"https:\/\/museros.org\/inici\/wp-json\/wp\/v2\/media?parent=273050"}],"wp:term":[{"taxonomy":"wf_page_folders","embeddable":true,"href":"https:\/\/museros.org\/inici\/wp-json\/wp\/v2\/wf_page_folders?post=273050"}],"curies":[{"name":"wp","href":"https:\/\/api.w.org\/{rel}","templated":true}]}}

<p>[et_pb_section fb_built=»1&#8243; _builder_version=»4.16&#8243; _module_preset=»default» custom_padding=»0px||||false|false» locked=»off» global_colors_info=»{}» theme_builder_area=»post_content»][et_pb_row column_structure=»1_4,3_4&#8243; _builder_version=»4.16&#8243; _module_preset=»default» custom_padding=»0px||||false|false» global_colors_info=»{}» theme_builder_area=»post_content»][et_pb_column type=»1_4&#8243; _builder_version=»4.16&#8243; _module_preset=»default» global_colors_info=»{}» theme_builder_area=»post_content»][et_pb_image src=»https://museros.org/wp-content/uploads/2021/06/logo-politicas-cl-230&#215;180-1.jpg» title_text=»logo-politicas-cl-230&#215;180&#8243; url=»https://museros.org/inici/es/igualdad-y-violencia-de-genero/» use_overlay=»on» overlay_icon_color=»#E02B20&#8243; hover_overlay_color=»rgba(255,255,255,0.7)» hover_icon=»&#xe04d;||divi||400&#8243; align=»center» _builder_version=»4.19.4&#8243; _module_preset=»default» width=»100%» width_tablet=»» width_phone=»» width_last_edited=»on|desktop» custom_margin=»0px||0px||false|false» custom_padding=»0px||0px||false|false» global_colors_info=»{}» locked=»off» theme_builder_area=»post_content»][/et_pb_image][/et_pb_column][et_pb_column type=»3_4&#8243; _builder_version=»4.16&#8243; _module_preset=»default» global_colors_info=»{}» theme_builder_area=»post_content»][et_pb_text _builder_version=»4.27.4&#8243; _module_preset=»default» hover_enabled=»0&#8243; global_colors_info=»{}» theme_builder_area=»post_content» sticky_enabled=»0&#8243;]</p>
<h1>Perquè fórem, som i perquè som, serem</h1>
<p>Este 8M, coincidiendo con el décimo aniversario del primer Día Internacional de la Mujer y la Niña en la Ciencia, queremos reconocer a todas las mujeres que han luchado por poder dedicarse a la ciencia. Gracias a ellas, hoy hay miles de mujeres científicas, y gracias a su legado, las niñas del presente serán las científicas del futuro.<br />Gran parte de la programación de este año está dedicada a ellas, poniendo en valor su lucha y sus logros.<br />Esta es la programación que hemos preparado para este 8M.<br />¡Contamos contigo!</p>
<p>[/et_pb_text][et_pb_image src=»https://museros.org/wp-content/uploads/2025/02/cartell-8M.jpg» _builder_version=»4.27.4&#8243; _module_preset=»default» theme_builder_area=»post_content» title_text=»cartell-8M» hover_enabled=»0&#8243; sticky_enabled=»0&#8243;][/et_pb_image][/et_pb_column][/et_pb_row][et_pb_row _builder_version=»4.16&#8243; _module_preset=»default» global_colors_info=»{}» theme_builder_area=»post_content»][et_pb_column type=»4_4&#8243; _builder_version=»4.16&#8243; _module_preset=»default» global_colors_info=»{}» theme_builder_area=»post_content»][et_pb_divider color=»#E02B20&#8243; divider_weight=»3px» _builder_version=»4.16&#8243; _module_preset=»default» width=»100%» global_colors_info=»{}» theme_builder_area=»post_content»][/et_pb_divider][/et_pb_column][/et_pb_row][/et_pb_section]</p>

<p>Perquè fórem, som i perquè som, serem Este 8M, coincidiendo con el décimo aniversario del primer Día Internacional de la Mujer y la Niña en la Ciencia, queremos reconocer a todas las mujeres que han luchado por poder dedicarse a la ciencia. Gracias a ellas, hoy hay miles de mujeres científicas, y gracias a su [&hellip;]</p>
