{"id":272625,"date":"2025-01-14T12:59:38","date_gmt":"2025-01-14T12:59:38","guid":{"rendered":"https:\/\/museros.org\/inici\/?page_id=272625"},"modified":"2025-01-16T11:17:52","modified_gmt":"2025-01-16T11:17:52","slug":"obras-de-la-plaza","status":"publish","type":"page","link":"https:\/\/museros.org\/inici\/es\/obras-de-la-plaza\/","title":{"rendered":"Obras de la plaza"},"content":{"rendered":"<p>[et_pb_section fb_built=\u00bb1&#8243; _builder_version=\u00bb4.16&#8243; _module_preset=\u00bbdefault\u00bb custom_margin=\u00bb0px||||false|false\u00bb custom_padding=\u00bb0px||||false|false\u00bb locked=\u00bboff\u00bb global_colors_info=\u00bb{}\u00bb][et_pb_row column_structure=\u00bb1_4,3_4&#8243; _builder_version=\u00bb4.16&#8243; _module_preset=\u00bbdefault\u00bb custom_margin=\u00bb0px||||false|false\u00bb custom_padding=\u00bb0px||||false|false\u00bb global_colors_info=\u00bb{}\u00bb][et_pb_column type=\u00bb1_4&#8243; _builder_version=\u00bb4.16&#8243; _module_preset=\u00bbdefault\u00bb global_colors_info=\u00bb{}\u00bb][et_pb_image src=\u00bbhttps:\/\/museros.org\/wp-content\/uploads\/2021\/06\/logo-estructuras-cl-230&#215;180-1.jpg\u00bb title_text=\u00bblogo-estructuras-cl-230&#215;180&#8243; url=\u00bbhttps:\/\/museros.org\/inici\/es\/area-de-infraestructuras\/\u00bb use_overlay=\u00bbon\u00bb overlay_icon_color=\u00bb#E02B20&#8243; hover_overlay_color=\u00bbrgba(255,255,255,0.71)\u00bb hover_icon=\u00bb&#xe04d;||divi||400&#8243; _builder_version=\u00bb4.27.4&#8243; _module_preset=\u00bbdefault\u00bb hover_enabled=\u00bb0&#8243; locked=\u00bboff\u00bb global_colors_info=\u00bb{}\u00bb sticky_enabled=\u00bb0&#8243;][\/et_pb_image][\/et_pb_column][et_pb_column type=\u00bb3_4&#8243; _builder_version=\u00bb4.16&#8243; _module_preset=\u00bbdefault\u00bb global_colors_info=\u00bb{}\u00bb][et_pb_image src=\u00bbhttps:\/\/museros.org\/wp-content\/uploads\/2025\/01\/obras900x300.jpg\u00bb title_text=\u00bbobras900x300&#8243; _builder_version=\u00bb4.27.4&#8243; _module_preset=\u00bbdefault\u00bb global_colors_info=\u00bb{}\u00bb][\/et_pb_image][et_pb_text _builder_version=\u00bb4.27.4&#8243; _module_preset=\u00bbdefault\u00bb locked=\u00bboff\u00bb global_colors_info=\u00bb{}\u00bb]<\/p>\n<h1>Obras de la plaza Poeta Llorente<\/h1>\n<p>Obras de remodelaci\u00f3n de la Plaza Poeta Llorente y la Calle Lepanto, un proyecto de gran envergadura que tiene como objetivo principal mejorar la calidad de vida de todo el vecindario y visitantes de nuestra localidad. En el espacio web puede visualizar unas im\u00e1genes virtuales del estado de la plaza una vez ejecutada las obras<\/p>\n<p>Este proyecto se enmarca en un plan m\u00e1s amplio de remodelaci\u00f3n urbana que se desarrollar\u00e1 en los pr\u00f3ximos a\u00f1os. Tras la finalizaci\u00f3n de las obras en la Plaza Poeta Llorente y la Calle Lepanto, se llevar\u00e1n a cabo las reformas de la Calle Mayor, Calle Costura y Calle Jos\u00e9 Ruiz Gimeno. Todas estas inversiones est\u00e1n contempladas en las directrices del Plan de Movilidad Urbano Sostenible (PMUS)<\/p>\n<h3>Objeto de las obras:<\/h3>\n<ul>\n<li>Mejora de infraestructuras subterr\u00e1neas: Las redes de suministro de agua y saneamiento, que se encuentran en un estado obsoleto, ser\u00e1n completamente renovadas para garantizar un servicio eficiente y duradero.<\/li>\n<li>Transformaci\u00f3n de la Plaza Poeta Llorente:<\/li>\n<li>Ampliaci\u00f3n de aceras y mejora del pavimento en la Calle Lepanto:<\/li>\n<\/ul>\n<h3>Fases del proyecto:<\/h3>\n<p>La actuaci\u00f3n sobre la calle Lepanto y Plaza Poeta Llorente se ejecutar\u00e1 en dos fases:<\/p>\n<ul>\n<li><strong> \u00c1mbito de la Plaza Poeta Llorente hasta la embocadura del SEQUIOL. <\/strong><br \/>La plaza ser\u00e1 redise\u00f1ada para convertirse en un espacio p\u00fablico de encuentro y esparcimiento, priorizando el bienestar de las personas. Se eliminar\u00e1n las zonas de estacionamiento de veh\u00edculos y se crear\u00e1n \u00e1reas verdes, zonas de juego y espacios para el descanso.<\/li>\n<li><strong> \u00c1mbito de la calle Lepanto.<\/strong><br \/>Las aceras de la calle ser\u00e1n ampliadas para garantizar la seguridad y accesibilidad de todos los peatones, especialmente de personas mayores y con movilidad reducida.<\/li>\n<\/ul>\n<p>[\/et_pb_text][et_pb_gallery gallery_ids=\u00bb272620,272619,272618,272617,272616&#8243; fullwidth=\u00bbon\u00bb _builder_version=\u00bb4.27.4&#8243; _module_preset=\u00bbdefault\u00bb background_layout=\u00bbdark\u00bb global_colors_info=\u00bb{}\u00bb][\/et_pb_gallery][\/et_pb_column][\/et_pb_row][et_pb_row _builder_version=\u00bb4.16&#8243; _module_preset=\u00bbdefault\u00bb global_colors_info=\u00bb{}\u00bb][et_pb_column type=\u00bb4_4&#8243; _builder_version=\u00bb4.16&#8243; _module_preset=\u00bbdefault\u00bb global_colors_info=\u00bb{}\u00bb][et_pb_divider color=\u00bb#E02B20&#8243; divider_weight=\u00bb4px\u00bb _builder_version=\u00bb4.16&#8243; _module_preset=\u00bbdefault\u00bb global_colors_info=\u00bb{}\u00bb][\/et_pb_divider][\/et_pb_column][\/et_pb_row][\/et_pb_section]<\/p>\n","protected":false},"excerpt":{"rendered":"<p>Obras de la plaza Poeta Llorente Obras de remodelaci\u00f3n de la Plaza Poeta Llorente y la Calle Lepanto, un proyecto de gran envergadura que tiene como objetivo principal mejorar la calidad de vida de todo el vecindario y visitantes de nuestra localidad. En el espacio web puede visualizar unas im\u00e1genes virtuales del estado de la [&hellip;]<\/p>\n","protected":false},"author":8,"featured_media":0,"parent":0,"menu_order":0,"comment_status":"closed","ping_status":"closed","template":"","meta":{"_et_pb_use_builder":"on","_et_pb_old_content":"","_et_gb_content_width":"","_mc_calendar":[],"footnotes":""},"wf_page_folders":[286],"class_list":["post-272625","page","type-page","status-publish","hentry"],"_links":{"self":[{"href":"https:\/\/museros.org\/inici\/wp-json\/wp\/v2\/pages\/272625","targetHints":{"allow":["GET"]}}],"collection":[{"href":"https:\/\/museros.org\/inici\/wp-json\/wp\/v2\/pages"}],"about":[{"href":"https:\/\/museros.org\/inici\/wp-json\/wp\/v2\/types\/page"}],"author":[{"embeddable":true,"href":"https:\/\/museros.org\/inici\/wp-json\/wp\/v2\/users\/8"}],"replies":[{"embeddable":true,"href":"https:\/\/museros.org\/inici\/wp-json\/wp\/v2\/comments?post=272625"}],"version-history":[{"count":5,"href":"https:\/\/museros.org\/inici\/wp-json\/wp\/v2\/pages\/272625\/revisions"}],"predecessor-version":[{"id":272691,"href":"https:\/\/museros.org\/inici\/wp-json\/wp\/v2\/pages\/272625\/revisions\/272691"}],"wp:attachment":[{"href":"https:\/\/museros.org\/inici\/wp-json\/wp\/v2\/media?parent=272625"}],"wp:term":[{"taxonomy":"wf_page_folders","embeddable":true,"href":"https:\/\/museros.org\/inici\/wp-json\/wp\/v2\/wf_page_folders?post=272625"}],"curies":[{"name":"wp","href":"https:\/\/api.w.org\/{rel}","templated":true}]}}

<p>[et_pb_section fb_built=»1&#8243; _builder_version=»4.16&#8243; _module_preset=»default» custom_margin=»0px||||false|false» custom_padding=»0px||||false|false» locked=»off» global_colors_info=»{}»][et_pb_row column_structure=»1_4,3_4&#8243; _builder_version=»4.16&#8243; _module_preset=»default» custom_margin=»0px||||false|false» custom_padding=»0px||||false|false» global_colors_info=»{}»][et_pb_column type=»1_4&#8243; _builder_version=»4.16&#8243; _module_preset=»default» global_colors_info=»{}»][et_pb_image src=»https://museros.org/wp-content/uploads/2021/06/logo-estructuras-cl-230&#215;180-1.jpg» title_text=»logo-estructuras-cl-230&#215;180&#8243; url=»https://museros.org/inici/es/area-de-infraestructuras/» use_overlay=»on» overlay_icon_color=»#E02B20&#8243; hover_overlay_color=»rgba(255,255,255,0.71)» hover_icon=»&#xe04d;||divi||400&#8243; _builder_version=»4.27.4&#8243; _module_preset=»default» hover_enabled=»0&#8243; locked=»off» global_colors_info=»{}» sticky_enabled=»0&#8243;][/et_pb_image][/et_pb_column][et_pb_column type=»3_4&#8243; _builder_version=»4.16&#8243; _module_preset=»default» global_colors_info=»{}»][et_pb_image src=»https://museros.org/wp-content/uploads/2025/01/obras900x300.jpg» title_text=»obras900x300&#8243; _builder_version=»4.27.4&#8243; _module_preset=»default» global_colors_info=»{}»][/et_pb_image][et_pb_text _builder_version=»4.27.4&#8243; _module_preset=»default» locked=»off» global_colors_info=»{}»]</p>
<h1>Obras de la plaza Poeta Llorente</h1>
<p>Obras de remodelación de la Plaza Poeta Llorente y la Calle Lepanto, un proyecto de gran envergadura que tiene como objetivo principal mejorar la calidad de vida de todo el vecindario y visitantes de nuestra localidad. En el espacio web puede visualizar unas imágenes virtuales del estado de la plaza una vez ejecutada las obras</p>
<p>Este proyecto se enmarca en un plan más amplio de remodelación urbana que se desarrollará en los próximos años. Tras la finalización de las obras en la Plaza Poeta Llorente y la Calle Lepanto, se llevarán a cabo las reformas de la Calle Mayor, Calle Costura y Calle José Ruiz Gimeno. Todas estas inversiones están contempladas en las directrices del Plan de Movilidad Urbano Sostenible (PMUS)</p>
<h3>Objeto de las obras:</h3>
<ul>
<li>Mejora de infraestructuras subterráneas: Las redes de suministro de agua y saneamiento, que se encuentran en un estado obsoleto, serán completamente renovadas para garantizar un servicio eficiente y duradero.</li>
<li>Transformación de la Plaza Poeta Llorente:</li>
<li>Ampliación de aceras y mejora del pavimento en la Calle Lepanto:</li>
</ul>
<h3>Fases del proyecto:</h3>
<p>La actuación sobre la calle Lepanto y Plaza Poeta Llorente se ejecutará en dos fases:</p>
<ul>
<li><strong> Ámbito de la Plaza Poeta Llorente hasta la embocadura del SEQUIOL. </strong><br />La plaza será rediseñada para convertirse en un espacio público de encuentro y esparcimiento, priorizando el bienestar de las personas. Se eliminarán las zonas de estacionamiento de vehículos y se crearán áreas verdes, zonas de juego y espacios para el descanso.</li>
<li><strong> Ámbito de la calle Lepanto.</strong><br />Las aceras de la calle serán ampliadas para garantizar la seguridad y accesibilidad de todos los peatones, especialmente de personas mayores y con movilidad reducida.</li>
</ul>
<p>[/et_pb_text][et_pb_gallery gallery_ids=»272620,272619,272618,272617,272616&#8243; fullwidth=»on» _builder_version=»4.27.4&#8243; _module_preset=»default» background_layout=»dark» global_colors_info=»{}»][/et_pb_gallery][/et_pb_column][/et_pb_row][et_pb_row _builder_version=»4.16&#8243; _module_preset=»default» global_colors_info=»{}»][et_pb_column type=»4_4&#8243; _builder_version=»4.16&#8243; _module_preset=»default» global_colors_info=»{}»][et_pb_divider color=»#E02B20&#8243; divider_weight=»4px» _builder_version=»4.16&#8243; _module_preset=»default» global_colors_info=»{}»][/et_pb_divider][/et_pb_column][/et_pb_row][/et_pb_section]</p>

<p>Obras de la plaza Poeta Llorente Obras de remodelación de la Plaza Poeta Llorente y la Calle Lepanto, un proyecto de gran envergadura que tiene como objetivo principal mejorar la calidad de vida de todo el vecindario y visitantes de nuestra localidad. En el espacio web puede visualizar unas imágenes virtuales del estado de la [&hellip;]</p>
