{"id":272582,"date":"2025-01-09T13:38:20","date_gmt":"2025-01-09T13:38:20","guid":{"rendered":"https:\/\/museros.org\/inici\/?page_id=272582"},"modified":"2025-01-09T13:39:06","modified_gmt":"2025-01-09T13:39:06","slug":"carrera-sant-roc-24","status":"publish","type":"page","link":"https:\/\/museros.org\/inici\/es\/carrera-sant-roc-24\/","title":{"rendered":"Carrera Sant Roc 24"},"content":{"rendered":"\n[et_pb_section fb_built=\u00bb1&#8243; _builder_version=\u00bb4.16&#8243; _module_preset=\u00bbdefault\u00bb custom_padding=\u00bb0px||||false|false\u00bb locked=\u00bboff\u00bb global_colors_info=\u00bb{}\u00bb theme_builder_area=\u00bbpost_content\u00bb][et_pb_row column_structure=\u00bb1_3,2_3&#8243; _builder_version=\u00bb4.16&#8243; _module_preset=\u00bbdefault\u00bb custom_margin=\u00bb0px||0px||false|false\u00bb custom_padding=\u00bb0px||0px||false|false\u00bb global_colors_info=\u00bb{}\u00bb theme_builder_area=\u00bbpost_content\u00bb][et_pb_column type=\u00bb1_3&#8243; _builder_version=\u00bb4.16&#8243; _module_preset=\u00bbdefault\u00bb global_colors_info=\u00bb{}\u00bb theme_builder_area=\u00bbpost_content\u00bb][et_pb_image src=\u00bbhttps:\/\/museros.org\/wp-content\/uploads\/2021\/06\/elescudo-230&#215;180-1.jpg\u00bb title_text=\u00bbelescudo-230&#215;180&#8243; url=\u00bbhttps:\/\/museros.org\/inici\/es\/\u00bb use_overlay=\u00bbon\u00bb overlay_icon_color=\u00bb#E02B20&#8243; hover_overlay_color=\u00bbrgba(255,255,255,0.7)\u00bb hover_icon=\u00bb&#xe04d;||divi||400&#8243; align=\u00bbcenter\u00bb _builder_version=\u00bb4.27.4&#8243; _module_preset=\u00bbdefault\u00bb width=\u00bb100%\u00bb width_tablet=\u00bb\u00bb width_phone=\u00bb\u00bb width_last_edited=\u00bbon|phone\u00bb module_alignment=\u00bbcenter\u00bb custom_margin=\u00bb0px||0px||false|false\u00bb custom_padding=\u00bb0px||0px||false|false\u00bb hover_enabled=\u00bb0&#8243; global_colors_info=\u00bb{}\u00bb sticky_enabled=\u00bb0&#8243; theme_builder_area=\u00bbpost_content\u00bb][\/et_pb_image][\/et_pb_column][et_pb_column type=\u00bb2_3&#8243; _builder_version=\u00bb4.16&#8243; _module_preset=\u00bbdefault\u00bb global_colors_info=\u00bb{}\u00bb theme_builder_area=\u00bbpost_content\u00bb][et_pb_image src=\u00bbhttps:\/\/museros.org\/wp-content\/uploads\/2025\/01\/santroquense-900&#215;636-1.jpg\u00bb title_text=\u00bbsantroquense-900&#215;636&#8243; _builder_version=\u00bb4.27.4&#8243; _module_preset=\u00bbdefault\u00bb hover_enabled=\u00bb0&#8243; global_colors_info=\u00bb{}\u00bb theme_builder_area=\u00bbpost_content\u00bb sticky_enabled=\u00bb0&#8243;][\/et_pb_image][et_pb_text _builder_version=\u00bb4.27.4&#8243; _module_preset=\u00bbdefault\u00bb custom_margin=\u00bb||||false|false\u00bb custom_padding=\u00bb||1px|0px|false|false\u00bb hover_enabled=\u00bb0&#8243; global_colors_info=\u00bb{}\u00bb theme_builder_area=\u00bbpost_content\u00bb sticky_enabled=\u00bb0&#8243;]<h1>III SANT ROQUENSE<\/h1>\n<p>El pr\u00f3ximo 18 de enero se celebrar\u00e1 una carrera de 5 kil\u00f3metros y una marcha solidarias en favor de los pueblos afectados por la DANA. Os animamos a participar y demostrar una vez m\u00e1s la solidaridad de nuestro pueblo.<\/p>\n<p>\u2022 OPCIONES<br \/>&#8211; Marcha: 2,5km, a las 16:30h<br \/>&#8211; Carrera: 5km, a las 17:00h<br \/>&#8211; \u201cDorsal 0\u201d: es el dorsal que tendr\u00e1n aquellas personas que hagan la marcha, y adem\u00e1s, se puede utilizar como opci\u00f3n para aquellos que solo quieran hacer donativo.<\/p>\n<p>\u2022 PRECIO \u00daNICO: 5\u20ac<\/p>\n<p>\u2022 INSCRIPCIONES:<br \/>&#8211; Cronorunner: <a href=\"https:\/\/www.cronorunner.com\/inscripcion.php?ref=642-1994\" target=\"_blank\" rel=\"noopener\">https:\/\/www.cronorunner.com\/inscripcion.php?ref=642-1994<\/a><br \/>&#8211; Puntos de venta:<br \/>* Tasca Pipa<br \/>* Estanco<br \/>* Rebombori Gastrobar<\/p>\n<p>\u00a1Muchas gracias a todas y todos por la colaboraci\u00f3n! Ver menos<\/p>\n<p>&nbsp;<\/p>[\/et_pb_text][\/et_pb_column][\/et_pb_row][et_pb_row _builder_version=\u00bb4.16&#8243; _module_preset=\u00bbdefault\u00bb custom_margin=\u00bb50px||0px||false|false\u00bb custom_padding=\u00bb0px||0px||false|false\u00bb global_colors_info=\u00bb{}\u00bb theme_builder_area=\u00bbpost_content\u00bb][et_pb_column type=\u00bb4_4&#8243; _builder_version=\u00bb4.16&#8243; _module_preset=\u00bbdefault\u00bb global_colors_info=\u00bb{}\u00bb theme_builder_area=\u00bbpost_content\u00bb][et_pb_divider color=\u00bb#E02B20&#8243; divider_weight=\u00bb4px\u00bb _builder_version=\u00bb4.16&#8243; _module_preset=\u00bbdefault\u00bb custom_margin=\u00bb0px||0px||false|false\u00bb custom_padding=\u00bb0px||0px||false|false\u00bb global_colors_info=\u00bb{}\u00bb theme_builder_area=\u00bbpost_content\u00bb][\/et_pb_divider][\/et_pb_column][\/et_pb_row][\/et_pb_section]\n","protected":false},"excerpt":{"rendered":"<p>III SANT ROQUENSE El pr\u00f3ximo 18 de enero se celebrar\u00e1 una carrera de 5 kil\u00f3metros y una marcha solidarias en favor de los pueblos afectados por la DANA. Os animamos a participar y demostrar una vez m\u00e1s la solidaridad de nuestro pueblo. \u2022 OPCIONES- Marcha: 2,5km, a las 16:30h- Carrera: 5km, a las 17:00h- \u201cDorsal [&hellip;]<\/p>\n","protected":false},"author":8,"featured_media":0,"parent":0,"menu_order":0,"comment_status":"closed","ping_status":"closed","template":"","meta":{"_et_pb_use_builder":"on","_et_pb_old_content":"","_et_gb_content_width":"","_mc_calendar":[],"footnotes":""},"wf_page_folders":[1821],"class_list":["post-272582","page","type-page","status-publish","hentry"],"_links":{"self":[{"href":"https:\/\/museros.org\/inici\/wp-json\/wp\/v2\/pages\/272582","targetHints":{"allow":["GET"]}}],"collection":[{"href":"https:\/\/museros.org\/inici\/wp-json\/wp\/v2\/pages"}],"about":[{"href":"https:\/\/museros.org\/inici\/wp-json\/wp\/v2\/types\/page"}],"author":[{"embeddable":true,"href":"https:\/\/museros.org\/inici\/wp-json\/wp\/v2\/users\/8"}],"replies":[{"embeddable":true,"href":"https:\/\/museros.org\/inici\/wp-json\/wp\/v2\/comments?post=272582"}],"version-history":[{"count":3,"href":"https:\/\/museros.org\/inici\/wp-json\/wp\/v2\/pages\/272582\/revisions"}],"predecessor-version":[{"id":272586,"href":"https:\/\/museros.org\/inici\/wp-json\/wp\/v2\/pages\/272582\/revisions\/272586"}],"wp:attachment":[{"href":"https:\/\/museros.org\/inici\/wp-json\/wp\/v2\/media?parent=272582"}],"wp:term":[{"taxonomy":"wf_page_folders","embeddable":true,"href":"https:\/\/museros.org\/inici\/wp-json\/wp\/v2\/wf_page_folders?post=272582"}],"curies":[{"name":"wp","href":"https:\/\/api.w.org\/{rel}","templated":true}]}}

[et_pb_section fb_built=»1&#8243; _builder_version=»4.16&#8243; _module_preset=»default» custom_padding=»0px||||false|false» locked=»off» global_colors_info=»{}» theme_builder_area=»post_content»][et_pb_row column_structure=»1_3,2_3&#8243; _builder_version=»4.16&#8243; _module_preset=»default» custom_margin=»0px||0px||false|false» custom_padding=»0px||0px||false|false» global_colors_info=»{}» theme_builder_area=»post_content»][et_pb_column type=»1_3&#8243; _builder_version=»4.16&#8243; _module_preset=»default» global_colors_info=»{}» theme_builder_area=»post_content»][et_pb_image src=»https://museros.org/wp-content/uploads/2021/06/elescudo-230&#215;180-1.jpg» title_text=»elescudo-230&#215;180&#8243; url=»https://museros.org/inici/es/» use_overlay=»on» overlay_icon_color=»#E02B20&#8243; hover_overlay_color=»rgba(255,255,255,0.7)» hover_icon=»&#xe04d;||divi||400&#8243; align=»center» _builder_version=»4.27.4&#8243; _module_preset=»default» width=»100%» width_tablet=»» width_phone=»» width_last_edited=»on|phone» module_alignment=»center» custom_margin=»0px||0px||false|false» custom_padding=»0px||0px||false|false» hover_enabled=»0&#8243; global_colors_info=»{}» sticky_enabled=»0&#8243; theme_builder_area=»post_content»][/et_pb_image][/et_pb_column][et_pb_column type=»2_3&#8243; _builder_version=»4.16&#8243; _module_preset=»default» global_colors_info=»{}» theme_builder_area=»post_content»][et_pb_image src=»https://museros.org/wp-content/uploads/2025/01/santroquense-900&#215;636-1.jpg» title_text=»santroquense-900&#215;636&#8243; _builder_version=»4.27.4&#8243; _module_preset=»default» hover_enabled=»0&#8243; global_colors_info=»{}» theme_builder_area=»post_content» sticky_enabled=»0&#8243;][/et_pb_image][et_pb_text _builder_version=»4.27.4&#8243; _module_preset=»default» custom_margin=»||||false|false» custom_padding=»||1px|0px|false|false» hover_enabled=»0&#8243; global_colors_info=»{}» theme_builder_area=»post_content» sticky_enabled=»0&#8243;]<h1>III SANT ROQUENSE</h1>
<p>El próximo 18 de enero se celebrará una carrera de 5 kilómetros y una marcha solidarias en favor de los pueblos afectados por la DANA. Os animamos a participar y demostrar una vez más la solidaridad de nuestro pueblo.</p>
<p>• OPCIONES<br />&#8211; Marcha: 2,5km, a las 16:30h<br />&#8211; Carrera: 5km, a las 17:00h<br />&#8211; “Dorsal 0”: es el dorsal que tendrán aquellas personas que hagan la marcha, y además, se puede utilizar como opción para aquellos que solo quieran hacer donativo.</p>
<p>• PRECIO ÚNICO: 5€</p>
<p>• INSCRIPCIONES:<br />&#8211; Cronorunner: <a href="https://www.cronorunner.com/inscripcion.php?ref=642-1994" target="_blank" rel="noopener">https://www.cronorunner.com/inscripcion.php?ref=642-1994</a><br />&#8211; Puntos de venta:<br />* Tasca Pipa<br />* Estanco<br />* Rebombori Gastrobar</p>
<p>¡Muchas gracias a todas y todos por la colaboración! Ver menos</p>
<p>&nbsp;</p>[/et_pb_text][/et_pb_column][/et_pb_row][et_pb_row _builder_version=»4.16&#8243; _module_preset=»default» custom_margin=»50px||0px||false|false» custom_padding=»0px||0px||false|false» global_colors_info=»{}» theme_builder_area=»post_content»][et_pb_column type=»4_4&#8243; _builder_version=»4.16&#8243; _module_preset=»default» global_colors_info=»{}» theme_builder_area=»post_content»][et_pb_divider color=»#E02B20&#8243; divider_weight=»4px» _builder_version=»4.16&#8243; _module_preset=»default» custom_margin=»0px||0px||false|false» custom_padding=»0px||0px||false|false» global_colors_info=»{}» theme_builder_area=»post_content»][/et_pb_divider][/et_pb_column][/et_pb_row][/et_pb_section]

<p>III SANT ROQUENSE El próximo 18 de enero se celebrará una carrera de 5 kilómetros y una marcha solidarias en favor de los pueblos afectados por la DANA. Os animamos a participar y demostrar una vez más la solidaridad de nuestro pueblo. • OPCIONES- Marcha: 2,5km, a las 16:30h- Carrera: 5km, a las 17:00h- “Dorsal [&hellip;]</p>
