{"id":272576,"date":"2025-01-09T13:32:20","date_gmt":"2025-01-09T13:32:20","guid":{"rendered":"https:\/\/museros.org\/inici\/?page_id=272576"},"modified":"2025-04-26T21:40:24","modified_gmt":"2025-04-26T21:40:24","slug":"cursa-sant-roc-24","status":"publish","type":"page","link":"https:\/\/museros.org\/inici\/cursa-sant-roc-24\/","title":{"rendered":"Cursa Sant Roc 24"},"content":{"rendered":"<p>[et_pb_section fb_built=\u00bb1&#8243; _builder_version=\u00bb4.16&#8243; _module_preset=\u00bbdefault\u00bb custom_padding=\u00bb0px||||false|false\u00bb locked=\u00bboff\u00bb global_colors_info=\u00bb{}\u00bb][et_pb_row column_structure=\u00bb1_3,2_3&#8243; _builder_version=\u00bb4.16&#8243; _module_preset=\u00bbdefault\u00bb custom_margin=\u00bb0px||0px||false|false\u00bb custom_padding=\u00bb0px||0px||false|false\u00bb global_colors_info=\u00bb{}\u00bb][et_pb_column type=\u00bb1_3&#8243; _builder_version=\u00bb4.16&#8243; _module_preset=\u00bbdefault\u00bb global_colors_info=\u00bb{}\u00bb][et_pb_image src=\u00bbhttps:\/\/museros.org\/wp-content\/uploads\/2021\/06\/elescudo-230&#215;180-1.jpg\u00bb title_text=\u00bbelescudo-230&#215;180&#8243; url=\u00bbhttps:\/\/museros.org\/inici\/\u00bb use_overlay=\u00bbon\u00bb overlay_icon_color=\u00bb#E02B20&#8243; hover_overlay_color=\u00bbrgba(255,255,255,0.7)\u00bb hover_icon=\u00bb&#xe04d;||divi||400&#8243; align=\u00bbcenter\u00bb _builder_version=\u00bb4.27.4&#8243; _module_preset=\u00bbdefault\u00bb width=\u00bb100%\u00bb width_tablet=\u00bb\u00bb width_phone=\u00bb\u00bb width_last_edited=\u00bbon|phone\u00bb module_alignment=\u00bbcenter\u00bb custom_margin=\u00bb0px||0px||false|false\u00bb custom_padding=\u00bb0px||0px||false|false\u00bb global_colors_info=\u00bb{}\u00bb][\/et_pb_image][\/et_pb_column][et_pb_column type=\u00bb2_3&#8243; _builder_version=\u00bb4.16&#8243; _module_preset=\u00bbdefault\u00bb global_colors_info=\u00bb{}\u00bb][et_pb_image src=\u00bbhttps:\/\/museros.org\/wp-content\/uploads\/2025\/01\/santroquense-900&#215;636-1.jpg\u00bb title_text=\u00bbsantroquense-900&#215;636&#8243; _builder_version=\u00bb4.27.4&#8243; _module_preset=\u00bbdefault\u00bb global_colors_info=\u00bb{}\u00bb][\/et_pb_image][et_pb_text _builder_version=\u00bb4.27.4&#8243; _module_preset=\u00bbdefault\u00bb custom_margin=\u00bb||||false|false\u00bb custom_padding=\u00bb||1px|0px|false|false\u00bb global_colors_info=\u00bb{}\u00bb]<\/p>\n<h1>III CARRERA DE SANT ROC<\/h1>\n<p>El pr\u00f2xim 18 de gener es realitzar\u00e0 una carrera de 5km i una marxa solid\u00e0ria en favor dels pobles afectats per la DANA. Vos animem a participar i a demostrar, una vegada m\u00e9s, la solidaritat del nostre poble.<\/p>\n<p>\u2022 OPCIONS<br \/>&#8211; Marxa: 2,5 km, a les 16.30 h<br \/>&#8211; Carrera: 5 km, a les 17.00 h<br \/>&#8211; Dorsal 0: \u00e9s el dorsal que tindran aquelles persones que facen la marxa, i a m\u00e9s, es pot utilitzar com a opci\u00f3 per a aquells que sols vulguen fer un donatiu.<\/p>\n<p>\u2022 PREU \u00daNIC: 5 \u20ac<\/p>\n<p>\u2022 INSCRIPCIONS:<br \/>&#8211; Cronorunner: <a href=\"https:\/\/www.cronorunner.com\/inscripcion.php?ref=642-1994\" target=\"_blank\" rel=\"noopener\">https:\/\/www.cronorunner.com\/inscripcion.php?ref=642-1994<\/a><br \/>&#8211; Punts de venda:<br \/>* Tasca Pipa<br \/>* Estanc<br \/>* Rebombori Gastrobar<\/p>\n<p>Moltes gr\u00e0cies a tots i a totes per la vostra col\u00b7laboraci\u00f3!<\/p>\n<p>&nbsp;<\/p>\n<p>[\/et_pb_text][\/et_pb_column][\/et_pb_row][et_pb_row _builder_version=\u00bb4.16&#8243; _module_preset=\u00bbdefault\u00bb custom_margin=\u00bb50px||0px||false|false\u00bb custom_padding=\u00bb0px||0px||false|false\u00bb global_colors_info=\u00bb{}\u00bb][et_pb_column type=\u00bb4_4&#8243; _builder_version=\u00bb4.16&#8243; _module_preset=\u00bbdefault\u00bb global_colors_info=\u00bb{}\u00bb][et_pb_divider color=\u00bb#E02B20&#8243; divider_weight=\u00bb4px\u00bb _builder_version=\u00bb4.16&#8243; _module_preset=\u00bbdefault\u00bb custom_margin=\u00bb0px||0px||false|false\u00bb custom_padding=\u00bb0px||0px||false|false\u00bb global_colors_info=\u00bb{}\u00bb][\/et_pb_divider][\/et_pb_column][\/et_pb_row][\/et_pb_section]<\/p>\n","protected":false},"excerpt":{"rendered":"<p>III CARRERA DE SANT ROC El pr\u00f2xim 18 de gener es realitzar\u00e0 una carrera de 5km i una marxa solid\u00e0ria en favor dels pobles afectats per la DANA. Vos animem a participar i a demostrar, una vegada m\u00e9s, la solidaritat del nostre poble. \u2022 OPCIONS- Marxa: 2,5 km, a les 16.30 h- Carrera: 5 km, [&hellip;]<\/p>\n","protected":false},"author":8,"featured_media":0,"parent":0,"menu_order":0,"comment_status":"closed","ping_status":"closed","template":"","meta":{"_et_pb_use_builder":"on","_et_pb_old_content":"","_et_gb_content_width":"","_mc_calendar":[],"footnotes":""},"wf_page_folders":[1821],"class_list":["post-272576","page","type-page","status-publish","hentry"],"_links":{"self":[{"href":"https:\/\/museros.org\/inici\/wp-json\/wp\/v2\/pages\/272576","targetHints":{"allow":["GET"]}}],"collection":[{"href":"https:\/\/museros.org\/inici\/wp-json\/wp\/v2\/pages"}],"about":[{"href":"https:\/\/museros.org\/inici\/wp-json\/wp\/v2\/types\/page"}],"author":[{"embeddable":true,"href":"https:\/\/museros.org\/inici\/wp-json\/wp\/v2\/users\/8"}],"replies":[{"embeddable":true,"href":"https:\/\/museros.org\/inici\/wp-json\/wp\/v2\/comments?post=272576"}],"version-history":[{"count":3,"href":"https:\/\/museros.org\/inici\/wp-json\/wp\/v2\/pages\/272576\/revisions"}],"predecessor-version":[{"id":273888,"href":"https:\/\/museros.org\/inici\/wp-json\/wp\/v2\/pages\/272576\/revisions\/273888"}],"wp:attachment":[{"href":"https:\/\/museros.org\/inici\/wp-json\/wp\/v2\/media?parent=272576"}],"wp:term":[{"taxonomy":"wf_page_folders","embeddable":true,"href":"https:\/\/museros.org\/inici\/wp-json\/wp\/v2\/wf_page_folders?post=272576"}],"curies":[{"name":"wp","href":"https:\/\/api.w.org\/{rel}","templated":true}]}}

<p>[et_pb_section fb_built=»1&#8243; _builder_version=»4.16&#8243; _module_preset=»default» custom_padding=»0px||||false|false» locked=»off» global_colors_info=»{}»][et_pb_row column_structure=»1_3,2_3&#8243; _builder_version=»4.16&#8243; _module_preset=»default» custom_margin=»0px||0px||false|false» custom_padding=»0px||0px||false|false» global_colors_info=»{}»][et_pb_column type=»1_3&#8243; _builder_version=»4.16&#8243; _module_preset=»default» global_colors_info=»{}»][et_pb_image src=»https://museros.org/wp-content/uploads/2021/06/elescudo-230&#215;180-1.jpg» title_text=»elescudo-230&#215;180&#8243; url=»https://museros.org/inici/» use_overlay=»on» overlay_icon_color=»#E02B20&#8243; hover_overlay_color=»rgba(255,255,255,0.7)» hover_icon=»&#xe04d;||divi||400&#8243; align=»center» _builder_version=»4.27.4&#8243; _module_preset=»default» width=»100%» width_tablet=»» width_phone=»» width_last_edited=»on|phone» module_alignment=»center» custom_margin=»0px||0px||false|false» custom_padding=»0px||0px||false|false» global_colors_info=»{}»][/et_pb_image][/et_pb_column][et_pb_column type=»2_3&#8243; _builder_version=»4.16&#8243; _module_preset=»default» global_colors_info=»{}»][et_pb_image src=»https://museros.org/wp-content/uploads/2025/01/santroquense-900&#215;636-1.jpg» title_text=»santroquense-900&#215;636&#8243; _builder_version=»4.27.4&#8243; _module_preset=»default» global_colors_info=»{}»][/et_pb_image][et_pb_text _builder_version=»4.27.4&#8243; _module_preset=»default» custom_margin=»||||false|false» custom_padding=»||1px|0px|false|false» global_colors_info=»{}»]</p>
<h1>III CARRERA DE SANT ROC</h1>
<p>El pròxim 18 de gener es realitzarà una carrera de 5km i una marxa solidària en favor dels pobles afectats per la DANA. Vos animem a participar i a demostrar, una vegada més, la solidaritat del nostre poble.</p>
<p>• OPCIONS<br />&#8211; Marxa: 2,5 km, a les 16.30 h<br />&#8211; Carrera: 5 km, a les 17.00 h<br />&#8211; Dorsal 0: és el dorsal que tindran aquelles persones que facen la marxa, i a més, es pot utilitzar com a opció per a aquells que sols vulguen fer un donatiu.</p>
<p>• PREU ÚNIC: 5 €</p>
<p>• INSCRIPCIONS:<br />&#8211; Cronorunner: <a href="https://www.cronorunner.com/inscripcion.php?ref=642-1994" target="_blank" rel="noopener">https://www.cronorunner.com/inscripcion.php?ref=642-1994</a><br />&#8211; Punts de venda:<br />* Tasca Pipa<br />* Estanc<br />* Rebombori Gastrobar</p>
<p>Moltes gràcies a tots i a totes per la vostra col·laboració!</p>
<p>&nbsp;</p>
<p>[/et_pb_text][/et_pb_column][/et_pb_row][et_pb_row _builder_version=»4.16&#8243; _module_preset=»default» custom_margin=»50px||0px||false|false» custom_padding=»0px||0px||false|false» global_colors_info=»{}»][et_pb_column type=»4_4&#8243; _builder_version=»4.16&#8243; _module_preset=»default» global_colors_info=»{}»][et_pb_divider color=»#E02B20&#8243; divider_weight=»4px» _builder_version=»4.16&#8243; _module_preset=»default» custom_margin=»0px||0px||false|false» custom_padding=»0px||0px||false|false» global_colors_info=»{}»][/et_pb_divider][/et_pb_column][/et_pb_row][/et_pb_section]</p>

<p>III CARRERA DE SANT ROC El pròxim 18 de gener es realitzarà una carrera de 5km i una marxa solidària en favor dels pobles afectats per la DANA. Vos animem a participar i a demostrar, una vegada més, la solidaritat del nostre poble. • OPCIONS- Marxa: 2,5 km, a les 16.30 h- Carrera: 5 km, [&hellip;]</p>
