{"id":272219,"date":"2024-11-28T12:35:08","date_gmt":"2024-11-28T12:35:08","guid":{"rendered":"https:\/\/museros.org\/inici\/?page_id=272219"},"modified":"2024-11-28T12:56:12","modified_gmt":"2024-11-28T12:56:12","slug":"nadalencs-24","status":"publish","type":"page","link":"https:\/\/museros.org\/inici\/nadalencs-24\/","title":{"rendered":"Nadalencs-24"},"content":{"rendered":"<p>[et_pb_section fb_built=\u00bb1&#8243; _builder_version=\u00bb4.16&#8243; _module_preset=\u00bbdefault\u00bb custom_padding=\u00bb0px||||false|false\u00bb locked=\u00bboff\u00bb global_colors_info=\u00bb{}\u00bb][et_pb_row column_structure=\u00bb1_3,2_3&#8243; _builder_version=\u00bb4.16&#8243; _module_preset=\u00bbdefault\u00bb custom_margin=\u00bb0px||0px||false|false\u00bb custom_padding=\u00bb0px||0px||false|false\u00bb global_colors_info=\u00bb{}\u00bb][et_pb_column type=\u00bb1_3&#8243; _builder_version=\u00bb4.16&#8243; _module_preset=\u00bbdefault\u00bb global_colors_info=\u00bb{}\u00bb][et_pb_image src=\u00bbhttps:\/\/museros.org\/wp-content\/uploads\/2022\/12\/logo-festes-cl-230&#215;115-1.jpg\u00bb title_text=\u00bblogo-festes-cl-230&#215;115&#8243; url=\u00bbhttps:\/\/museros.org\/inici\/area-de-festes\u00bb use_overlay=\u00bbon\u00bb overlay_icon_color=\u00bb#E02B20&#8243; hover_overlay_color=\u00bbrgba(255,255,255,0.7)\u00bb hover_icon=\u00bb&#xe04d;||divi||400&#8243; align=\u00bbcenter\u00bb _builder_version=\u00bb4.23.1&#8243; _module_preset=\u00bbdefault\u00bb width=\u00bb100%\u00bb width_tablet=\u00bb\u00bb width_phone=\u00bb\u00bb width_last_edited=\u00bbon|phone\u00bb module_alignment=\u00bbcenter\u00bb custom_margin=\u00bb0px||0px||false|false\u00bb custom_padding=\u00bb0px||0px||false|false\u00bb global_colors_info=\u00bb{}\u00bb][\/et_pb_image][\/et_pb_column][et_pb_column type=\u00bb2_3&#8243; _builder_version=\u00bb4.16&#8243; _module_preset=\u00bbdefault\u00bb global_colors_info=\u00bb{}\u00bb][et_pb_text _builder_version=\u00bb4.27.4&#8243; _module_preset=\u00bbdefault\u00bb hover_enabled=\u00bb0&#8243; global_colors_info=\u00bb{}\u00bb sticky_enabled=\u00bb0&#8243;]<\/p>\n<h1>La Nadalenca arriba a Museros!<\/h1>\n<p>Viu la m\u00e0gia del Nadal al nostre poble amb activitats per a totes les edats.<br \/>La programaci\u00f3 d&#8217;activitats comen\u00e7ar\u00e0 el pr\u00f2xim dijous, 5 de desembre, amb activitats i tallers per a xiquets i xiquetes a partir de 2 anys, berenar amb xocolate i ensa\u00efmades i l&#8217;encesa de les llums de l&#8217;arbre de Nadal.<\/p>\n<p>Dijous, 2 de gener, rebrem la visita del carter reial a les 17.00 h.<br \/>A les 18.30 h, comen\u00e7ar\u00e0 el musical infantil \u201cDisney &amp; tus pel\u00edculas favoritas\u00bb.<\/p>\n<p>Les entrades al musical estaran disponibles a partir del 10 de desembre en <a href=\"https:\/\/www.agendamuseros.com\/index.html\" target=\"_blank\" rel=\"noopener\">agendamuseros.com<\/a> i a la Casa de Cultura.<\/p>\n<p>Diumenge, 5 de gener, tindrem la gran cavalcada dels Reis d\u2019Orient.<br \/>No deixes escapar l\u2019oportunitat de viure un Nadal \u00fanic a Museros!<\/p>\n<p>&nbsp;<\/p>\n<p>[\/et_pb_text][et_pb_image src=\u00bbhttps:\/\/museros.org\/wp-content\/uploads\/2024\/11\/nadalenca24-1200-1.jpg\u00bb title_text=\u00bbnadalenca24-1200-1&#8243; _builder_version=\u00bb4.27.4&#8243; _module_preset=\u00bbdefault\u00bb global_colors_info=\u00bb{}\u00bb][\/et_pb_image][et_pb_image src=\u00bbhttps:\/\/museros.org\/wp-content\/uploads\/2024\/11\/nadalenca24-1200-2.jpg\u00bb title_text=\u00bbnadalenca24-1200-2&#8243; _builder_version=\u00bb4.27.4&#8243; _module_preset=\u00bbdefault\u00bb global_colors_info=\u00bb{}\u00bb][\/et_pb_image][\/et_pb_column][\/et_pb_row][et_pb_row _builder_version=\u00bb4.16&#8243; _module_preset=\u00bbdefault\u00bb custom_margin=\u00bb50px||0px||false|false\u00bb custom_padding=\u00bb0px||0px||false|false\u00bb global_colors_info=\u00bb{}\u00bb][et_pb_column type=\u00bb4_4&#8243; _builder_version=\u00bb4.16&#8243; _module_preset=\u00bbdefault\u00bb global_colors_info=\u00bb{}\u00bb][et_pb_divider color=\u00bb#E02B20&#8243; divider_weight=\u00bb4px\u00bb _builder_version=\u00bb4.16&#8243; _module_preset=\u00bbdefault\u00bb custom_margin=\u00bb0px||0px||false|false\u00bb custom_padding=\u00bb0px||0px||false|false\u00bb global_colors_info=\u00bb{}\u00bb][\/et_pb_divider][\/et_pb_column][\/et_pb_row][\/et_pb_section]<\/p>\n","protected":false},"excerpt":{"rendered":"<p>La Nadalenca arriba a Museros! Viu la m\u00e0gia del Nadal al nostre poble amb activitats per a totes les edats.La programaci\u00f3 d&#8217;activitats comen\u00e7ar\u00e0 el pr\u00f2xim dijous, 5 de desembre, amb activitats i tallers per a xiquets i xiquetes a partir de 2 anys, berenar amb xocolate i ensa\u00efmades i l&#8217;encesa de les llums de l&#8217;arbre [&hellip;]<\/p>\n","protected":false},"author":8,"featured_media":0,"parent":0,"menu_order":0,"comment_status":"closed","ping_status":"closed","template":"","meta":{"_et_pb_use_builder":"on","_et_pb_old_content":"","_et_gb_content_width":"","_mc_calendar":[],"footnotes":""},"wf_page_folders":[175],"class_list":["post-272219","page","type-page","status-publish","hentry"],"_links":{"self":[{"href":"https:\/\/museros.org\/inici\/wp-json\/wp\/v2\/pages\/272219","targetHints":{"allow":["GET"]}}],"collection":[{"href":"https:\/\/museros.org\/inici\/wp-json\/wp\/v2\/pages"}],"about":[{"href":"https:\/\/museros.org\/inici\/wp-json\/wp\/v2\/types\/page"}],"author":[{"embeddable":true,"href":"https:\/\/museros.org\/inici\/wp-json\/wp\/v2\/users\/8"}],"replies":[{"embeddable":true,"href":"https:\/\/museros.org\/inici\/wp-json\/wp\/v2\/comments?post=272219"}],"version-history":[{"count":3,"href":"https:\/\/museros.org\/inici\/wp-json\/wp\/v2\/pages\/272219\/revisions"}],"predecessor-version":[{"id":272235,"href":"https:\/\/museros.org\/inici\/wp-json\/wp\/v2\/pages\/272219\/revisions\/272235"}],"wp:attachment":[{"href":"https:\/\/museros.org\/inici\/wp-json\/wp\/v2\/media?parent=272219"}],"wp:term":[{"taxonomy":"wf_page_folders","embeddable":true,"href":"https:\/\/museros.org\/inici\/wp-json\/wp\/v2\/wf_page_folders?post=272219"}],"curies":[{"name":"wp","href":"https:\/\/api.w.org\/{rel}","templated":true}]}}

<p>[et_pb_section fb_built=»1&#8243; _builder_version=»4.16&#8243; _module_preset=»default» custom_padding=»0px||||false|false» locked=»off» global_colors_info=»{}»][et_pb_row column_structure=»1_3,2_3&#8243; _builder_version=»4.16&#8243; _module_preset=»default» custom_margin=»0px||0px||false|false» custom_padding=»0px||0px||false|false» global_colors_info=»{}»][et_pb_column type=»1_3&#8243; _builder_version=»4.16&#8243; _module_preset=»default» global_colors_info=»{}»][et_pb_image src=»https://museros.org/wp-content/uploads/2022/12/logo-festes-cl-230&#215;115-1.jpg» title_text=»logo-festes-cl-230&#215;115&#8243; url=»https://museros.org/inici/area-de-festes» use_overlay=»on» overlay_icon_color=»#E02B20&#8243; hover_overlay_color=»rgba(255,255,255,0.7)» hover_icon=»&#xe04d;||divi||400&#8243; align=»center» _builder_version=»4.23.1&#8243; _module_preset=»default» width=»100%» width_tablet=»» width_phone=»» width_last_edited=»on|phone» module_alignment=»center» custom_margin=»0px||0px||false|false» custom_padding=»0px||0px||false|false» global_colors_info=»{}»][/et_pb_image][/et_pb_column][et_pb_column type=»2_3&#8243; _builder_version=»4.16&#8243; _module_preset=»default» global_colors_info=»{}»][et_pb_text _builder_version=»4.27.4&#8243; _module_preset=»default» hover_enabled=»0&#8243; global_colors_info=»{}» sticky_enabled=»0&#8243;]</p>
<h1>La Nadalenca arriba a Museros!</h1>
<p>Viu la màgia del Nadal al nostre poble amb activitats per a totes les edats.<br />La programació d&#8217;activitats començarà el pròxim dijous, 5 de desembre, amb activitats i tallers per a xiquets i xiquetes a partir de 2 anys, berenar amb xocolate i ensaïmades i l&#8217;encesa de les llums de l&#8217;arbre de Nadal.</p>
<p>Dijous, 2 de gener, rebrem la visita del carter reial a les 17.00 h.<br />A les 18.30 h, començarà el musical infantil “Disney &amp; tus películas favoritas».</p>
<p>Les entrades al musical estaran disponibles a partir del 10 de desembre en <a href="https://www.agendamuseros.com/index.html" target="_blank" rel="noopener">agendamuseros.com</a> i a la Casa de Cultura.</p>
<p>Diumenge, 5 de gener, tindrem la gran cavalcada dels Reis d’Orient.<br />No deixes escapar l’oportunitat de viure un Nadal únic a Museros!</p>
<p>&nbsp;</p>
<p>[/et_pb_text][et_pb_image src=»https://museros.org/wp-content/uploads/2024/11/nadalenca24-1200-1.jpg» title_text=»nadalenca24-1200-1&#8243; _builder_version=»4.27.4&#8243; _module_preset=»default» global_colors_info=»{}»][/et_pb_image][et_pb_image src=»https://museros.org/wp-content/uploads/2024/11/nadalenca24-1200-2.jpg» title_text=»nadalenca24-1200-2&#8243; _builder_version=»4.27.4&#8243; _module_preset=»default» global_colors_info=»{}»][/et_pb_image][/et_pb_column][/et_pb_row][et_pb_row _builder_version=»4.16&#8243; _module_preset=»default» custom_margin=»50px||0px||false|false» custom_padding=»0px||0px||false|false» global_colors_info=»{}»][et_pb_column type=»4_4&#8243; _builder_version=»4.16&#8243; _module_preset=»default» global_colors_info=»{}»][et_pb_divider color=»#E02B20&#8243; divider_weight=»4px» _builder_version=»4.16&#8243; _module_preset=»default» custom_margin=»0px||0px||false|false» custom_padding=»0px||0px||false|false» global_colors_info=»{}»][/et_pb_divider][/et_pb_column][/et_pb_row][/et_pb_section]</p>

<p>La Nadalenca arriba a Museros! Viu la màgia del Nadal al nostre poble amb activitats per a totes les edats.La programació d&#8217;activitats començarà el pròxim dijous, 5 de desembre, amb activitats i tallers per a xiquets i xiquetes a partir de 2 anys, berenar amb xocolate i ensaïmades i l&#8217;encesa de les llums de l&#8217;arbre [&hellip;]</p>
