{"id":272207,"date":"2024-11-28T08:49:58","date_gmt":"2024-11-28T08:49:58","guid":{"rendered":"https:\/\/museros.org\/inici\/?page_id=272207"},"modified":"2025-10-27T17:58:26","modified_gmt":"2025-10-27T15:58:26","slug":"subvenciones-generalitat","status":"publish","type":"page","link":"https:\/\/museros.org\/inici\/es\/subvenciones-generalitat\/","title":{"rendered":"Subvenciones Generalitat"},"content":{"rendered":"<p>[et_pb_section fb_built=\u00bb1&#8243; _builder_version=\u00bb4.16&#8243; _module_preset=\u00bbdefault\u00bb custom_margin=\u00bb0px||||false|false\u00bb custom_padding=\u00bb0px||||false|false\u00bb locked=\u00bboff\u00bb global_colors_info=\u00bb{}\u00bb][et_pb_row column_structure=\u00bb1_4,3_4&#8243; custom_padding_last_edited=\u00bbon|phone\u00bb _builder_version=\u00bb4.16&#8243; _module_preset=\u00bbdefault\u00bb custom_margin=\u00bb0px||||false|false\u00bb custom_margin_tablet=\u00bb\u00bb custom_margin_phone=\u00bb\u00bb custom_margin_last_edited=\u00bbon|phone\u00bb custom_padding=\u00bb1px||||false|false\u00bb custom_padding_tablet=\u00bb\u00bb custom_padding_phone=\u00bb\u00bb global_colors_info=\u00bb{}\u00bb][et_pb_column type=\u00bb1_4&#8243; _builder_version=\u00bb4.16&#8243; _module_preset=\u00bbdefault\u00bb global_colors_info=\u00bb{}\u00bb][et_pb_image src=\u00bbhttps:\/\/museros.org\/wp-content\/uploads\/2025\/05\/generalitat-230&#215;180-1.jpg\u00bb title_text=\u00bbgeneralitat-230&#215;180&#8243; url=\u00bbhttps:\/\/museros.org\/inici\/es\/subvenciones\u00bb use_overlay=\u00bbon\u00bb overlay_icon_color=\u00bb#E02B20&#8243; hover_overlay_color=\u00bbrgba(255,255,255,0.6)\u00bb hover_icon=\u00bb&#xe04d;||divi||400&#8243; _builder_version=\u00bb4.27.4&#8243; _module_preset=\u00bbdefault\u00bb locked=\u00bboff\u00bb global_colors_info=\u00bb{}\u00bb][\/et_pb_image][\/et_pb_column][et_pb_column type=\u00bb3_4&#8243; _builder_version=\u00bb4.16&#8243; _module_preset=\u00bbdefault\u00bb global_colors_info=\u00bb{}\u00bb][et_pb_text _builder_version=\u00bb4.27.4&#8243; _module_preset=\u00bbdefault\u00bb locked=\u00bboff\u00bb global_colors_info=\u00bb{}\u00bb]<\/p>\n<h1>SUBVENCI\u00d3N DE LA CONSELLERIA DE EDUCACI\u00d3N, CULTURA, UNIVERSIDADES Y EMPLEO DE LA GENERALITAT VALENCIANA, DESTINADA A LA REALIZACI\u00d3N DE ACTIVIDADES EXTRAESCOLARES Y COMPLEMENTARIAS PARA LA POBLACI\u00d3N ESCOLAR DE 3 A 18 A\u00d1OS<\/h1>\n<p>Por parte de la Conselleria de Educaci\u00f3n, Cultura, Universidades y Empleo de la Generalitat Valenciana, mediante resoluci\u00f3n de 14 de octubre de 2024 (DOGV n\u00ba 9962, de 22.10.2024), dentro del programa de subvenciones para la realizaci\u00f3n de actividades extraescolares, complementarias, culturales y deportivas dirigidas a la poblaci\u00f3n escolar de entre tres y dieciocho a\u00f1os, se concedi\u00f3 al Ayuntamiento de Museros una subvenci\u00f3n por importe de 8.195,20 \u20ac para el programa de Refuerzo Educativo, con la finalidad de dar respuesta a las necesidades educativas existentes dentro de la poblaci\u00f3n escolar, y ofrecer un apoyo de acompa\u00f1amiento escolar al alumnado con mayores dificultades de aprendizaje mediante diversas acciones espec\u00edficas que han permitido un mejor desarrollo del curso acad\u00e9mico para los usuarios y usuarias de este programa.<\/p>\n<p>Este programa ha estado destinado a todo el alumnado matriculado en los centros de la localidad durante el curso acad\u00e9mico 2024-2025, concretamente en los cursos 5.\u00ba y 6.\u00ba de educaci\u00f3n primaria, as\u00ed como en 1.\u00ba, 2.\u00ba, 3.\u00ba y 4.\u00ba de educaci\u00f3n secundaria obligatoria (ESO). Para la selecci\u00f3n del alumnado participante, los tutores y la coordinaci\u00f3n pedag\u00f3gica de cada centro actuaron conforme a los criterios establecidos en el reglamento de r\u00e9gimen interno aprobado por el Ayuntamiento de Museros. Los grupos formados han sido reducidos y han estado compuestos por estudiantes pertenecientes a la misma etapa y al mismo ciclo. Asimismo, se han organizado seg\u00fan el \u00e1mbito de refuerzo que cada alumno necesitaba, es decir, \u00e1mbito cient\u00edfico o \u00e1mbito socioling\u00fc\u00edstico. En total, el programa ha atendido a 81 alumnos, distribuidos en 10 grupos, en horario de tarde, de 16:00 h a 20:00 h, de lunes a jueves, desde el mes de octubre de 2024 hasta el mes de junio de 2025.<\/p>\n<p>[\/et_pb_text][et_pb_divider color=\u00bbrgba(0,0,0,0.49)\u00bb divider_style=\u00bbdotted\u00bb divider_weight=\u00bb7px\u00bb _builder_version=\u00bb4.27.4&#8243; _module_preset=\u00bbdefault\u00bb custom_margin=\u00bb40px||||false|false\u00bb locked=\u00bboff\u00bb global_colors_info=\u00bb{}\u00bb][\/et_pb_divider][et_pb_image src=\u00bbhttps:\/\/museros.org\/wp-content\/uploads\/2025\/10\/banner-subvencions-1080&#215;300-servicios-sociales-25.jpg\u00bb title_text=\u00bbbanner subvencions 1080&#215;300 servicios sociales 25&#8243; _builder_version=\u00bb4.27.4&#8243; _module_preset=\u00bbdefault\u00bb global_colors_info=\u00bb{}\u00bb][\/et_pb_image][et_pb_text _builder_version=\u00bb4.27.4&#8243; _module_preset=\u00bbdefault\u00bb locked=\u00bboff\u00bb global_colors_info=\u00bb{}\u00bb]<\/p>\n<h1>SUBVENCI\u00d3N DEL \u00c1REA DE BIENESTAR SOCIAL, DE LA GENERALITAT VALENCIANA \u2013 VICEPRESIDENCIA PRIMERA Y CONSELLERIA DE SERVICIOS SOCIALES, IGUALDAD Y VIVIENDA, DESTINADA A LA MEJORA DEL EQUIPAMIENTO DE CENTROS DE SERVICIOS SOCIALES MEDIANTE LA ADQUISICI\u00d3N DE MOBILIARIO INVENTARIABLE<\/h1>\n<p>Por parte de la Vicepresidencia Primera y Conselleria de Servicios Sociales, Igualdad y Vivienda de la Generalitat Valenciana, por resoluci\u00f3n de 16\/06\/2025, dentro del programa de subvenciones para proyectos de inversi\u00f3n en materia de equipamiento y obras en el \u00e1mbito de los servicios sociales, se ha concedido al Ayuntamiento de Museros una subvenci\u00f3n por importe de 2.939,63 \u20ac para la remodelaci\u00f3n de los espacios de cuatro despachos del departamento de Servicios Sociales de Museros con nuevas sillas, mesas, cajoneras y armarios con puertas.<\/p>\n<p>[\/et_pb_text][et_pb_divider color=\u00bbrgba(0,0,0,0.49)\u00bb divider_style=\u00bbdotted\u00bb divider_weight=\u00bb7px\u00bb _builder_version=\u00bb4.27.4&#8243; _module_preset=\u00bbdefault\u00bb custom_margin=\u00bb40px||||false|false\u00bb locked=\u00bboff\u00bb global_colors_info=\u00bb{}\u00bb][\/et_pb_divider][et_pb_image src=\u00bbhttps:\/\/museros.org\/wp-content\/uploads\/2024\/11\/JUSTIFICACIO-IMPORT.jpg\u00bb title_text=\u00bbJUSTIFICACIO-IMPORT\u00bb _builder_version=\u00bb4.27.4&#8243; _module_preset=\u00bbdefault\u00bb global_colors_info=\u00bb{}\u00bb][\/et_pb_image][\/et_pb_column][\/et_pb_row][et_pb_row _builder_version=\u00bb4.16&#8243; _module_preset=\u00bbdefault\u00bb global_colors_info=\u00bb{}\u00bb][et_pb_column type=\u00bb4_4&#8243; _builder_version=\u00bb4.16&#8243; _module_preset=\u00bbdefault\u00bb global_colors_info=\u00bb{}\u00bb][et_pb_divider color=\u00bb#E02B20&#8243; divider_weight=\u00bb4px\u00bb _builder_version=\u00bb4.16&#8243; _module_preset=\u00bbdefault\u00bb global_colors_info=\u00bb{}\u00bb][\/et_pb_divider][\/et_pb_column][\/et_pb_row][\/et_pb_section]<\/p>\n","protected":false},"excerpt":{"rendered":"<p>SUBVENCI\u00d3N DE LA CONSELLERIA DE EDUCACI\u00d3N, CULTURA, UNIVERSIDADES Y EMPLEO DE LA GENERALITAT VALENCIANA, DESTINADA A LA REALIZACI\u00d3N DE ACTIVIDADES EXTRAESCOLARES Y COMPLEMENTARIAS PARA LA POBLACI\u00d3N ESCOLAR DE 3 A 18 A\u00d1OS Por parte de la Conselleria de Educaci\u00f3n, Cultura, Universidades y Empleo de la Generalitat Valenciana, mediante resoluci\u00f3n de 14 de octubre de 2024 [&hellip;]<\/p>\n","protected":false},"author":8,"featured_media":0,"parent":0,"menu_order":0,"comment_status":"closed","ping_status":"closed","template":"","meta":{"_et_pb_use_builder":"on","_et_pb_old_content":"","_et_gb_content_width":"","_mc_calendar":[],"footnotes":""},"wf_page_folders":[1328],"class_list":["post-272207","page","type-page","status-publish","hentry"],"_links":{"self":[{"href":"https:\/\/museros.org\/inici\/wp-json\/wp\/v2\/pages\/272207","targetHints":{"allow":["GET"]}}],"collection":[{"href":"https:\/\/museros.org\/inici\/wp-json\/wp\/v2\/pages"}],"about":[{"href":"https:\/\/museros.org\/inici\/wp-json\/wp\/v2\/types\/page"}],"author":[{"embeddable":true,"href":"https:\/\/museros.org\/inici\/wp-json\/wp\/v2\/users\/8"}],"replies":[{"embeddable":true,"href":"https:\/\/museros.org\/inici\/wp-json\/wp\/v2\/comments?post=272207"}],"version-history":[{"count":10,"href":"https:\/\/museros.org\/inici\/wp-json\/wp\/v2\/pages\/272207\/revisions"}],"predecessor-version":[{"id":277304,"href":"https:\/\/museros.org\/inici\/wp-json\/wp\/v2\/pages\/272207\/revisions\/277304"}],"wp:attachment":[{"href":"https:\/\/museros.org\/inici\/wp-json\/wp\/v2\/media?parent=272207"}],"wp:term":[{"taxonomy":"wf_page_folders","embeddable":true,"href":"https:\/\/museros.org\/inici\/wp-json\/wp\/v2\/wf_page_folders?post=272207"}],"curies":[{"name":"wp","href":"https:\/\/api.w.org\/{rel}","templated":true}]}}

<p>[et_pb_section fb_built=»1&#8243; _builder_version=»4.16&#8243; _module_preset=»default» custom_margin=»0px||||false|false» custom_padding=»0px||||false|false» locked=»off» global_colors_info=»{}»][et_pb_row column_structure=»1_4,3_4&#8243; custom_padding_last_edited=»on|phone» _builder_version=»4.16&#8243; _module_preset=»default» custom_margin=»0px||||false|false» custom_margin_tablet=»» custom_margin_phone=»» custom_margin_last_edited=»on|phone» custom_padding=»1px||||false|false» custom_padding_tablet=»» custom_padding_phone=»» global_colors_info=»{}»][et_pb_column type=»1_4&#8243; _builder_version=»4.16&#8243; _module_preset=»default» global_colors_info=»{}»][et_pb_image src=»https://museros.org/wp-content/uploads/2025/05/generalitat-230&#215;180-1.jpg» title_text=»generalitat-230&#215;180&#8243; url=»https://museros.org/inici/es/subvenciones» use_overlay=»on» overlay_icon_color=»#E02B20&#8243; hover_overlay_color=»rgba(255,255,255,0.6)» hover_icon=»&#xe04d;||divi||400&#8243; _builder_version=»4.27.4&#8243; _module_preset=»default» locked=»off» global_colors_info=»{}»][/et_pb_image][/et_pb_column][et_pb_column type=»3_4&#8243; _builder_version=»4.16&#8243; _module_preset=»default» global_colors_info=»{}»][et_pb_text _builder_version=»4.27.4&#8243; _module_preset=»default» locked=»off» global_colors_info=»{}»]</p>
<h1>SUBVENCIÓN DE LA CONSELLERIA DE EDUCACIÓN, CULTURA, UNIVERSIDADES Y EMPLEO DE LA GENERALITAT VALENCIANA, DESTINADA A LA REALIZACIÓN DE ACTIVIDADES EXTRAESCOLARES Y COMPLEMENTARIAS PARA LA POBLACIÓN ESCOLAR DE 3 A 18 AÑOS</h1>
<p>Por parte de la Conselleria de Educación, Cultura, Universidades y Empleo de la Generalitat Valenciana, mediante resolución de 14 de octubre de 2024 (DOGV nº 9962, de 22.10.2024), dentro del programa de subvenciones para la realización de actividades extraescolares, complementarias, culturales y deportivas dirigidas a la población escolar de entre tres y dieciocho años, se concedió al Ayuntamiento de Museros una subvención por importe de 8.195,20 € para el programa de Refuerzo Educativo, con la finalidad de dar respuesta a las necesidades educativas existentes dentro de la población escolar, y ofrecer un apoyo de acompañamiento escolar al alumnado con mayores dificultades de aprendizaje mediante diversas acciones específicas que han permitido un mejor desarrollo del curso académico para los usuarios y usuarias de este programa.</p>
<p>Este programa ha estado destinado a todo el alumnado matriculado en los centros de la localidad durante el curso académico 2024-2025, concretamente en los cursos 5.º y 6.º de educación primaria, así como en 1.º, 2.º, 3.º y 4.º de educación secundaria obligatoria (ESO). Para la selección del alumnado participante, los tutores y la coordinación pedagógica de cada centro actuaron conforme a los criterios establecidos en el reglamento de régimen interno aprobado por el Ayuntamiento de Museros. Los grupos formados han sido reducidos y han estado compuestos por estudiantes pertenecientes a la misma etapa y al mismo ciclo. Asimismo, se han organizado según el ámbito de refuerzo que cada alumno necesitaba, es decir, ámbito científico o ámbito sociolingüístico. En total, el programa ha atendido a 81 alumnos, distribuidos en 10 grupos, en horario de tarde, de 16:00 h a 20:00 h, de lunes a jueves, desde el mes de octubre de 2024 hasta el mes de junio de 2025.</p>
<p>[/et_pb_text][et_pb_divider color=»rgba(0,0,0,0.49)» divider_style=»dotted» divider_weight=»7px» _builder_version=»4.27.4&#8243; _module_preset=»default» custom_margin=»40px||||false|false» locked=»off» global_colors_info=»{}»][/et_pb_divider][et_pb_image src=»https://museros.org/wp-content/uploads/2025/10/banner-subvencions-1080&#215;300-servicios-sociales-25.jpg» title_text=»banner subvencions 1080&#215;300 servicios sociales 25&#8243; _builder_version=»4.27.4&#8243; _module_preset=»default» global_colors_info=»{}»][/et_pb_image][et_pb_text _builder_version=»4.27.4&#8243; _module_preset=»default» locked=»off» global_colors_info=»{}»]</p>
<h1>SUBVENCIÓN DEL ÁREA DE BIENESTAR SOCIAL, DE LA GENERALITAT VALENCIANA – VICEPRESIDENCIA PRIMERA Y CONSELLERIA DE SERVICIOS SOCIALES, IGUALDAD Y VIVIENDA, DESTINADA A LA MEJORA DEL EQUIPAMIENTO DE CENTROS DE SERVICIOS SOCIALES MEDIANTE LA ADQUISICIÓN DE MOBILIARIO INVENTARIABLE</h1>
<p>Por parte de la Vicepresidencia Primera y Conselleria de Servicios Sociales, Igualdad y Vivienda de la Generalitat Valenciana, por resolución de 16/06/2025, dentro del programa de subvenciones para proyectos de inversión en materia de equipamiento y obras en el ámbito de los servicios sociales, se ha concedido al Ayuntamiento de Museros una subvención por importe de 2.939,63 € para la remodelación de los espacios de cuatro despachos del departamento de Servicios Sociales de Museros con nuevas sillas, mesas, cajoneras y armarios con puertas.</p>
<p>[/et_pb_text][et_pb_divider color=»rgba(0,0,0,0.49)» divider_style=»dotted» divider_weight=»7px» _builder_version=»4.27.4&#8243; _module_preset=»default» custom_margin=»40px||||false|false» locked=»off» global_colors_info=»{}»][/et_pb_divider][et_pb_image src=»https://museros.org/wp-content/uploads/2024/11/JUSTIFICACIO-IMPORT.jpg» title_text=»JUSTIFICACIO-IMPORT» _builder_version=»4.27.4&#8243; _module_preset=»default» global_colors_info=»{}»][/et_pb_image][/et_pb_column][/et_pb_row][et_pb_row _builder_version=»4.16&#8243; _module_preset=»default» global_colors_info=»{}»][et_pb_column type=»4_4&#8243; _builder_version=»4.16&#8243; _module_preset=»default» global_colors_info=»{}»][et_pb_divider color=»#E02B20&#8243; divider_weight=»4px» _builder_version=»4.16&#8243; _module_preset=»default» global_colors_info=»{}»][/et_pb_divider][/et_pb_column][/et_pb_row][/et_pb_section]</p>

<p>SUBVENCIÓN DE LA CONSELLERIA DE EDUCACIÓN, CULTURA, UNIVERSIDADES Y EMPLEO DE LA GENERALITAT VALENCIANA, DESTINADA A LA REALIZACIÓN DE ACTIVIDADES EXTRAESCOLARES Y COMPLEMENTARIAS PARA LA POBLACIÓN ESCOLAR DE 3 A 18 AÑOS Por parte de la Conselleria de Educación, Cultura, Universidades y Empleo de la Generalitat Valenciana, mediante resolución de 14 de octubre de 2024 [&hellip;]</p>
