{"id":271657,"date":"2024-10-07T15:53:26","date_gmt":"2024-10-07T15:53:26","guid":{"rendered":"https:\/\/museros.org\/inici\/?page_id=271657"},"modified":"2024-11-21T09:48:26","modified_gmt":"2024-11-21T09:48:26","slug":"25-de-octubre-2024","status":"publish","type":"page","link":"https:\/\/museros.org\/inici\/es\/25-de-octubre-2024\/","title":{"rendered":"25 de octubre 2024"},"content":{"rendered":"<p>[et_pb_section fb_built=\u00bb1&#8243; _builder_version=\u00bb4.16&#8243; _module_preset=\u00bbdefault\u00bb custom_padding=\u00bb0px||||false|false\u00bb locked=\u00bboff\u00bb global_colors_info=\u00bb{}\u00bb][et_pb_row column_structure=\u00bb1_3,2_3&#8243; _builder_version=\u00bb4.16&#8243; _module_preset=\u00bbdefault\u00bb custom_margin=\u00bb0px||0px||false|false\u00bb custom_padding=\u00bb0px||0px||false|false\u00bb global_colors_info=\u00bb{}\u00bb][et_pb_column type=\u00bb1_3&#8243; _builder_version=\u00bb4.16&#8243; _module_preset=\u00bbdefault\u00bb global_colors_info=\u00bb{}\u00bb][et_pb_image src=\u00bbhttps:\/\/museros.org\/wp-content\/uploads\/2021\/06\/logo-comercio-cl-230&#215;180-1.jpg\u00bb title_text=\u00bblogo-comercio-cl-230&#215;180&#8243; url=\u00bbhttps:\/\/museros.org\/inici\/es\/area-de-comercio\u00bb use_overlay=\u00bbon\u00bb overlay_icon_color=\u00bb#E02B20&#8243; hover_overlay_color=\u00bbrgba(255,255,255,0.7)\u00bb hover_icon=\u00bb&#xe04d;||divi||400&#8243; align=\u00bbcenter\u00bb _builder_version=\u00bb4.17.3&#8243; _module_preset=\u00bbdefault\u00bb width=\u00bb100%\u00bb width_tablet=\u00bb\u00bb width_phone=\u00bb\u00bb width_last_edited=\u00bbon|phone\u00bb module_alignment=\u00bbcenter\u00bb custom_margin=\u00bb0px||0px||false|false\u00bb custom_padding=\u00bb0px||0px||false|false\u00bb global_colors_info=\u00bb{}\u00bb][\/et_pb_image][\/et_pb_column][et_pb_column type=\u00bb2_3&#8243; _builder_version=\u00bb4.16&#8243; _module_preset=\u00bbdefault\u00bb global_colors_info=\u00bb{}\u00bb][et_pb_image src=\u00bbhttps:\/\/museros.org\/wp-content\/uploads\/2024\/10\/25-de-octubre-900&#215;300-1.jpg\u00bb title_text=\u00bb25-de-octubre-900&#215;300&#8243; _builder_version=\u00bb4.27.2&#8243; _module_preset=\u00bbdefault\u00bb global_colors_info=\u00bb{}\u00bb][\/et_pb_image][et_pb_text _builder_version=\u00bb4.27.3&#8243; _module_preset=\u00bbdefault\u00bb custom_margin=\u00bb||||false|false\u00bb custom_padding=\u00bb0px||||false|false\u00bb hover_enabled=\u00bb0&#8243; global_colors_info=\u00bb{}\u00bb sticky_enabled=\u00bb0&#8243;]<\/p>\n<h2>CAMPA\u00d1A D\u00cdA DEL COMERCIO LOCAL DE LA COMUNIDAD VALENCIANA<\/h2>\n<p style=\"text-align: justify;\">El Ayuntamiento de Museros quiere hacer visible el esfuerzo que realizan nuestros comerciantes para mantener vivo el tejido comercial de nuestro pueblo, y es por eso, que la Concejal\u00eda de Comercio, Salud y Mayores, junto con la Asociaci\u00f3n de Comerciantes de Museros (CAMU) quiere celebrar el 25 de octubre, D\u00eda del Comercio Local de la Comunidad Valenciana.<br \/>Por este motivo, se llevar\u00e1 a cabo una acci\u00f3n comercial que consistir\u00e1 a sortear 20 tarjetas de 30 \u20ac, entre todas aquellas personas que realizan compras en nuestros comercios, bares, restaurantes y cafeter\u00edas, del 25 al 31 de octubre, ambos incluidos.<br \/>Las compras tendr\u00e1n que ser iguales o superiores a 25 \u20ac, estas podr\u00e1n ser acumulativas, es decir, se podr\u00e1n presentar varios tickets, siempre que el importe total de estos sea 25 \u20ac o superior.<br \/>Los tickets o justificantes de las compras tendr\u00e1n que contener los datos del establecimiento donde se ha efectuado el gasto o compra, y las personas que presentan estos tickets har\u00e1 falta que faciliten junto con los tickets su nombre y tel\u00e9fono para contactar con ellas en caso de resultar ganador o ganadora de una tarjeta.<br \/>Los tickets se depositar\u00e1n en el Ayuntamiento de Museros, del 25 al 31 de octubre, en horario de 09.00 h a 14.00 h, en el lugar habilitado para esta campa\u00f1a.<br \/>El sorteo se realizar\u00e1 el d\u00eda 5 de noviembre.<br \/>El listado de comercios donde consumir las tarjetas figura en la web del ayuntamiento de Museros, dentro del \u00e1rea de comercio.<br \/>La entrega de los premios de la campa\u00f1a del D\u00eda del Comercio Local se realizar\u00e1 en el sal\u00f3n de plenos del Ayuntamiento de Museros, el martes 26 de noviembre a las 19.00 horas.<\/p>\n<p>[\/et_pb_text][\/et_pb_column][\/et_pb_row][et_pb_row column_structure=\u00bb1_3,1_3,1_3&#8243; _builder_version=\u00bb4.27.2&#8243; _module_preset=\u00bbdefault\u00bb global_colors_info=\u00bb{}\u00bb][et_pb_column type=\u00bb1_3&#8243; _builder_version=\u00bb4.27.2&#8243; _module_preset=\u00bbdefault\u00bb global_colors_info=\u00bb{}\u00bb][\/et_pb_column][et_pb_column type=\u00bb1_3&#8243; _builder_version=\u00bb4.27.2&#8243; _module_preset=\u00bbdefault\u00bb global_colors_info=\u00bb{}\u00bb][et_pb_button button_url=\u00bbhttps:\/\/museros.org\/wp-content\/uploads\/2024\/10\/Edicto-sobre-premios-III-edicion-premios-M-2024.pdf\u00bb url_new_window=\u00bbon\u00bb button_text=\u00bbEdicto premios PDF\u00bb _builder_version=\u00bb4.27.2&#8243; _module_preset=\u00bbdefault\u00bb custom_margin=\u00bb40px||||false|false\u00bb locked=\u00bboff\u00bb global_colors_info=\u00bb{}\u00bb][\/et_pb_button][\/et_pb_column][et_pb_column type=\u00bb1_3&#8243; _builder_version=\u00bb4.27.2&#8243; _module_preset=\u00bbdefault\u00bb global_colors_info=\u00bb{}\u00bb][et_pb_button button_url=\u00bbhttps:\/\/museros.org\/wp-content\/uploads\/2024\/10\/Edicto-sobre-admision-candidaturas-Premios-M-2024.pdf\u00bb url_new_window=\u00bbon\u00bb button_text=\u00bbEdicto candidaturas PDF\u00bb _builder_version=\u00bb4.27.2&#8243; _module_preset=\u00bbdefault\u00bb custom_margin=\u00bb40px||||false|false\u00bb locked=\u00bboff\u00bb global_colors_info=\u00bb{}\u00bb][\/et_pb_button][\/et_pb_column][\/et_pb_row][et_pb_row _builder_version=\u00bb4.16&#8243; _module_preset=\u00bbdefault\u00bb custom_margin=\u00bb50px||0px||false|false\u00bb custom_padding=\u00bb0px||0px||false|false\u00bb global_colors_info=\u00bb{}\u00bb][et_pb_column type=\u00bb4_4&#8243; _builder_version=\u00bb4.16&#8243; _module_preset=\u00bbdefault\u00bb global_colors_info=\u00bb{}\u00bb][et_pb_divider color=\u00bb#E02B20&#8243; divider_weight=\u00bb4px\u00bb _builder_version=\u00bb4.16&#8243; _module_preset=\u00bbdefault\u00bb custom_margin=\u00bb0px||0px||false|false\u00bb custom_padding=\u00bb0px||0px||false|false\u00bb global_colors_info=\u00bb{}\u00bb][\/et_pb_divider][\/et_pb_column][\/et_pb_row][\/et_pb_section]<\/p>\n","protected":false},"excerpt":{"rendered":"<p>CAMPA\u00d1A D\u00cdA DEL COMERCIO LOCAL DE LA COMUNIDAD VALENCIANA El Ayuntamiento de Museros quiere hacer visible el esfuerzo que realizan nuestros comerciantes para mantener vivo el tejido comercial de nuestro pueblo, y es por eso, que la Concejal\u00eda de Comercio, Salud y Mayores, junto con la Asociaci\u00f3n de Comerciantes de Museros (CAMU) quiere celebrar el [&hellip;]<\/p>\n","protected":false},"author":8,"featured_media":0,"parent":0,"menu_order":0,"comment_status":"closed","ping_status":"closed","template":"","meta":{"_et_pb_use_builder":"on","_et_pb_old_content":"","_et_gb_content_width":"","_mc_calendar":[],"footnotes":""},"wf_page_folders":[294],"class_list":["post-271657","page","type-page","status-publish","hentry"],"_links":{"self":[{"href":"https:\/\/museros.org\/inici\/wp-json\/wp\/v2\/pages\/271657","targetHints":{"allow":["GET"]}}],"collection":[{"href":"https:\/\/museros.org\/inici\/wp-json\/wp\/v2\/pages"}],"about":[{"href":"https:\/\/museros.org\/inici\/wp-json\/wp\/v2\/types\/page"}],"author":[{"embeddable":true,"href":"https:\/\/museros.org\/inici\/wp-json\/wp\/v2\/users\/8"}],"replies":[{"embeddable":true,"href":"https:\/\/museros.org\/inici\/wp-json\/wp\/v2\/comments?post=271657"}],"version-history":[{"count":5,"href":"https:\/\/museros.org\/inici\/wp-json\/wp\/v2\/pages\/271657\/revisions"}],"predecessor-version":[{"id":272135,"href":"https:\/\/museros.org\/inici\/wp-json\/wp\/v2\/pages\/271657\/revisions\/272135"}],"wp:attachment":[{"href":"https:\/\/museros.org\/inici\/wp-json\/wp\/v2\/media?parent=271657"}],"wp:term":[{"taxonomy":"wf_page_folders","embeddable":true,"href":"https:\/\/museros.org\/inici\/wp-json\/wp\/v2\/wf_page_folders?post=271657"}],"curies":[{"name":"wp","href":"https:\/\/api.w.org\/{rel}","templated":true}]}}

<p>[et_pb_section fb_built=»1&#8243; _builder_version=»4.16&#8243; _module_preset=»default» custom_padding=»0px||||false|false» locked=»off» global_colors_info=»{}»][et_pb_row column_structure=»1_3,2_3&#8243; _builder_version=»4.16&#8243; _module_preset=»default» custom_margin=»0px||0px||false|false» custom_padding=»0px||0px||false|false» global_colors_info=»{}»][et_pb_column type=»1_3&#8243; _builder_version=»4.16&#8243; _module_preset=»default» global_colors_info=»{}»][et_pb_image src=»https://museros.org/wp-content/uploads/2021/06/logo-comercio-cl-230&#215;180-1.jpg» title_text=»logo-comercio-cl-230&#215;180&#8243; url=»https://museros.org/inici/es/area-de-comercio» use_overlay=»on» overlay_icon_color=»#E02B20&#8243; hover_overlay_color=»rgba(255,255,255,0.7)» hover_icon=»&#xe04d;||divi||400&#8243; align=»center» _builder_version=»4.17.3&#8243; _module_preset=»default» width=»100%» width_tablet=»» width_phone=»» width_last_edited=»on|phone» module_alignment=»center» custom_margin=»0px||0px||false|false» custom_padding=»0px||0px||false|false» global_colors_info=»{}»][/et_pb_image][/et_pb_column][et_pb_column type=»2_3&#8243; _builder_version=»4.16&#8243; _module_preset=»default» global_colors_info=»{}»][et_pb_image src=»https://museros.org/wp-content/uploads/2024/10/25-de-octubre-900&#215;300-1.jpg» title_text=»25-de-octubre-900&#215;300&#8243; _builder_version=»4.27.2&#8243; _module_preset=»default» global_colors_info=»{}»][/et_pb_image][et_pb_text _builder_version=»4.27.3&#8243; _module_preset=»default» custom_margin=»||||false|false» custom_padding=»0px||||false|false» hover_enabled=»0&#8243; global_colors_info=»{}» sticky_enabled=»0&#8243;]</p>
<h2>CAMPAÑA DÍA DEL COMERCIO LOCAL DE LA COMUNIDAD VALENCIANA</h2>
<p style="text-align: justify;">El Ayuntamiento de Museros quiere hacer visible el esfuerzo que realizan nuestros comerciantes para mantener vivo el tejido comercial de nuestro pueblo, y es por eso, que la Concejalía de Comercio, Salud y Mayores, junto con la Asociación de Comerciantes de Museros (CAMU) quiere celebrar el 25 de octubre, Día del Comercio Local de la Comunidad Valenciana.<br />Por este motivo, se llevará a cabo una acción comercial que consistirá a sortear 20 tarjetas de 30 €, entre todas aquellas personas que realizan compras en nuestros comercios, bares, restaurantes y cafeterías, del 25 al 31 de octubre, ambos incluidos.<br />Las compras tendrán que ser iguales o superiores a 25 €, estas podrán ser acumulativas, es decir, se podrán presentar varios tickets, siempre que el importe total de estos sea 25 € o superior.<br />Los tickets o justificantes de las compras tendrán que contener los datos del establecimiento donde se ha efectuado el gasto o compra, y las personas que presentan estos tickets hará falta que faciliten junto con los tickets su nombre y teléfono para contactar con ellas en caso de resultar ganador o ganadora de una tarjeta.<br />Los tickets se depositarán en el Ayuntamiento de Museros, del 25 al 31 de octubre, en horario de 09.00 h a 14.00 h, en el lugar habilitado para esta campaña.<br />El sorteo se realizará el día 5 de noviembre.<br />El listado de comercios donde consumir las tarjetas figura en la web del ayuntamiento de Museros, dentro del área de comercio.<br />La entrega de los premios de la campaña del Día del Comercio Local se realizará en el salón de plenos del Ayuntamiento de Museros, el martes 26 de noviembre a las 19.00 horas.</p>
<p>[/et_pb_text][/et_pb_column][/et_pb_row][et_pb_row column_structure=»1_3,1_3,1_3&#8243; _builder_version=»4.27.2&#8243; _module_preset=»default» global_colors_info=»{}»][et_pb_column type=»1_3&#8243; _builder_version=»4.27.2&#8243; _module_preset=»default» global_colors_info=»{}»][/et_pb_column][et_pb_column type=»1_3&#8243; _builder_version=»4.27.2&#8243; _module_preset=»default» global_colors_info=»{}»][et_pb_button button_url=»https://museros.org/wp-content/uploads/2024/10/Edicto-sobre-premios-III-edicion-premios-M-2024.pdf» url_new_window=»on» button_text=»Edicto premios PDF» _builder_version=»4.27.2&#8243; _module_preset=»default» custom_margin=»40px||||false|false» locked=»off» global_colors_info=»{}»][/et_pb_button][/et_pb_column][et_pb_column type=»1_3&#8243; _builder_version=»4.27.2&#8243; _module_preset=»default» global_colors_info=»{}»][et_pb_button button_url=»https://museros.org/wp-content/uploads/2024/10/Edicto-sobre-admision-candidaturas-Premios-M-2024.pdf» url_new_window=»on» button_text=»Edicto candidaturas PDF» _builder_version=»4.27.2&#8243; _module_preset=»default» custom_margin=»40px||||false|false» locked=»off» global_colors_info=»{}»][/et_pb_button][/et_pb_column][/et_pb_row][et_pb_row _builder_version=»4.16&#8243; _module_preset=»default» custom_margin=»50px||0px||false|false» custom_padding=»0px||0px||false|false» global_colors_info=»{}»][et_pb_column type=»4_4&#8243; _builder_version=»4.16&#8243; _module_preset=»default» global_colors_info=»{}»][et_pb_divider color=»#E02B20&#8243; divider_weight=»4px» _builder_version=»4.16&#8243; _module_preset=»default» custom_margin=»0px||0px||false|false» custom_padding=»0px||0px||false|false» global_colors_info=»{}»][/et_pb_divider][/et_pb_column][/et_pb_row][/et_pb_section]</p>

<p>CAMPAÑA DÍA DEL COMERCIO LOCAL DE LA COMUNIDAD VALENCIANA El Ayuntamiento de Museros quiere hacer visible el esfuerzo que realizan nuestros comerciantes para mantener vivo el tejido comercial de nuestro pueblo, y es por eso, que la Concejalía de Comercio, Salud y Mayores, junto con la Asociación de Comerciantes de Museros (CAMU) quiere celebrar el [&hellip;]</p>
