{"id":271654,"date":"2024-10-07T15:49:17","date_gmt":"2024-10-07T15:49:17","guid":{"rendered":"https:\/\/museros.org\/inici\/?page_id=271654"},"modified":"2024-11-21T09:47:18","modified_gmt":"2024-11-21T09:47:18","slug":"25-doctubre-2024","status":"publish","type":"page","link":"https:\/\/museros.org\/inici\/25-doctubre-2024\/","title":{"rendered":"25 doctubre 2024"},"content":{"rendered":"<p>[et_pb_section fb_built=\u00bb1&#8243; _builder_version=\u00bb4.16&#8243; _module_preset=\u00bbdefault\u00bb custom_padding=\u00bb0px||||false|false\u00bb locked=\u00bboff\u00bb global_colors_info=\u00bb{}\u00bb][et_pb_row column_structure=\u00bb1_3,2_3&#8243; _builder_version=\u00bb4.16&#8243; _module_preset=\u00bbdefault\u00bb custom_margin=\u00bb0px||0px||false|false\u00bb custom_padding=\u00bb0px||0px||false|false\u00bb global_colors_info=\u00bb{}\u00bb][et_pb_column type=\u00bb1_3&#8243; _builder_version=\u00bb4.16&#8243; _module_preset=\u00bbdefault\u00bb global_colors_info=\u00bb{}\u00bb][et_pb_image src=\u00bbhttps:\/\/museros.org\/wp-content\/uploads\/2021\/08\/logo-comerc\u0327-cl-230&#215;180-1.jpg\u00bb title_text=\u00bblogo-comerc\u0327-cl-230&#215;180&#8243; url=\u00bbhttps:\/\/museros.org\/inici\/area-de-comerc\u00bb use_overlay=\u00bbon\u00bb overlay_icon_color=\u00bb#E02B20&#8243; hover_overlay_color=\u00bbrgba(255,255,255,0.7)\u00bb hover_icon=\u00bb&#xe04d;||divi||400&#8243; align=\u00bbcenter\u00bb _builder_version=\u00bb4.17.3&#8243; _module_preset=\u00bbdefault\u00bb width=\u00bb100%\u00bb width_tablet=\u00bb\u00bb width_phone=\u00bb\u00bb width_last_edited=\u00bbon|phone\u00bb module_alignment=\u00bbcenter\u00bb custom_margin=\u00bb0px||0px||false|false\u00bb custom_padding=\u00bb0px||0px||false|false\u00bb global_colors_info=\u00bb{}\u00bb][\/et_pb_image][\/et_pb_column][et_pb_column type=\u00bb2_3&#8243; _builder_version=\u00bb4.16&#8243; _module_preset=\u00bbdefault\u00bb global_colors_info=\u00bb{}\u00bb][et_pb_image src=\u00bbhttps:\/\/museros.org\/wp-content\/uploads\/2024\/10\/25-doctubre-900&#215;300-1.jpg\u00bb title_text=\u00bb25-doctubre-900&#215;300&#8243; _builder_version=\u00bb4.27.2&#8243; _module_preset=\u00bbdefault\u00bb global_colors_info=\u00bb{}\u00bb][\/et_pb_image][et_pb_text _builder_version=\u00bb4.27.3&#8243; _module_preset=\u00bbdefault\u00bb custom_margin=\u00bb||||false|false\u00bb custom_padding=\u00bb||1px|0px|false|false\u00bb hover_enabled=\u00bb0&#8243; global_colors_info=\u00bb{}\u00bb sticky_enabled=\u00bb0&#8243;]<\/p>\n<h2>CAMPANYA DIA DEL COMER\u00c7 LOCAL DE LA COMUNITAT VALENCIANA<\/h2>\n<p style=\"text-align: justify;\">L&#8217;Ajuntament de Museros vol fer visible l\u2019esfor\u00e7 que realitzen els nostres comerciants per mantindre viu el teixit comercial del nostre poble, i \u00e9s per aix\u00f2, que la Regidoria de Comer\u00e7, Salut i Majors, juntament amb l&#8217;Associaci\u00f3 de Comerciants de Museros (CAMU) vol celebrar el 25 d\u2019octubre, Dia del Comer\u00e7 Local de la Comunitat Valenciana.<\/p>\n<p style=\"text-align: justify;\">Per aquest motiu, es portar\u00e0 a terme una acci\u00f3 comercial que consistir\u00e0 a sortejar 20 targetes de 30 \u20ac, entre totes aquelles persones que realitzen compres en els nostres comer\u00e7os, bars, restaurants i cafeteries, del 25 al 31 d\u2019octubre, tots dos inclosos.<\/p>\n<p style=\"text-align: justify;\">Les compres hauran de ser iguals o superiors a 25 \u20ac, aquestes podran ser acumulatives, \u00e9s a dir, es podran presentar diversos tiquets, sempre que l\u2019import total d\u2019aquests siga 25 \u20ac o superior.<\/p>\n<p style=\"text-align: justify;\">Els tiquets o justificants de les compres hauran de contindre les dades de l\u2019establiment on s\u2019ha efectuat la despesa o compra, i les persones que presenten aquests tiquets caldr\u00e0 que faciliten juntament \u00a0amb els\u00a0 tiquets \u00a0el seu nom i tel\u00e8fon per contactar amb elles en cas de resultar guanyador o guanyadora d\u2019una targeta.<\/p>\n<p style=\"text-align: justify;\">Els tiquets es depositaran a l\u2019Ajuntament de Museros, del 25 al 31 d\u2019octubre, en horari de 09.00 h a 14.00 h, en el lloc habilitat per a aquesta campanya.<\/p>\n<p style=\"text-align: justify;\">El sorteig es realitzar\u00e0 el dia 5 de novembre.<\/p>\n<p style=\"text-align: justify;\">El llistat de comer\u00e7os on consumir les targetes figura en la web de l&#8217;ajuntament de Museros, dins de l&#8217;\u00e0rea de comer\u00e7.<\/p>\n<p style=\"text-align: justify;\">El lliurament dels premis de la campanya del Dia del Comer\u00e7 Local es realitzar\u00e0 al sal\u00f3 de plens de l\u2019Ajuntament de Museros, el dimarts 26 de novembre a les 19.00 hores.<\/p>\n<p>[\/et_pb_text][\/et_pb_column][\/et_pb_row][et_pb_row column_structure=\u00bb1_3,1_3,1_3&#8243; _builder_version=\u00bb4.27.2&#8243; _module_preset=\u00bbdefault\u00bb locked=\u00bboff\u00bb global_colors_info=\u00bb{}\u00bb][et_pb_column type=\u00bb1_3&#8243; _builder_version=\u00bb4.27.2&#8243; _module_preset=\u00bbdefault\u00bb global_colors_info=\u00bb{}\u00bb][\/et_pb_column][et_pb_column type=\u00bb1_3&#8243; _builder_version=\u00bb4.27.2&#8243; _module_preset=\u00bbdefault\u00bb global_colors_info=\u00bb{}\u00bb][et_pb_button button_url=\u00bbhttps:\/\/museros.org\/wp-content\/uploads\/2024\/10\/Edicto-sobre-premios-III-edicion-premios-M-2024.pdf\u00bb url_new_window=\u00bbon\u00bb button_text=\u00bbEdicte premis PDF\u00bb _builder_version=\u00bb4.27.2&#8243; _module_preset=\u00bbdefault\u00bb custom_margin=\u00bb40px||||false|false\u00bb locked=\u00bboff\u00bb global_colors_info=\u00bb{}\u00bb][\/et_pb_button][\/et_pb_column][et_pb_column type=\u00bb1_3&#8243; _builder_version=\u00bb4.27.2&#8243; _module_preset=\u00bbdefault\u00bb global_colors_info=\u00bb{}\u00bb][et_pb_button button_url=\u00bbhttps:\/\/museros.org\/wp-content\/uploads\/2024\/10\/Edicto-sobre-admision-candidaturas-Premios-M-2024.pdf\u00bb url_new_window=\u00bbon\u00bb button_text=\u00bbEdicte candidatures PDF\u00bb _builder_version=\u00bb4.27.2&#8243; _module_preset=\u00bbdefault\u00bb custom_margin=\u00bb40px||||false|false\u00bb locked=\u00bboff\u00bb global_colors_info=\u00bb{}\u00bb][\/et_pb_button][\/et_pb_column][\/et_pb_row][et_pb_row _builder_version=\u00bb4.16&#8243; _module_preset=\u00bbdefault\u00bb custom_margin=\u00bb50px||0px||false|false\u00bb custom_padding=\u00bb0px||0px||false|false\u00bb global_colors_info=\u00bb{}\u00bb][et_pb_column type=\u00bb4_4&#8243; _builder_version=\u00bb4.16&#8243; _module_preset=\u00bbdefault\u00bb global_colors_info=\u00bb{}\u00bb][et_pb_divider color=\u00bb#E02B20&#8243; divider_weight=\u00bb4px\u00bb _builder_version=\u00bb4.16&#8243; _module_preset=\u00bbdefault\u00bb custom_margin=\u00bb0px||0px||false|false\u00bb custom_padding=\u00bb0px||0px||false|false\u00bb global_colors_info=\u00bb{}\u00bb][\/et_pb_divider][\/et_pb_column][\/et_pb_row][\/et_pb_section]<\/p>\n","protected":false},"excerpt":{"rendered":"<p>CAMPANYA DIA DEL COMER\u00c7 LOCAL DE LA COMUNITAT VALENCIANA L&#8217;Ajuntament de Museros vol fer visible l\u2019esfor\u00e7 que realitzen els nostres comerciants per mantindre viu el teixit comercial del nostre poble, i \u00e9s per aix\u00f2, que la Regidoria de Comer\u00e7, Salut i Majors, juntament amb l&#8217;Associaci\u00f3 de Comerciants de Museros (CAMU) vol celebrar el 25 d\u2019octubre, [&hellip;]<\/p>\n","protected":false},"author":8,"featured_media":0,"parent":0,"menu_order":0,"comment_status":"closed","ping_status":"closed","template":"","meta":{"_et_pb_use_builder":"on","_et_pb_old_content":"","_et_gb_content_width":"","_mc_calendar":[],"footnotes":""},"wf_page_folders":[294],"class_list":["post-271654","page","type-page","status-publish","hentry"],"_links":{"self":[{"href":"https:\/\/museros.org\/inici\/wp-json\/wp\/v2\/pages\/271654","targetHints":{"allow":["GET"]}}],"collection":[{"href":"https:\/\/museros.org\/inici\/wp-json\/wp\/v2\/pages"}],"about":[{"href":"https:\/\/museros.org\/inici\/wp-json\/wp\/v2\/types\/page"}],"author":[{"embeddable":true,"href":"https:\/\/museros.org\/inici\/wp-json\/wp\/v2\/users\/8"}],"replies":[{"embeddable":true,"href":"https:\/\/museros.org\/inici\/wp-json\/wp\/v2\/comments?post=271654"}],"version-history":[{"count":6,"href":"https:\/\/museros.org\/inici\/wp-json\/wp\/v2\/pages\/271654\/revisions"}],"predecessor-version":[{"id":272134,"href":"https:\/\/museros.org\/inici\/wp-json\/wp\/v2\/pages\/271654\/revisions\/272134"}],"wp:attachment":[{"href":"https:\/\/museros.org\/inici\/wp-json\/wp\/v2\/media?parent=271654"}],"wp:term":[{"taxonomy":"wf_page_folders","embeddable":true,"href":"https:\/\/museros.org\/inici\/wp-json\/wp\/v2\/wf_page_folders?post=271654"}],"curies":[{"name":"wp","href":"https:\/\/api.w.org\/{rel}","templated":true}]}}

<p>[et_pb_section fb_built=»1&#8243; _builder_version=»4.16&#8243; _module_preset=»default» custom_padding=»0px||||false|false» locked=»off» global_colors_info=»{}»][et_pb_row column_structure=»1_3,2_3&#8243; _builder_version=»4.16&#8243; _module_preset=»default» custom_margin=»0px||0px||false|false» custom_padding=»0px||0px||false|false» global_colors_info=»{}»][et_pb_column type=»1_3&#8243; _builder_version=»4.16&#8243; _module_preset=»default» global_colors_info=»{}»][et_pb_image src=»https://museros.org/wp-content/uploads/2021/08/logo-comerç-cl-230&#215;180-1.jpg» title_text=»logo-comerç-cl-230&#215;180&#8243; url=»https://museros.org/inici/area-de-comerc» use_overlay=»on» overlay_icon_color=»#E02B20&#8243; hover_overlay_color=»rgba(255,255,255,0.7)» hover_icon=»&#xe04d;||divi||400&#8243; align=»center» _builder_version=»4.17.3&#8243; _module_preset=»default» width=»100%» width_tablet=»» width_phone=»» width_last_edited=»on|phone» module_alignment=»center» custom_margin=»0px||0px||false|false» custom_padding=»0px||0px||false|false» global_colors_info=»{}»][/et_pb_image][/et_pb_column][et_pb_column type=»2_3&#8243; _builder_version=»4.16&#8243; _module_preset=»default» global_colors_info=»{}»][et_pb_image src=»https://museros.org/wp-content/uploads/2024/10/25-doctubre-900&#215;300-1.jpg» title_text=»25-doctubre-900&#215;300&#8243; _builder_version=»4.27.2&#8243; _module_preset=»default» global_colors_info=»{}»][/et_pb_image][et_pb_text _builder_version=»4.27.3&#8243; _module_preset=»default» custom_margin=»||||false|false» custom_padding=»||1px|0px|false|false» hover_enabled=»0&#8243; global_colors_info=»{}» sticky_enabled=»0&#8243;]</p>
<h2>CAMPANYA DIA DEL COMERÇ LOCAL DE LA COMUNITAT VALENCIANA</h2>
<p style="text-align: justify;">L&#8217;Ajuntament de Museros vol fer visible l’esforç que realitzen els nostres comerciants per mantindre viu el teixit comercial del nostre poble, i és per això, que la Regidoria de Comerç, Salut i Majors, juntament amb l&#8217;Associació de Comerciants de Museros (CAMU) vol celebrar el 25 d’octubre, Dia del Comerç Local de la Comunitat Valenciana.</p>
<p style="text-align: justify;">Per aquest motiu, es portarà a terme una acció comercial que consistirà a sortejar 20 targetes de 30 €, entre totes aquelles persones que realitzen compres en els nostres comerços, bars, restaurants i cafeteries, del 25 al 31 d’octubre, tots dos inclosos.</p>
<p style="text-align: justify;">Les compres hauran de ser iguals o superiors a 25 €, aquestes podran ser acumulatives, és a dir, es podran presentar diversos tiquets, sempre que l’import total d’aquests siga 25 € o superior.</p>
<p style="text-align: justify;">Els tiquets o justificants de les compres hauran de contindre les dades de l’establiment on s’ha efectuat la despesa o compra, i les persones que presenten aquests tiquets caldrà que faciliten juntament  amb els  tiquets  el seu nom i telèfon per contactar amb elles en cas de resultar guanyador o guanyadora d’una targeta.</p>
<p style="text-align: justify;">Els tiquets es depositaran a l’Ajuntament de Museros, del 25 al 31 d’octubre, en horari de 09.00 h a 14.00 h, en el lloc habilitat per a aquesta campanya.</p>
<p style="text-align: justify;">El sorteig es realitzarà el dia 5 de novembre.</p>
<p style="text-align: justify;">El llistat de comerços on consumir les targetes figura en la web de l&#8217;ajuntament de Museros, dins de l&#8217;àrea de comerç.</p>
<p style="text-align: justify;">El lliurament dels premis de la campanya del Dia del Comerç Local es realitzarà al saló de plens de l’Ajuntament de Museros, el dimarts 26 de novembre a les 19.00 hores.</p>
<p>[/et_pb_text][/et_pb_column][/et_pb_row][et_pb_row column_structure=»1_3,1_3,1_3&#8243; _builder_version=»4.27.2&#8243; _module_preset=»default» locked=»off» global_colors_info=»{}»][et_pb_column type=»1_3&#8243; _builder_version=»4.27.2&#8243; _module_preset=»default» global_colors_info=»{}»][/et_pb_column][et_pb_column type=»1_3&#8243; _builder_version=»4.27.2&#8243; _module_preset=»default» global_colors_info=»{}»][et_pb_button button_url=»https://museros.org/wp-content/uploads/2024/10/Edicto-sobre-premios-III-edicion-premios-M-2024.pdf» url_new_window=»on» button_text=»Edicte premis PDF» _builder_version=»4.27.2&#8243; _module_preset=»default» custom_margin=»40px||||false|false» locked=»off» global_colors_info=»{}»][/et_pb_button][/et_pb_column][et_pb_column type=»1_3&#8243; _builder_version=»4.27.2&#8243; _module_preset=»default» global_colors_info=»{}»][et_pb_button button_url=»https://museros.org/wp-content/uploads/2024/10/Edicto-sobre-admision-candidaturas-Premios-M-2024.pdf» url_new_window=»on» button_text=»Edicte candidatures PDF» _builder_version=»4.27.2&#8243; _module_preset=»default» custom_margin=»40px||||false|false» locked=»off» global_colors_info=»{}»][/et_pb_button][/et_pb_column][/et_pb_row][et_pb_row _builder_version=»4.16&#8243; _module_preset=»default» custom_margin=»50px||0px||false|false» custom_padding=»0px||0px||false|false» global_colors_info=»{}»][et_pb_column type=»4_4&#8243; _builder_version=»4.16&#8243; _module_preset=»default» global_colors_info=»{}»][et_pb_divider color=»#E02B20&#8243; divider_weight=»4px» _builder_version=»4.16&#8243; _module_preset=»default» custom_margin=»0px||0px||false|false» custom_padding=»0px||0px||false|false» global_colors_info=»{}»][/et_pb_divider][/et_pb_column][/et_pb_row][/et_pb_section]</p>

<p>CAMPANYA DIA DEL COMERÇ LOCAL DE LA COMUNITAT VALENCIANA L&#8217;Ajuntament de Museros vol fer visible l’esforç que realitzen els nostres comerciants per mantindre viu el teixit comercial del nostre poble, i és per això, que la Regidoria de Comerç, Salut i Majors, juntament amb l&#8217;Associació de Comerciants de Museros (CAMU) vol celebrar el 25 d’octubre, [&hellip;]</p>
