{"id":271205,"date":"2024-09-04T16:09:30","date_gmt":"2024-09-04T16:09:30","guid":{"rendered":"https:\/\/museros.org\/inici\/?page_id=271205"},"modified":"2024-09-04T16:09:49","modified_gmt":"2024-09-04T16:09:49","slug":"anunci-rce","status":"publish","type":"page","link":"https:\/\/museros.org\/inici\/anunci-rce\/","title":{"rendered":"Anunci RCE"},"content":{"rendered":"<p>[et_pb_section fb_built=\u00bb1&#8243; _builder_version=\u00bb4.16&#8243; _module_preset=\u00bbdefault\u00bb custom_margin=\u00bb0px||||false|false\u00bb custom_padding=\u00bb0px||||false|false\u00bb locked=\u00bboff\u00bb global_colors_info=\u00bb{}\u00bb theme_builder_area=\u00bbpost_content\u00bb][et_pb_row column_structure=\u00bb1_4,3_4&#8243; _builder_version=\u00bb4.16&#8243; _module_preset=\u00bbdefault\u00bb custom_margin=\u00bb0px||||false|false\u00bb custom_padding=\u00bb0px||||false|false\u00bb global_colors_info=\u00bb{}\u00bb theme_builder_area=\u00bbpost_content\u00bb][et_pb_column type=\u00bb1_4&#8243; _builder_version=\u00bb4.16&#8243; _module_preset=\u00bbdefault\u00bb global_colors_info=\u00bb{}\u00bb theme_builder_area=\u00bbpost_content\u00bb][et_pb_image src=\u00bbhttps:\/\/museros.org\/wp-content\/uploads\/2021\/08\/logo-urbanisme-cl-230&#215;180-1.jpg\u00bb title_text=\u00bblogo-urbanisme-cl-230&#215;180&#8243; url=\u00bbhttps:\/\/museros.org\/inici\/area-durbanisme\/\u00bb use_overlay=\u00bbon\u00bb overlay_icon_color=\u00bb#E02B20&#8243; hover_overlay_color=\u00bbrgba(255,255,255,0.68)\u00bb hover_icon=\u00bb&#xe04d;||divi||400&#8243; _builder_version=\u00bb4.16.0&#8243; _module_preset=\u00bbdefault\u00bb global_colors_info=\u00bb{}\u00bb theme_builder_area=\u00bbpost_content\u00bb][\/et_pb_image][\/et_pb_column][et_pb_column type=\u00bb3_4&#8243; _builder_version=\u00bb4.16&#8243; _module_preset=\u00bbdefault\u00bb global_colors_info=\u00bb{}\u00bb theme_builder_area=\u00bbpost_content\u00bb][et_pb_image src=\u00bbhttps:\/\/museros.org\/wp-content\/uploads\/2024\/09\/anunci-RCE-805&#215;320-1.jpg\u00bb title_text=\u00bbanunci-RCE-805&#215;320&#8243; _builder_version=\u00bb4.27.0&#8243; _module_preset=\u00bbdefault\u00bb hover_enabled=\u00bb0&#8243; global_colors_info=\u00bb{}\u00bb theme_builder_area=\u00bbpost_content\u00bb sticky_enabled=\u00bb0&#8243;][\/et_pb_image][et_pb_text _builder_version=\u00bb4.27.0&#8243; _module_preset=\u00bbdefault\u00bb custom_margin=\u00bb40px||40px||false|false\u00bb hover_enabled=\u00bb0&#8243; global_colors_info=\u00bb{}\u00bb theme_builder_area=\u00bbpost_content\u00bb sticky_enabled=\u00bb0&#8243;]<\/p>\n<p>Resoluci\u00f3 de la Demarcaci\u00f3 de Carreteres de l&#8217;Estat a la Comunitat Valenciana per la qual es convoca a l&#8217;al\u00e7ament de les actes pr\u00e8vies a l&#8217;ocupaci\u00f3 dels b\u00e9ns i drets afectats pel projecte de tra\u00e7at de la modificaci\u00f3 n\u00fam. 1 de les obres: \u00abMillores funcionals i de seguretat vi\u00e0ria i mesures d&#8217;integraci\u00f3 ambiental de l&#8217;autovia A-7. Tram: Enlla\u00e7 CV-32 \u2013 Enlla\u00e7 CV-35. PP.KK. 313 al 324\u00bb. Prov\u00edncia de Val\u00e8ncia. Clau 17-V-7060.A.<\/p>\n<p>[\/et_pb_text][et_pb_button button_url=\u00bbhttps:\/\/museros.org\/wp-content\/uploads\/2024\/09\/20240820_ANUNCIO_BOE_17V7060A_MOD1_vi-3.pdf\u00bb url_new_window=\u00bbon\u00bb button_text=\u00bbANUNCI BOE.PDF\u00bb _builder_version=\u00bb4.27.0&#8243; _module_preset=\u00bbdefault\u00bb hover_enabled=\u00bb0&#8243; global_colors_info=\u00bb{}\u00bb theme_builder_area=\u00bbpost_content\u00bb sticky_enabled=\u00bb0&#8243;][\/et_pb_button][et_pb_button button_url=\u00bbhttps:\/\/museros.org\/wp-content\/uploads\/2024\/09\/20240820_17-V-7060.A-MOD1-COMUNICACI_N-AYTO-MUSEROS-ANUNCIO-Y-PLANOS_vi-2.pdf\u00bb url_new_window=\u00bbon\u00bb button_text=\u00bbCOMUNICACI\u00d3 AJUNTAMENT MUSEROS.PDF\u00bb _builder_version=\u00bb4.27.0&#8243; _module_preset=\u00bbdefault\u00bb hover_enabled=\u00bb0&#8243; global_colors_info=\u00bb{}\u00bb theme_builder_area=\u00bbpost_content\u00bb sticky_enabled=\u00bb0&#8243;][\/et_pb_button][et_pb_button button_url=\u00bbhttps:\/\/museros.org\/wp-content\/uploads\/2024\/09\/20240820_17V7060A_AYTO-MUSEROS_Oficio-publicaci_n-tablon-edictos_vi-4.pdf\u00bb url_new_window=\u00bbon\u00bb button_text=\u00bbOFICI PUBLICACI\u00d3 TAUL\u00d3 EDICTES.PDF\u00bb _builder_version=\u00bb4.27.0&#8243; _module_preset=\u00bbdefault\u00bb hover_enabled=\u00bb0&#8243; global_colors_info=\u00bb{}\u00bb theme_builder_area=\u00bbpost_content\u00bb sticky_enabled=\u00bb0&#8243;][\/et_pb_button][et_pb_button button_url=\u00bbhttps:\/\/museros.org\/wp-content\/uploads\/2024\/09\/20240820_17V7060A_CitaLAPO_TEdictos_TM-Museros-3.pdf\u00bb url_new_window=\u00bbon\u00bb button_text=\u00bbANUNCI COMUNITAT REGANTS.PDF\u00bb _builder_version=\u00bb4.27.0&#8243; _module_preset=\u00bbdefault\u00bb hover_enabled=\u00bb0&#8243; global_colors_info=\u00bb{}\u00bb theme_builder_area=\u00bbpost_content\u00bb sticky_enabled=\u00bb0&#8243;][\/et_pb_button][et_pb_button button_url=\u00bbhttps:\/\/museros.org\/wp-content\/uploads\/2024\/09\/20240820_PLANOS-17-V-7060_0-_LAPO-1.pdf\u00bb url_new_window=\u00bbon\u00bb button_text=\u00bbPLANS.PDF\u00bb _builder_version=\u00bb4.27.0&#8243; _module_preset=\u00bbdefault\u00bb hover_enabled=\u00bb0&#8243; global_colors_info=\u00bb{}\u00bb theme_builder_area=\u00bbpost_content\u00bb sticky_enabled=\u00bb0&#8243;][\/et_pb_button][\/et_pb_column][\/et_pb_row][et_pb_row _builder_version=\u00bb4.16&#8243; _module_preset=\u00bbdefault\u00bb global_colors_info=\u00bb{}\u00bb theme_builder_area=\u00bbpost_content\u00bb][et_pb_column type=\u00bb4_4&#8243; _builder_version=\u00bb4.16&#8243; _module_preset=\u00bbdefault\u00bb global_colors_info=\u00bb{}\u00bb theme_builder_area=\u00bbpost_content\u00bb][et_pb_divider color=\u00bb#E02B20&#8243; divider_weight=\u00bb4px\u00bb _builder_version=\u00bb4.16&#8243; _module_preset=\u00bbdefault\u00bb global_colors_info=\u00bb{}\u00bb theme_builder_area=\u00bbpost_content\u00bb][\/et_pb_divider][\/et_pb_column][\/et_pb_row][\/et_pb_section]<\/p>\n","protected":false},"excerpt":{"rendered":"<p>Resoluci\u00f3 de la Demarcaci\u00f3 de Carreteres de l&#8217;Estat a la Comunitat Valenciana per la qual es convoca a l&#8217;al\u00e7ament de les actes pr\u00e8vies a l&#8217;ocupaci\u00f3 dels b\u00e9ns i drets afectats pel projecte de tra\u00e7at de la modificaci\u00f3 n\u00fam. 1 de les obres: \u00abMillores funcionals i de seguretat vi\u00e0ria i mesures d&#8217;integraci\u00f3 ambiental de l&#8217;autovia A-7. [&hellip;]<\/p>\n","protected":false},"author":8,"featured_media":0,"parent":0,"menu_order":0,"comment_status":"closed","ping_status":"closed","template":"","meta":{"_et_pb_use_builder":"on","_et_pb_old_content":"","_et_gb_content_width":"","_mc_calendar":[],"footnotes":""},"wf_page_folders":[285],"class_list":["post-271205","page","type-page","status-publish","hentry"],"_links":{"self":[{"href":"https:\/\/museros.org\/inici\/wp-json\/wp\/v2\/pages\/271205","targetHints":{"allow":["GET"]}}],"collection":[{"href":"https:\/\/museros.org\/inici\/wp-json\/wp\/v2\/pages"}],"about":[{"href":"https:\/\/museros.org\/inici\/wp-json\/wp\/v2\/types\/page"}],"author":[{"embeddable":true,"href":"https:\/\/museros.org\/inici\/wp-json\/wp\/v2\/users\/8"}],"replies":[{"embeddable":true,"href":"https:\/\/museros.org\/inici\/wp-json\/wp\/v2\/comments?post=271205"}],"version-history":[{"count":2,"href":"https:\/\/museros.org\/inici\/wp-json\/wp\/v2\/pages\/271205\/revisions"}],"predecessor-version":[{"id":271212,"href":"https:\/\/museros.org\/inici\/wp-json\/wp\/v2\/pages\/271205\/revisions\/271212"}],"wp:attachment":[{"href":"https:\/\/museros.org\/inici\/wp-json\/wp\/v2\/media?parent=271205"}],"wp:term":[{"taxonomy":"wf_page_folders","embeddable":true,"href":"https:\/\/museros.org\/inici\/wp-json\/wp\/v2\/wf_page_folders?post=271205"}],"curies":[{"name":"wp","href":"https:\/\/api.w.org\/{rel}","templated":true}]}}

<p>[et_pb_section fb_built=»1&#8243; _builder_version=»4.16&#8243; _module_preset=»default» custom_margin=»0px||||false|false» custom_padding=»0px||||false|false» locked=»off» global_colors_info=»{}» theme_builder_area=»post_content»][et_pb_row column_structure=»1_4,3_4&#8243; _builder_version=»4.16&#8243; _module_preset=»default» custom_margin=»0px||||false|false» custom_padding=»0px||||false|false» global_colors_info=»{}» theme_builder_area=»post_content»][et_pb_column type=»1_4&#8243; _builder_version=»4.16&#8243; _module_preset=»default» global_colors_info=»{}» theme_builder_area=»post_content»][et_pb_image src=»https://museros.org/wp-content/uploads/2021/08/logo-urbanisme-cl-230&#215;180-1.jpg» title_text=»logo-urbanisme-cl-230&#215;180&#8243; url=»https://museros.org/inici/area-durbanisme/» use_overlay=»on» overlay_icon_color=»#E02B20&#8243; hover_overlay_color=»rgba(255,255,255,0.68)» hover_icon=»&#xe04d;||divi||400&#8243; _builder_version=»4.16.0&#8243; _module_preset=»default» global_colors_info=»{}» theme_builder_area=»post_content»][/et_pb_image][/et_pb_column][et_pb_column type=»3_4&#8243; _builder_version=»4.16&#8243; _module_preset=»default» global_colors_info=»{}» theme_builder_area=»post_content»][et_pb_image src=»https://museros.org/wp-content/uploads/2024/09/anunci-RCE-805&#215;320-1.jpg» title_text=»anunci-RCE-805&#215;320&#8243; _builder_version=»4.27.0&#8243; _module_preset=»default» hover_enabled=»0&#8243; global_colors_info=»{}» theme_builder_area=»post_content» sticky_enabled=»0&#8243;][/et_pb_image][et_pb_text _builder_version=»4.27.0&#8243; _module_preset=»default» custom_margin=»40px||40px||false|false» hover_enabled=»0&#8243; global_colors_info=»{}» theme_builder_area=»post_content» sticky_enabled=»0&#8243;]</p>
<p>Resolució de la Demarcació de Carreteres de l&#8217;Estat a la Comunitat Valenciana per la qual es convoca a l&#8217;alçament de les actes prèvies a l&#8217;ocupació dels béns i drets afectats pel projecte de traçat de la modificació núm. 1 de les obres: «Millores funcionals i de seguretat viària i mesures d&#8217;integració ambiental de l&#8217;autovia A-7. Tram: Enllaç CV-32 – Enllaç CV-35. PP.KK. 313 al 324». Província de València. Clau 17-V-7060.A.</p>
<p>[/et_pb_text][et_pb_button button_url=»https://museros.org/wp-content/uploads/2024/09/20240820_ANUNCIO_BOE_17V7060A_MOD1_vi-3.pdf» url_new_window=»on» button_text=»ANUNCI BOE.PDF» _builder_version=»4.27.0&#8243; _module_preset=»default» hover_enabled=»0&#8243; global_colors_info=»{}» theme_builder_area=»post_content» sticky_enabled=»0&#8243;][/et_pb_button][et_pb_button button_url=»https://museros.org/wp-content/uploads/2024/09/20240820_17-V-7060.A-MOD1-COMUNICACI_N-AYTO-MUSEROS-ANUNCIO-Y-PLANOS_vi-2.pdf» url_new_window=»on» button_text=»COMUNICACIÓ AJUNTAMENT MUSEROS.PDF» _builder_version=»4.27.0&#8243; _module_preset=»default» hover_enabled=»0&#8243; global_colors_info=»{}» theme_builder_area=»post_content» sticky_enabled=»0&#8243;][/et_pb_button][et_pb_button button_url=»https://museros.org/wp-content/uploads/2024/09/20240820_17V7060A_AYTO-MUSEROS_Oficio-publicaci_n-tablon-edictos_vi-4.pdf» url_new_window=»on» button_text=»OFICI PUBLICACIÓ TAULÓ EDICTES.PDF» _builder_version=»4.27.0&#8243; _module_preset=»default» hover_enabled=»0&#8243; global_colors_info=»{}» theme_builder_area=»post_content» sticky_enabled=»0&#8243;][/et_pb_button][et_pb_button button_url=»https://museros.org/wp-content/uploads/2024/09/20240820_17V7060A_CitaLAPO_TEdictos_TM-Museros-3.pdf» url_new_window=»on» button_text=»ANUNCI COMUNITAT REGANTS.PDF» _builder_version=»4.27.0&#8243; _module_preset=»default» hover_enabled=»0&#8243; global_colors_info=»{}» theme_builder_area=»post_content» sticky_enabled=»0&#8243;][/et_pb_button][et_pb_button button_url=»https://museros.org/wp-content/uploads/2024/09/20240820_PLANOS-17-V-7060_0-_LAPO-1.pdf» url_new_window=»on» button_text=»PLANS.PDF» _builder_version=»4.27.0&#8243; _module_preset=»default» hover_enabled=»0&#8243; global_colors_info=»{}» theme_builder_area=»post_content» sticky_enabled=»0&#8243;][/et_pb_button][/et_pb_column][/et_pb_row][et_pb_row _builder_version=»4.16&#8243; _module_preset=»default» global_colors_info=»{}» theme_builder_area=»post_content»][et_pb_column type=»4_4&#8243; _builder_version=»4.16&#8243; _module_preset=»default» global_colors_info=»{}» theme_builder_area=»post_content»][et_pb_divider color=»#E02B20&#8243; divider_weight=»4px» _builder_version=»4.16&#8243; _module_preset=»default» global_colors_info=»{}» theme_builder_area=»post_content»][/et_pb_divider][/et_pb_column][/et_pb_row][/et_pb_section]</p>

<p>Resolució de la Demarcació de Carreteres de l&#8217;Estat a la Comunitat Valenciana per la qual es convoca a l&#8217;alçament de les actes prèvies a l&#8217;ocupació dels béns i drets afectats pel projecte de traçat de la modificació núm. 1 de les obres: «Millores funcionals i de seguretat viària i mesures d&#8217;integració ambiental de l&#8217;autovia A-7. [&hellip;]</p>
