{"id":270509,"date":"2024-07-08T14:24:21","date_gmt":"2024-07-08T14:24:21","guid":{"rendered":"https:\/\/museros.org\/inici\/?page_id=270509"},"modified":"2025-10-10T12:22:45","modified_gmt":"2025-10-10T10:22:45","slug":"creant-des-de-les-lletres-premi-2024","status":"publish","type":"page","link":"https:\/\/museros.org\/inici\/creant-des-de-les-lletres-premi-2024\/","title":{"rendered":"Creant des de les lletres premi 2024"},"content":{"rendered":"<p>[et_pb_section fb_built=\u00bb1&#8243; _builder_version=\u00bb4.16&#8243; _module_preset=\u00bbdefault\u00bb custom_margin=\u00bb0px||||false|false\u00bb custom_padding=\u00bb0px||||false|false\u00bb locked=\u00bboff\u00bb global_colors_info=\u00bb{}\u00bb][et_pb_row column_structure=\u00bb1_4,3_4&#8243; _builder_version=\u00bb4.16&#8243; _module_preset=\u00bbdefault\u00bb custom_margin=\u00bb0px||||false|false\u00bb custom_padding=\u00bb0px||27px||false|false\u00bb global_colors_info=\u00bb{}\u00bb][et_pb_column type=\u00bb1_4&#8243; _builder_version=\u00bb4.16&#8243; _module_preset=\u00bbdefault\u00bb global_colors_info=\u00bb{}\u00bb][et_pb_image src=\u00bbhttps:\/\/museros.org\/wp-content\/uploads\/2021\/09\/logo-creantdesde-230&#215;230-1.jpg\u00bb title_text=\u00bblogo-creantdesde-230&#215;230&#8243; url=\u00bbhttps:\/\/museros.org\/ca\/creant-des-de\u00bb use_overlay=\u00bbon\u00bb overlay_icon_color=\u00bb#E02B20&#8243; hover_overlay_color=\u00bbrgba(255,255,255,0.71)\u00bb hover_icon=\u00bb&#xe04e;||divi||400&#8243; align=\u00bbcenter\u00bb _builder_version=\u00bb4.16&#8243; _module_preset=\u00bbdefault\u00bb width_tablet=\u00bb40%\u00bb width_phone=\u00bb60%\u00bb width_last_edited=\u00bbon|desktop\u00bb global_colors_info=\u00bb{}\u00bb][\/et_pb_image][\/et_pb_column][et_pb_column type=\u00bb3_4&#8243; _builder_version=\u00bb4.16&#8243; _module_preset=\u00bbdefault\u00bb global_colors_info=\u00bb{}\u00bb][et_pb_image src=\u00bbhttps:\/\/museros.org\/wp-content\/uploads\/2024\/07\/banner-507&#215;109-1.jpg\u00bb title_text=\u00bbbanner-507&#215;109&#8243; _builder_version=\u00bb4.26.0&#8243; _module_preset=\u00bbdefault\u00bb width_tablet=\u00bb\u00bb width_phone=\u00bb\u00bb width_last_edited=\u00bbon|phone\u00bb locked=\u00bboff\u00bb global_colors_info=\u00bb{}\u00bb][\/et_pb_image][et_pb_text _builder_version=\u00bb4.26.0&#8243; _module_preset=\u00bbdefault\u00bb custom_margin=\u00bb40px||||false|false\u00bb global_colors_info=\u00bb{}\u00bb]<\/p>\n<p style=\"text-align: justify;\">L\u2019Ajuntament de Museros, i en concret, la Regidoria de Cultura i Promoci\u00f3 Ling\u00fc\u00edstica, atorguen el Premi Cultura Museros 2024 a Gemma Pasqual i Escriv\u00e0 com a reconeixement per la seua traject\u00f2ria creativa en el m\u00f3n de les lletres al llarg de la seua vida.<\/p>\n<p>[\/et_pb_text][et_pb_divider color=\u00bb#999999&#8243; divider_style=\u00bbdotted\u00bb divider_weight=\u00bb7px\u00bb _builder_version=\u00bb4.22.1&#8243; _module_preset=\u00bbdefault\u00bb custom_margin=\u00bb40px||||false|false\u00bb global_colors_info=\u00bb{}\u00bb][\/et_pb_divider][\/et_pb_column][\/et_pb_row][et_pb_row column_structure=\u00bb1_4,1_4,1_4,1_4&#8243; _builder_version=\u00bb4.23&#8243; _module_preset=\u00bbdefault\u00bb locked=\u00bboff\u00bb global_colors_info=\u00bb{}\u00bb][et_pb_column type=\u00bb1_4&#8243; _builder_version=\u00bb4.23&#8243; _module_preset=\u00bbdefault\u00bb global_colors_info=\u00bb{}\u00bb][et_pb_image src=\u00bbhttps:\/\/museros.org\/wp-content\/uploads\/2024\/09\/presentacio.jpg\u00bb title_text=\u00bbpresentacio\u00bb url=\u00bbhttps:\/\/museros.org\/inici\/presentacio-llibre\/\u00bb use_overlay=\u00bbon\u00bb overlay_icon_color=\u00bb#E02B20&#8243; hover_overlay_color=\u00bbrgba(255,255,255,0.71)\u00bb hover_icon=\u00bb&#xe04e;||divi||400&#8243; _builder_version=\u00bb4.27.0&#8243; _module_preset=\u00bbdefault\u00bb global_colors_info=\u00bb{}\u00bb][\/et_pb_image][\/et_pb_column][et_pb_column type=\u00bb1_4&#8243; _builder_version=\u00bb4.23&#8243; _module_preset=\u00bbdefault\u00bb global_colors_info=\u00bb{}\u00bb][et_pb_image src=\u00bbhttps:\/\/museros.org\/wp-content\/uploads\/2024\/10\/3rvideo2024-400&#215;320-1-300&#215;240.jpg\u00bb title_text=\u00bb3rvideo2024-400&#215;320&#8243; url=\u00bbhttps:\/\/youtu.be\/eHzqktd2Eqo\u00bb url_new_window=\u00bbon\u00bb use_overlay=\u00bbon\u00bb overlay_icon_color=\u00bb#E02B20&#8243; hover_overlay_color=\u00bbrgba(255,255,255,0.71)\u00bb hover_icon=\u00bb&#xe04e;||divi||400&#8243; _builder_version=\u00bb4.27.2&#8243; _module_preset=\u00bbdefault\u00bb global_colors_info=\u00bb{}\u00bb][\/et_pb_image][\/et_pb_column][et_pb_column type=\u00bb1_4&#8243; _builder_version=\u00bb4.23&#8243; _module_preset=\u00bbdefault\u00bb global_colors_info=\u00bb{}\u00bb][et_pb_image src=\u00bbhttps:\/\/museros.org\/wp-content\/uploads\/2024\/10\/fotos-2024-400&#215;320-1.jpg\u00bb title_text=\u00bbfotos-2024-400&#215;320&#8243; url=\u00bbhttps:\/\/museros.org\/inici\/galeria-dimatges-gemma\u00bb use_overlay=\u00bbon\u00bb overlay_icon_color=\u00bb#E02B20&#8243; hover_overlay_color=\u00bbrgba(255,255,255,0.71)\u00bb hover_icon=\u00bb&#xe04e;||divi||400&#8243; _builder_version=\u00bb4.27.2&#8243; _module_preset=\u00bbdefault\u00bb global_colors_info=\u00bb{}\u00bb][\/et_pb_image][\/et_pb_column][et_pb_column type=\u00bb1_4&#8243; _builder_version=\u00bb4.23&#8243; _module_preset=\u00bbdefault\u00bb global_colors_info=\u00bb{}\u00bb][et_pb_image src=\u00bbhttps:\/\/museros.org\/wp-content\/uploads\/2024\/10\/2nvideo2024-400&#215;320-1-300&#215;240.jpg\u00bb title_text=\u00bb2nvideo2024-400&#215;320&#8243; url=\u00bbhttps:\/\/youtu.be\/pW5EVfAHgYs\u00bb url_new_window=\u00bbon\u00bb use_overlay=\u00bbon\u00bb overlay_icon_color=\u00bb#E02B20&#8243; hover_overlay_color=\u00bbrgba(255,255,255,0.71)\u00bb hover_icon=\u00bb&#xe04e;||divi||400&#8243; _builder_version=\u00bb4.27.2&#8243; _module_preset=\u00bbdefault\u00bb hover_enabled=\u00bb0&#8243; global_colors_info=\u00bb{}\u00bb sticky_enabled=\u00bb0&#8243;][\/et_pb_image][\/et_pb_column][\/et_pb_row][et_pb_row column_structure=\u00bb1_4,3_4&#8243; _builder_version=\u00bb4.16&#8243; _module_preset=\u00bbdefault\u00bb custom_margin=\u00bb0px||||false|false\u00bb custom_padding=\u00bb0px||27px||false|false\u00bb global_colors_info=\u00bb{}\u00bb][et_pb_column type=\u00bb1_4&#8243; _builder_version=\u00bb4.16&#8243; _module_preset=\u00bbdefault\u00bb global_colors_info=\u00bb{}\u00bb][\/et_pb_column][et_pb_column type=\u00bb3_4&#8243; _builder_version=\u00bb4.16&#8243; _module_preset=\u00bbdefault\u00bb global_colors_info=\u00bb{}\u00bb][et_pb_text _builder_version=\u00bb4.26.0&#8243; _module_preset=\u00bbdefault\u00bb custom_margin=\u00bb40px||||false|false\u00bb global_colors_info=\u00bb{}\u00bb]<\/p>\n<h1 style=\"text-align: justify;\">Gemma Pasqual i Escriv\u00e0<br \/>Premi Cultura Museros 2024<\/h1>\n<p style=\"text-align: justify;\">GEMMA PASQUAL I ESCRIV\u00c0 (Almoines 1967). \u00c9s escriptora. Assessora del segell editorial Jollibre, i a m\u00e9s, ha col\u00b7laborat en diferents mitjans de comunicaci\u00f3, com ara\u00a0<em>Serra d\u2019Or<\/em>,\u00a0<em>Llengua Nacional, Barcelona Review<\/em>,\u00a0<em>Literatures<\/em>,\u00a0<em>Car\u00e0cters<\/em>\u00a0de la Universitat de Val\u00e8ncia,\u00a0<em>El Punt Avui<\/em>, <em>La Vanguardia<\/em>\u00a0i Vilaweb; ha format part del consell de redacci\u00f3 de\u00a0<em>L\u2019Escletxa<\/em>,\u00a0i ha estat membre del consell editorial del diari\u00a0<em>Jornada<\/em>.<\/p>\n<p style=\"text-align: justify;\">Conferenciant en diverses universitats com Universitat Rovira i Virgili, Universitat de Val\u00e8ncia, Universitat de Ljubljana o Universitat de Guip\u00fascoa, entre d\u2019altres, i en centres culturals, educatius i biblioteques, amb col\u00b7loquis i confer\u00e8ncies sobre literatura.<\/p>\n<p style=\"text-align: justify;\">Ha participat en diferents congressos i fires de literatura infantil i juvenil: VI Congr\u00e9s de \u201cLlegir per llegir\u201d a Barcelona, V Congr\u00e9s de Literatura Infantil i Juvenil Catalana a Barcelona, III Festival Iberoamericano de Literatura Infantil i Juvenil de la Fundaci\u00f3n Santillana, Sal\u00f3 de l\u2019Autor de Val\u00e8ncia, Fira del llibre de Val\u00e8ncia o la Fira del llibre infantil i juvenil de Bolonya, entre d\u2019altres.<\/p>\n<p style=\"text-align: justify;\">\u00c9s presidenta de la Societat Coral el Micalet, vocal de la junta directiva de la Societat Catalana de Pedagogia (filial de l\u2019IEC), membre del PEN Catal\u00e0 i s\u00f2cia i vicepresidenta de l\u2019Associaci\u00f3 d\u2019Escriptors en Llengua Catalana de la secci\u00f3 del Pa\u00eds Valenci\u00e0. Tamb\u00e9 ha estat vocal de la Junta Directiva i del Consell Assessor de la Instituci\u00f3 de les Lletres Catalanes, patrona de la Fundaci\u00f3 Sambori, patrona de la Fundaci\u00f3 FULL i vicepresidenta d\u2019Acci\u00f3 Cultural del Pa\u00eds Valenci\u00e0.<\/p>\n<p style=\"text-align: justify;\">Ha estat guardonada amb diversos premis a la seua obra, entre els quals\u00a0 destaquen: Premi Samaruc 2002, 2003, 2005, 2015, Premi Benvingut Oliver 2007, Premi Barcanova 2007 i Premi Mallorca 2008, i ha estat finalista del Premi Llibreter 2020 amb l\u2019obra\u00a0<em>Viure perillosament<\/em>. El seu \u00faltim llibre \u00e9s\u00a0<em>Torturades<\/em>\u00a0(2023), un assaig period\u00edstic en el qual relata l\u2019horror de la tortura, amb biaix de g\u00e8nere, a la Comissaria de Policia de Via Laietana de Barcelona.<\/p>\n<p>[\/et_pb_text][et_pb_divider color=\u00bb#999999&#8243; divider_style=\u00bbdotted\u00bb divider_weight=\u00bb7px\u00bb _builder_version=\u00bb4.22.1&#8243; _module_preset=\u00bbdefault\u00bb custom_margin=\u00bb40px||||false|false\u00bb global_colors_info=\u00bb{}\u00bb][\/et_pb_divider][et_pb_image src=\u00bbhttps:\/\/museros.org\/wp-content\/uploads\/2024\/07\/programa-2024-1080&#215;1527-1.jpg\u00bb title_text=\u00bbprograma-2024-1080&#215;1527&#8243; _builder_version=\u00bb4.26.0&#8243; _module_preset=\u00bbdefault\u00bb global_colors_info=\u00bb{}\u00bb][\/et_pb_image][\/et_pb_column][\/et_pb_row][et_pb_row _builder_version=\u00bb4.16&#8243; _module_preset=\u00bbdefault\u00bb global_colors_info=\u00bb{}\u00bb][et_pb_column type=\u00bb4_4&#8243; _builder_version=\u00bb4.16&#8243; _module_preset=\u00bbdefault\u00bb global_colors_info=\u00bb{}\u00bb][et_pb_divider color=\u00bb#E02B20&#8243; divider_weight=\u00bb4px\u00bb _builder_version=\u00bb4.16&#8243; _module_preset=\u00bbdefault\u00bb global_colors_info=\u00bb{}\u00bb][\/et_pb_divider][\/et_pb_column][\/et_pb_row][\/et_pb_section]<\/p>\n","protected":false},"excerpt":{"rendered":"<p>L\u2019Ajuntament de Museros, i en concret, la Regidoria de Cultura i Promoci\u00f3 Ling\u00fc\u00edstica, atorguen el Premi Cultura Museros 2024 a Gemma Pasqual i Escriv\u00e0 com a reconeixement per la seua traject\u00f2ria creativa en el m\u00f3n de les lletres al llarg de la seua vida.Gemma Pasqual i Escriv\u00e0Premi Cultura Museros 2024 GEMMA PASQUAL I ESCRIV\u00c0 (Almoines [&hellip;]<\/p>\n","protected":false},"author":8,"featured_media":0,"parent":0,"menu_order":0,"comment_status":"closed","ping_status":"closed","template":"","meta":{"_et_pb_use_builder":"on","_et_pb_old_content":"","_et_gb_content_width":"","_mc_calendar":[],"footnotes":""},"wf_page_folders":[1701],"class_list":["post-270509","page","type-page","status-publish","hentry"],"_links":{"self":[{"href":"https:\/\/museros.org\/inici\/wp-json\/wp\/v2\/pages\/270509","targetHints":{"allow":["GET"]}}],"collection":[{"href":"https:\/\/museros.org\/inici\/wp-json\/wp\/v2\/pages"}],"about":[{"href":"https:\/\/museros.org\/inici\/wp-json\/wp\/v2\/types\/page"}],"author":[{"embeddable":true,"href":"https:\/\/museros.org\/inici\/wp-json\/wp\/v2\/users\/8"}],"replies":[{"embeddable":true,"href":"https:\/\/museros.org\/inici\/wp-json\/wp\/v2\/comments?post=270509"}],"version-history":[{"count":15,"href":"https:\/\/museros.org\/inici\/wp-json\/wp\/v2\/pages\/270509\/revisions"}],"predecessor-version":[{"id":276862,"href":"https:\/\/museros.org\/inici\/wp-json\/wp\/v2\/pages\/270509\/revisions\/276862"}],"wp:attachment":[{"href":"https:\/\/museros.org\/inici\/wp-json\/wp\/v2\/media?parent=270509"}],"wp:term":[{"taxonomy":"wf_page_folders","embeddable":true,"href":"https:\/\/museros.org\/inici\/wp-json\/wp\/v2\/wf_page_folders?post=270509"}],"curies":[{"name":"wp","href":"https:\/\/api.w.org\/{rel}","templated":true}]}}