{"id":269858,"date":"2024-05-30T02:54:19","date_gmt":"2024-05-30T02:54:19","guid":{"rendered":"https:\/\/museros.org\/inici\/?page_id=269858"},"modified":"2024-05-30T02:58:06","modified_gmt":"2024-05-30T02:58:06","slug":"juliol-musical-2024","status":"publish","type":"page","link":"https:\/\/museros.org\/inici\/juliol-musical-2024\/","title":{"rendered":"Juliol musical 2024"},"content":{"rendered":"<p>[et_pb_section fb_built=\u00bb1&#8243; _builder_version=\u00bb4.17.4&#8243; _module_preset=\u00bbdefault\u00bb custom_margin=\u00bb0px||||false|false\u00bb custom_padding=\u00bb0px||||false|false\u00bb locked=\u00bboff\u00bb global_colors_info=\u00bb{}\u00bb theme_builder_area=\u00bbpost_content\u00bb][et_pb_row column_structure=\u00bb2_5,3_5&#8243; _builder_version=\u00bb4.17.4&#8243; _module_preset=\u00bbdefault\u00bb custom_margin=\u00bb0px||||false|false\u00bb custom_padding=\u00bb0px||||false|false\u00bb global_colors_info=\u00bb{}\u00bb theme_builder_area=\u00bbpost_content\u00bb][et_pb_column type=\u00bb2_5&#8243; _builder_version=\u00bb4.17.4&#8243; _module_preset=\u00bbdefault\u00bb global_colors_info=\u00bb{}\u00bb theme_builder_area=\u00bbpost_content\u00bb][et_pb_image src=\u00bbhttps:\/\/museros.org\/wp-content\/uploads\/2024\/05\/juliol24-392&#215;513-1.jpg\u00bb title_text=\u00bbjuliol24-392&#215;513&#8243; src_tablet=\u00bbhttps:\/\/museros.org\/wp-content\/uploads\/2023\/06\/Logo-Juliol-musical-A3.jpg\u00bb src_phone=\u00bbhttps:\/\/museros.org\/wp-content\/uploads\/2023\/06\/Logo-Juliol-musical-A3.jpg\u00bb src_last_edited=\u00bbon|tablet\u00bb align_tablet=\u00bb\u00bb align_phone=\u00bb\u00bb align_last_edited=\u00bbon|phone\u00bb _builder_version=\u00bb4.25.1&#8243; _module_preset=\u00bbdefault\u00bb width=\u00bb70%\u00bb width_tablet=\u00bb40%\u00bb width_phone=\u00bb40%\u00bb width_last_edited=\u00bbon|phone\u00bb module_alignment=\u00bbleft\u00bb custom_margin=\u00bb0px||||false|false\u00bb hover_enabled=\u00bb0&#8243; global_colors_info=\u00bb{}\u00bb theme_builder_area=\u00bbpost_content\u00bb sticky_enabled=\u00bb0&#8243; url=\u00bbhttps:\/\/museros.org\/inici\/area-de-cultura\/\u00bb use_overlay=\u00bbon\u00bb overlay_icon_color=\u00bb#E02B20&#8243; hover_overlay_color=\u00bbrgba(255,255,255,0.71)\u00bb hover_icon=\u00bb&#xe04d;||divi||400&#8243;][\/et_pb_image][\/et_pb_column][et_pb_column type=\u00bb3_5&#8243; _builder_version=\u00bb4.17.4&#8243; _module_preset=\u00bbdefault\u00bb global_colors_info=\u00bb{}\u00bb theme_builder_area=\u00bbpost_content\u00bb][et_pb_text _builder_version=\u00bb4.25.1&#8243; _module_preset=\u00bbdefault\u00bb hover_enabled=\u00bb0&#8243; global_colors_info=\u00bb{}\u00bb theme_builder_area=\u00bbpost_content\u00bb sticky_enabled=\u00bb0&#8243;]<\/p>\n<p><span style=\"color: #ff00ff;\">DIVENDRES,<\/span> <span style=\"color: #000080;\"><strong>28<\/strong><\/span> <span style=\"color: #ff00ff;\">DE JUNY<\/span><br \/><strong>Ensemble de Bombardinos Vicente Costa<\/strong><br \/><em>Perfums sonors<\/em><br \/>Hora: 20.30 h<br \/>Lloc: davant la Casa de Cultura<\/p>\n<p><span style=\"color: #ff00ff;\">DISSABTE,<\/span> <span style=\"color: #000080;\"><strong>29<\/strong><\/span> <span style=\"color: #ff00ff;\">DE JUNY<\/span><br \/><strong>Melomans<\/strong><br \/><em>Libre<\/em><br \/>Hora: 20.00 h<br \/>Lloc: Casa de Cultura<\/p>\n<p><span style=\"color: #ff00ff;\">DISSABTE,<\/span> <span style=\"color: #000080;\"><strong>6<\/strong><\/span> <span style=\"color: #ff00ff;\">DE JULIOL<\/span><br \/><strong>Banda Simf\u00f2nica de Museros<\/strong><br \/><em>Un viatge musical<\/em><br \/>Hora: 22.30 h<br \/>Lloc: avinguda de la Creu<\/p>\n<p><span style=\"color: #ff00ff;\">DIUMENGE,<\/span> <span style=\"color: #000080;\"><strong>7<\/strong><\/span> <span style=\"color: #ff00ff;\">DE JULIOL<\/span><br \/><strong>Les Arts amb tu<\/strong><br \/>Concert de cambra de la secci\u00f3 de corda de<br \/>l&#8217;Orquestra de la Comunitat Valenciana<br \/>Hora: 20.00 h<br \/>Lloc: Casa de Cultura<\/p>\n<p><span style=\"color: #ff00ff;\">DISSABTE, <\/span><span style=\"color: #000080;\"><strong>13<\/strong><\/span> <span style=\"color: #ff00ff;\">DE JULIOL<\/span><br \/><strong>Visitants + Medusa<\/strong><br \/><em>Olea<\/em> <br \/>22.30 h<br \/>Lloc: p\u00e0rquing de l&#8217;avinguda de Blasco Ib\u00e1\u00f1ez<\/p>\n<p>Entrada gratu\u00efta.<\/p>\n<p>[\/et_pb_text][\/et_pb_column][\/et_pb_row][et_pb_row _builder_version=\u00bb4.17.4&#8243; _module_preset=\u00bbdefault\u00bb global_colors_info=\u00bb{}\u00bb theme_builder_area=\u00bbpost_content\u00bb][et_pb_column type=\u00bb4_4&#8243; _builder_version=\u00bb4.17.4&#8243; _module_preset=\u00bbdefault\u00bb global_colors_info=\u00bb{}\u00bb theme_builder_area=\u00bbpost_content\u00bb][et_pb_image src=\u00bbhttps:\/\/museros.org\/wp-content\/uploads\/2024\/05\/juliol24-1000&#215;600-1.jpg\u00bb title_text=\u00bbjuliol24-1000&#215;600&#8243; _builder_version=\u00bb4.25.1&#8243; _module_preset=\u00bbdefault\u00bb hover_enabled=\u00bb0&#8243; global_colors_info=\u00bb{}\u00bb theme_builder_area=\u00bbpost_content\u00bb sticky_enabled=\u00bb0&#8243;][\/et_pb_image][\/et_pb_column][\/et_pb_row][\/et_pb_section]<\/p>\n","protected":false},"excerpt":{"rendered":"<p>DIVENDRES, 28 DE JUNYEnsemble de Bombardinos Vicente CostaPerfums sonorsHora: 20.30 hLloc: davant la Casa de Cultura DISSABTE, 29 DE JUNYMelomansLibreHora: 20.00 hLloc: Casa de Cultura DISSABTE, 6 DE JULIOLBanda Simf\u00f2nica de MuserosUn viatge musicalHora: 22.30 hLloc: avinguda de la Creu DIUMENGE, 7 DE JULIOLLes Arts amb tuConcert de cambra de la secci\u00f3 de corda del&#8217;Orquestra [&hellip;]<\/p>\n","protected":false},"author":8,"featured_media":0,"parent":0,"menu_order":0,"comment_status":"closed","ping_status":"closed","template":"","meta":{"_et_pb_use_builder":"on","_et_pb_old_content":"","_et_gb_content_width":"","_mc_calendar":[],"footnotes":""},"wf_page_folders":[995],"class_list":["post-269858","page","type-page","status-publish","hentry"],"_links":{"self":[{"href":"https:\/\/museros.org\/inici\/wp-json\/wp\/v2\/pages\/269858","targetHints":{"allow":["GET"]}}],"collection":[{"href":"https:\/\/museros.org\/inici\/wp-json\/wp\/v2\/pages"}],"about":[{"href":"https:\/\/museros.org\/inici\/wp-json\/wp\/v2\/types\/page"}],"author":[{"embeddable":true,"href":"https:\/\/museros.org\/inici\/wp-json\/wp\/v2\/users\/8"}],"replies":[{"embeddable":true,"href":"https:\/\/museros.org\/inici\/wp-json\/wp\/v2\/comments?post=269858"}],"version-history":[{"count":4,"href":"https:\/\/museros.org\/inici\/wp-json\/wp\/v2\/pages\/269858\/revisions"}],"predecessor-version":[{"id":269864,"href":"https:\/\/museros.org\/inici\/wp-json\/wp\/v2\/pages\/269858\/revisions\/269864"}],"wp:attachment":[{"href":"https:\/\/museros.org\/inici\/wp-json\/wp\/v2\/media?parent=269858"}],"wp:term":[{"taxonomy":"wf_page_folders","embeddable":true,"href":"https:\/\/museros.org\/inici\/wp-json\/wp\/v2\/wf_page_folders?post=269858"}],"curies":[{"name":"wp","href":"https:\/\/api.w.org\/{rel}","templated":true}]}}

<p>[et_pb_section fb_built=»1&#8243; _builder_version=»4.17.4&#8243; _module_preset=»default» custom_margin=»0px||||false|false» custom_padding=»0px||||false|false» locked=»off» global_colors_info=»{}» theme_builder_area=»post_content»][et_pb_row column_structure=»2_5,3_5&#8243; _builder_version=»4.17.4&#8243; _module_preset=»default» custom_margin=»0px||||false|false» custom_padding=»0px||||false|false» global_colors_info=»{}» theme_builder_area=»post_content»][et_pb_column type=»2_5&#8243; _builder_version=»4.17.4&#8243; _module_preset=»default» global_colors_info=»{}» theme_builder_area=»post_content»][et_pb_image src=»https://museros.org/wp-content/uploads/2024/05/juliol24-392&#215;513-1.jpg» title_text=»juliol24-392&#215;513&#8243; src_tablet=»https://museros.org/wp-content/uploads/2023/06/Logo-Juliol-musical-A3.jpg» src_phone=»https://museros.org/wp-content/uploads/2023/06/Logo-Juliol-musical-A3.jpg» src_last_edited=»on|tablet» align_tablet=»» align_phone=»» align_last_edited=»on|phone» _builder_version=»4.25.1&#8243; _module_preset=»default» width=»70%» width_tablet=»40%» width_phone=»40%» width_last_edited=»on|phone» module_alignment=»left» custom_margin=»0px||||false|false» hover_enabled=»0&#8243; global_colors_info=»{}» theme_builder_area=»post_content» sticky_enabled=»0&#8243; url=»https://museros.org/inici/area-de-cultura/» use_overlay=»on» overlay_icon_color=»#E02B20&#8243; hover_overlay_color=»rgba(255,255,255,0.71)» hover_icon=»&#xe04d;||divi||400&#8243;][/et_pb_image][/et_pb_column][et_pb_column type=»3_5&#8243; _builder_version=»4.17.4&#8243; _module_preset=»default» global_colors_info=»{}» theme_builder_area=»post_content»][et_pb_text _builder_version=»4.25.1&#8243; _module_preset=»default» hover_enabled=»0&#8243; global_colors_info=»{}» theme_builder_area=»post_content» sticky_enabled=»0&#8243;]</p>
<p><span style="color: #ff00ff;">DIVENDRES,</span> <span style="color: #000080;"><strong>28</strong></span> <span style="color: #ff00ff;">DE JUNY</span><br /><strong>Ensemble de Bombardinos Vicente Costa</strong><br /><em>Perfums sonors</em><br />Hora: 20.30 h<br />Lloc: davant la Casa de Cultura</p>
<p><span style="color: #ff00ff;">DISSABTE,</span> <span style="color: #000080;"><strong>29</strong></span> <span style="color: #ff00ff;">DE JUNY</span><br /><strong>Melomans</strong><br /><em>Libre</em><br />Hora: 20.00 h<br />Lloc: Casa de Cultura</p>
<p><span style="color: #ff00ff;">DISSABTE,</span> <span style="color: #000080;"><strong>6</strong></span> <span style="color: #ff00ff;">DE JULIOL</span><br /><strong>Banda Simfònica de Museros</strong><br /><em>Un viatge musical</em><br />Hora: 22.30 h<br />Lloc: avinguda de la Creu</p>
<p><span style="color: #ff00ff;">DIUMENGE,</span> <span style="color: #000080;"><strong>7</strong></span> <span style="color: #ff00ff;">DE JULIOL</span><br /><strong>Les Arts amb tu</strong><br />Concert de cambra de la secció de corda de<br />l&#8217;Orquestra de la Comunitat Valenciana<br />Hora: 20.00 h<br />Lloc: Casa de Cultura</p>
<p><span style="color: #ff00ff;">DISSABTE, </span><span style="color: #000080;"><strong>13</strong></span> <span style="color: #ff00ff;">DE JULIOL</span><br /><strong>Visitants + Medusa</strong><br /><em>Olea</em> <br />22.30 h<br />Lloc: pàrquing de l&#8217;avinguda de Blasco Ibáñez</p>
<p>Entrada gratuïta.</p>
<p>[/et_pb_text][/et_pb_column][/et_pb_row][et_pb_row _builder_version=»4.17.4&#8243; _module_preset=»default» global_colors_info=»{}» theme_builder_area=»post_content»][et_pb_column type=»4_4&#8243; _builder_version=»4.17.4&#8243; _module_preset=»default» global_colors_info=»{}» theme_builder_area=»post_content»][et_pb_image src=»https://museros.org/wp-content/uploads/2024/05/juliol24-1000&#215;600-1.jpg» title_text=»juliol24-1000&#215;600&#8243; _builder_version=»4.25.1&#8243; _module_preset=»default» hover_enabled=»0&#8243; global_colors_info=»{}» theme_builder_area=»post_content» sticky_enabled=»0&#8243;][/et_pb_image][/et_pb_column][/et_pb_row][/et_pb_section]</p>

<p>DIVENDRES, 28 DE JUNYEnsemble de Bombardinos Vicente CostaPerfums sonorsHora: 20.30 hLloc: davant la Casa de Cultura DISSABTE, 29 DE JUNYMelomansLibreHora: 20.00 hLloc: Casa de Cultura DISSABTE, 6 DE JULIOLBanda Simfònica de MuserosUn viatge musicalHora: 22.30 hLloc: avinguda de la Creu DIUMENGE, 7 DE JULIOLLes Arts amb tuConcert de cambra de la secció de corda del&#8217;Orquestra [&hellip;]</p>
