{"id":268658,"date":"2024-04-19T08:40:50","date_gmt":"2024-04-19T08:40:50","guid":{"rendered":"https:\/\/museros.org\/inici\/?page_id=268658"},"modified":"2024-04-19T08:40:50","modified_gmt":"2024-04-19T08:40:50","slug":"programa-x-feria","status":"publish","type":"page","link":"https:\/\/museros.org\/inici\/es\/programa-x-feria\/","title":{"rendered":"Programa X Feria"},"content":{"rendered":"<p>[et_pb_section fb_built=\u00bb1&#8243; _builder_version=\u00bb4.16&#8243; _module_preset=\u00bbdefault\u00bb custom_padding=\u00bb0px||||false|false\u00bb locked=\u00bboff\u00bb global_colors_info=\u00bb{}\u00bb theme_builder_area=\u00bbpost_content\u00bb][et_pb_row column_structure=\u00bb1_3,2_3&#8243; _builder_version=\u00bb4.16&#8243; _module_preset=\u00bbdefault\u00bb custom_margin=\u00bb0px||0px||false|false\u00bb custom_padding=\u00bb0px||0px||false|false\u00bb global_colors_info=\u00bb{}\u00bb theme_builder_area=\u00bbpost_content\u00bb][et_pb_column type=\u00bb1_3&#8243; _builder_version=\u00bb4.16&#8243; _module_preset=\u00bbdefault\u00bb global_colors_info=\u00bb{}\u00bb theme_builder_area=\u00bbpost_content\u00bb][et_pb_image src=\u00bbhttps:\/\/museros.org\/wp-content\/uploads\/2021\/06\/logo-comercio-cl-230&#215;180-1.jpg\u00bb title_text=\u00bblogo-comercio-cl-230&#215;180&#8243; url=\u00bbhttps:\/\/museros.org\/inici\/es\/area-de-comercio\u00bb use_overlay=\u00bbon\u00bb overlay_icon_color=\u00bb#E02B20&#8243; hover_overlay_color=\u00bbrgba(255,255,255,0.7)\u00bb hover_icon=\u00bb&#xe04d;||divi||400&#8243; align=\u00bbcenter\u00bb _builder_version=\u00bb4.21.0&#8243; _module_preset=\u00bbdefault\u00bb width=\u00bb100%\u00bb width_tablet=\u00bb\u00bb width_phone=\u00bb\u00bb width_last_edited=\u00bbon|phone\u00bb module_alignment=\u00bbcenter\u00bb custom_margin=\u00bb0px||0px||false|false\u00bb custom_padding=\u00bb0px||0px||false|false\u00bb global_colors_info=\u00bb{}\u00bb theme_builder_area=\u00bbpost_content\u00bb][\/et_pb_image][\/et_pb_column][et_pb_column type=\u00bb2_3&#8243; _builder_version=\u00bb4.16&#8243; _module_preset=\u00bbdefault\u00bb global_colors_info=\u00bb{}\u00bb theme_builder_area=\u00bbpost_content\u00bb][et_pb_image src=\u00bbhttps:\/\/museros.org\/wp-content\/uploads\/2024\/04\/x-fira-800&#215;400-1.jpg\u00bb title_text=\u00bbx-fira-800&#215;400&#8243; _builder_version=\u00bb4.24.3&#8243; _module_preset=\u00bbdefault\u00bb hover_enabled=\u00bb0&#8243; global_colors_info=\u00bb{}\u00bb theme_builder_area=\u00bbpost_content\u00bb sticky_enabled=\u00bb0&#8243;][\/et_pb_image][et_pb_text _builder_version=\u00bb4.24.3&#8243; _module_preset=\u00bbdefault\u00bb theme_builder_area=\u00bbpost_content\u00bb hover_enabled=\u00bb0&#8243; sticky_enabled=\u00bb0&#8243;]<\/p>\n<h1>PROGRAMACI\u00d3N<\/h1>\n<p>S\u00c1BADO 4<br \/>17.00 h<br \/>\u2022 Apertura de la X Feria del Comercio Local.<br \/>\u2022 Pasacalle de inauguraci\u00f3n a cargo del Grup de Tabals i Dol\u00e7aines La Huitena de Museros.<br \/>17.30 h<br \/>\u2022 Apertura de los hinchables para los m\u00e1s peque\u00f1os (hasta las 20.30 h).<br \/>\u2022 Taller de actividades y manualidades a cargo de la AMPA del CEIP Blasco Ib\u00e1\u00f1ez.<br \/>\u2022 Merienda con horchata y fartons.<br \/>21.30 h<br \/>\u2022 Cena de sobaquillo (la organizaci\u00f3n facilitar\u00e1 las sillas y las mesas y ofrecer\u00e1 cacaos, olivas y papas).<br \/>23.00 h<br \/>\u2022 Playback interpretado por las falleras y los falleros de la Falla El Castell y de la Falla Museros.<br \/>24.00 h<br \/>\u2022 Cierre de la primera jornada de X Feria.<\/p>\n<p>DOMINGO 5<br \/>10.00 h<br \/>\u2022 Apertura de la feria.<br \/>11.00 h<br \/>\u2022 Apertura de los hinchables para los m\u00e1s peque\u00f1os (hasta las 13.45 h).<br \/>12.00 h<br \/>\u2022 Concierto a cargo del Coro Parroquial Antonio Bolea. <br \/>14.00 h<br \/>\u2022 Degustaci\u00f3n de la paella hecha por la pe\u00f1a taurina La Por. (Para aquellas personas que hayan efectuado sus compras en los estands de la feria y hasta agotar los tickets, con compras igual o superior a 15 \u20ac, se podr\u00e1n agrupar los tickets de las compras para conseguir este importe).<br \/>17.00 h<br \/>\u2022 Apertura de los hinchables para los mes peque\u00f1os (hasta las 19.00 h).<br \/>19.15 h<br \/>\u2022 Mon\u00f3logo a cargo de \u00d3scar Tramoyeres.<br \/>20.00 h<br \/>\u2022 Pasacalle de fin de feria a cargo del Grup de Tabals i Dol\u00e7aines La Huitena.<\/p>\n<p>En la X Feria encontrar\u00e9is, manualidades y actividades para ni\u00f1os y ni\u00f1as, hinchables, descuentos, firma de libros, conciertos, playback, humor, horchata y, sobre todo, los productos de calidad de los comercios de Museros, ofrecidos por grandes profesionales, no te pierdas la X Feria de Comercio de Museros!<\/p>\n<p>[\/et_pb_text][et_pb_image src=\u00bbhttps:\/\/museros.org\/wp-content\/uploads\/2022\/04\/plano-localitzacio-700.jpg\u00bb title_text=\u00bbplano-localitzacio-700&#8243; show_bottom_space=\u00bboff\u00bb src_tablet=\u00bbhttps:\/\/museros.org\/wp-content\/uploads\/2022\/04\/plano-localitzacio-610.jpg\u00bb src_phone=\u00bbhttps:\/\/museros.org\/wp-content\/uploads\/2022\/04\/plano-localitzacio-300.jpg\u00bb src_last_edited=\u00bbon|desktop\u00bb _builder_version=\u00bb4.17.3&#8243; _module_preset=\u00bbdefault\u00bb custom_margin=\u00bb40px||||false|false\u00bb global_colors_info=\u00bb{}\u00bb theme_builder_area=\u00bbpost_content\u00bb][\/et_pb_image][\/et_pb_column][\/et_pb_row][et_pb_row _builder_version=\u00bb4.16&#8243; _module_preset=\u00bbdefault\u00bb custom_margin=\u00bb50px||0px||false|false\u00bb custom_padding=\u00bb0px||0px||false|false\u00bb global_colors_info=\u00bb{}\u00bb theme_builder_area=\u00bbpost_content\u00bb][et_pb_column type=\u00bb4_4&#8243; _builder_version=\u00bb4.16&#8243; _module_preset=\u00bbdefault\u00bb global_colors_info=\u00bb{}\u00bb theme_builder_area=\u00bbpost_content\u00bb][et_pb_divider color=\u00bb#E02B20&#8243; divider_weight=\u00bb4px\u00bb _builder_version=\u00bb4.16&#8243; _module_preset=\u00bbdefault\u00bb custom_margin=\u00bb0px||0px||false|false\u00bb custom_padding=\u00bb0px||0px||false|false\u00bb global_colors_info=\u00bb{}\u00bb theme_builder_area=\u00bbpost_content\u00bb][\/et_pb_divider][\/et_pb_column][\/et_pb_row][\/et_pb_section]<\/p>\n","protected":false},"excerpt":{"rendered":"<p>PROGRAMACI\u00d3N S\u00c1BADO 417.00 h\u2022 Apertura de la X Feria del Comercio Local.\u2022 Pasacalle de inauguraci\u00f3n a cargo del Grup de Tabals i Dol\u00e7aines La Huitena de Museros.17.30 h\u2022 Apertura de los hinchables para los m\u00e1s peque\u00f1os (hasta las 20.30 h).\u2022 Taller de actividades y manualidades a cargo de la AMPA del CEIP Blasco Ib\u00e1\u00f1ez.\u2022 Merienda [&hellip;]<\/p>\n","protected":false},"author":8,"featured_media":0,"parent":0,"menu_order":0,"comment_status":"closed","ping_status":"closed","template":"","meta":{"_et_pb_use_builder":"on","_et_pb_old_content":"","_et_gb_content_width":"","_mc_calendar":[],"footnotes":""},"wf_page_folders":[294],"class_list":["post-268658","page","type-page","status-publish","hentry"],"_links":{"self":[{"href":"https:\/\/museros.org\/inici\/wp-json\/wp\/v2\/pages\/268658","targetHints":{"allow":["GET"]}}],"collection":[{"href":"https:\/\/museros.org\/inici\/wp-json\/wp\/v2\/pages"}],"about":[{"href":"https:\/\/museros.org\/inici\/wp-json\/wp\/v2\/types\/page"}],"author":[{"embeddable":true,"href":"https:\/\/museros.org\/inici\/wp-json\/wp\/v2\/users\/8"}],"replies":[{"embeddable":true,"href":"https:\/\/museros.org\/inici\/wp-json\/wp\/v2\/comments?post=268658"}],"version-history":[{"count":2,"href":"https:\/\/museros.org\/inici\/wp-json\/wp\/v2\/pages\/268658\/revisions"}],"predecessor-version":[{"id":268661,"href":"https:\/\/museros.org\/inici\/wp-json\/wp\/v2\/pages\/268658\/revisions\/268661"}],"wp:attachment":[{"href":"https:\/\/museros.org\/inici\/wp-json\/wp\/v2\/media?parent=268658"}],"wp:term":[{"taxonomy":"wf_page_folders","embeddable":true,"href":"https:\/\/museros.org\/inici\/wp-json\/wp\/v2\/wf_page_folders?post=268658"}],"curies":[{"name":"wp","href":"https:\/\/api.w.org\/{rel}","templated":true}]}}

<p>[et_pb_section fb_built=»1&#8243; _builder_version=»4.16&#8243; _module_preset=»default» custom_padding=»0px||||false|false» locked=»off» global_colors_info=»{}» theme_builder_area=»post_content»][et_pb_row column_structure=»1_3,2_3&#8243; _builder_version=»4.16&#8243; _module_preset=»default» custom_margin=»0px||0px||false|false» custom_padding=»0px||0px||false|false» global_colors_info=»{}» theme_builder_area=»post_content»][et_pb_column type=»1_3&#8243; _builder_version=»4.16&#8243; _module_preset=»default» global_colors_info=»{}» theme_builder_area=»post_content»][et_pb_image src=»https://museros.org/wp-content/uploads/2021/06/logo-comercio-cl-230&#215;180-1.jpg» title_text=»logo-comercio-cl-230&#215;180&#8243; url=»https://museros.org/inici/es/area-de-comercio» use_overlay=»on» overlay_icon_color=»#E02B20&#8243; hover_overlay_color=»rgba(255,255,255,0.7)» hover_icon=»&#xe04d;||divi||400&#8243; align=»center» _builder_version=»4.21.0&#8243; _module_preset=»default» width=»100%» width_tablet=»» width_phone=»» width_last_edited=»on|phone» module_alignment=»center» custom_margin=»0px||0px||false|false» custom_padding=»0px||0px||false|false» global_colors_info=»{}» theme_builder_area=»post_content»][/et_pb_image][/et_pb_column][et_pb_column type=»2_3&#8243; _builder_version=»4.16&#8243; _module_preset=»default» global_colors_info=»{}» theme_builder_area=»post_content»][et_pb_image src=»https://museros.org/wp-content/uploads/2024/04/x-fira-800&#215;400-1.jpg» title_text=»x-fira-800&#215;400&#8243; _builder_version=»4.24.3&#8243; _module_preset=»default» hover_enabled=»0&#8243; global_colors_info=»{}» theme_builder_area=»post_content» sticky_enabled=»0&#8243;][/et_pb_image][et_pb_text _builder_version=»4.24.3&#8243; _module_preset=»default» theme_builder_area=»post_content» hover_enabled=»0&#8243; sticky_enabled=»0&#8243;]</p>
<h1>PROGRAMACIÓN</h1>
<p>SÁBADO 4<br />17.00 h<br />• Apertura de la X Feria del Comercio Local.<br />• Pasacalle de inauguración a cargo del Grup de Tabals i Dolçaines La Huitena de Museros.<br />17.30 h<br />• Apertura de los hinchables para los más pequeños (hasta las 20.30 h).<br />• Taller de actividades y manualidades a cargo de la AMPA del CEIP Blasco Ibáñez.<br />• Merienda con horchata y fartons.<br />21.30 h<br />• Cena de sobaquillo (la organización facilitará las sillas y las mesas y ofrecerá cacaos, olivas y papas).<br />23.00 h<br />• Playback interpretado por las falleras y los falleros de la Falla El Castell y de la Falla Museros.<br />24.00 h<br />• Cierre de la primera jornada de X Feria.</p>
<p>DOMINGO 5<br />10.00 h<br />• Apertura de la feria.<br />11.00 h<br />• Apertura de los hinchables para los más pequeños (hasta las 13.45 h).<br />12.00 h<br />• Concierto a cargo del Coro Parroquial Antonio Bolea. <br />14.00 h<br />• Degustación de la paella hecha por la peña taurina La Por. (Para aquellas personas que hayan efectuado sus compras en los estands de la feria y hasta agotar los tickets, con compras igual o superior a 15 €, se podrán agrupar los tickets de las compras para conseguir este importe).<br />17.00 h<br />• Apertura de los hinchables para los mes pequeños (hasta las 19.00 h).<br />19.15 h<br />• Monólogo a cargo de Óscar Tramoyeres.<br />20.00 h<br />• Pasacalle de fin de feria a cargo del Grup de Tabals i Dolçaines La Huitena.</p>
<p>En la X Feria encontraréis, manualidades y actividades para niños y niñas, hinchables, descuentos, firma de libros, conciertos, playback, humor, horchata y, sobre todo, los productos de calidad de los comercios de Museros, ofrecidos por grandes profesionales, no te pierdas la X Feria de Comercio de Museros!</p>
<p>[/et_pb_text][et_pb_image src=»https://museros.org/wp-content/uploads/2022/04/plano-localitzacio-700.jpg» title_text=»plano-localitzacio-700&#8243; show_bottom_space=»off» src_tablet=»https://museros.org/wp-content/uploads/2022/04/plano-localitzacio-610.jpg» src_phone=»https://museros.org/wp-content/uploads/2022/04/plano-localitzacio-300.jpg» src_last_edited=»on|desktop» _builder_version=»4.17.3&#8243; _module_preset=»default» custom_margin=»40px||||false|false» global_colors_info=»{}» theme_builder_area=»post_content»][/et_pb_image][/et_pb_column][/et_pb_row][et_pb_row _builder_version=»4.16&#8243; _module_preset=»default» custom_margin=»50px||0px||false|false» custom_padding=»0px||0px||false|false» global_colors_info=»{}» theme_builder_area=»post_content»][et_pb_column type=»4_4&#8243; _builder_version=»4.16&#8243; _module_preset=»default» global_colors_info=»{}» theme_builder_area=»post_content»][et_pb_divider color=»#E02B20&#8243; divider_weight=»4px» _builder_version=»4.16&#8243; _module_preset=»default» custom_margin=»0px||0px||false|false» custom_padding=»0px||0px||false|false» global_colors_info=»{}» theme_builder_area=»post_content»][/et_pb_divider][/et_pb_column][/et_pb_row][/et_pb_section]</p>

<p>PROGRAMACIÓN SÁBADO 417.00 h• Apertura de la X Feria del Comercio Local.• Pasacalle de inauguración a cargo del Grup de Tabals i Dolçaines La Huitena de Museros.17.30 h• Apertura de los hinchables para los más pequeños (hasta las 20.30 h).• Taller de actividades y manualidades a cargo de la AMPA del CEIP Blasco Ibáñez.• Merienda [&hellip;]</p>
