{"id":268649,"date":"2024-04-19T08:38:13","date_gmt":"2024-04-19T08:38:13","guid":{"rendered":"https:\/\/museros.org\/inici\/?page_id=268649"},"modified":"2024-04-19T08:38:13","modified_gmt":"2024-04-19T08:38:13","slug":"programa-x-fira","status":"publish","type":"page","link":"https:\/\/museros.org\/inici\/programa-x-fira\/","title":{"rendered":"Programa X Fira"},"content":{"rendered":"<p>[et_pb_section fb_built=\u00bb1&#8243; _builder_version=\u00bb4.16&#8243; _module_preset=\u00bbdefault\u00bb custom_padding=\u00bb0px||||false|false\u00bb locked=\u00bboff\u00bb global_colors_info=\u00bb{}\u00bb theme_builder_area=\u00bbpost_content\u00bb][et_pb_row column_structure=\u00bb1_3,2_3&#8243; _builder_version=\u00bb4.16&#8243; _module_preset=\u00bbdefault\u00bb custom_margin=\u00bb0px||0px||false|false\u00bb custom_padding=\u00bb0px||0px||false|false\u00bb global_colors_info=\u00bb{}\u00bb theme_builder_area=\u00bbpost_content\u00bb][et_pb_column type=\u00bb1_3&#8243; _builder_version=\u00bb4.16&#8243; _module_preset=\u00bbdefault\u00bb global_colors_info=\u00bb{}\u00bb theme_builder_area=\u00bbpost_content\u00bb][et_pb_image src=\u00bbhttps:\/\/museros.org\/wp-content\/uploads\/2021\/08\/logo-comerc\u0327-cl-230&#215;180-1.jpg\u00bb title_text=\u00bblogo-comerc\u0327-cl-230&#215;180&#8243; url=\u00bbhttps:\/\/museros.org\/inici\/area-de-comerc\u00bb use_overlay=\u00bbon\u00bb overlay_icon_color=\u00bb#E02B20&#8243; hover_overlay_color=\u00bbrgba(255,255,255,0.7)\u00bb hover_icon=\u00bb&#xe04d;||divi||400&#8243; align=\u00bbcenter\u00bb _builder_version=\u00bb4.17.3&#8243; _module_preset=\u00bbdefault\u00bb width=\u00bb100%\u00bb width_tablet=\u00bb\u00bb width_phone=\u00bb\u00bb width_last_edited=\u00bbon|phone\u00bb module_alignment=\u00bbcenter\u00bb custom_margin=\u00bb0px||0px||false|false\u00bb custom_padding=\u00bb0px||0px||false|false\u00bb global_colors_info=\u00bb{}\u00bb theme_builder_area=\u00bbpost_content\u00bb][\/et_pb_image][\/et_pb_column][et_pb_column type=\u00bb2_3&#8243; _builder_version=\u00bb4.16&#8243; _module_preset=\u00bbdefault\u00bb global_colors_info=\u00bb{}\u00bb theme_builder_area=\u00bbpost_content\u00bb][et_pb_image src=\u00bbhttps:\/\/museros.org\/wp-content\/uploads\/2024\/04\/x-fira-800&#215;400-1.jpg\u00bb title_text=\u00bbx-fira-800&#215;400&#8243; _builder_version=\u00bb4.24.3&#8243; _module_preset=\u00bbdefault\u00bb hover_enabled=\u00bb0&#8243; global_colors_info=\u00bb{}\u00bb theme_builder_area=\u00bbpost_content\u00bb sticky_enabled=\u00bb0&#8243;][\/et_pb_image][et_pb_text _builder_version=\u00bb4.24.3&#8243; _module_preset=\u00bbdefault\u00bb theme_builder_area=\u00bbpost_content\u00bb hover_enabled=\u00bb0&#8243; sticky_enabled=\u00bb0&#8243;]<\/p>\n<h1>PROGRAMACI\u00d3<\/h1>\n<p>DISSABTE 4<br \/>17.00 h<br \/>\u2022 Obertura de la X Fira del Comer\u00e7 Local.<br \/>\u2022 Cercavila d\u2019inauguraci\u00f3 a c\u00e0rrec del Grup de Tabals i Dol\u00e7aines La Huitena de Museros.<br \/>17.30 h<br \/>\u2022 Obertura dels inflables per als m\u00e9s xicotets (fins a les 20.30 h).<br \/>\u2022 Taller d&#8217;activitats i manualitats a c\u00e0rrec de l&#8217;AMPA del CEIP Blasco Ib\u00e1\u00f1ez.<br \/>\u2022 Berenar amb orxata i fartons.<br \/>21.30 h<br \/>\u2022 Sopar de pa i porta (l&#8217;organitzaci\u00f3 facilitar\u00e0 les cadires i les taules i oferir\u00e0 cacaus, olives i papes).<br \/>23.00 h<br \/>\u2022 Playback interpretat per les falleres i els fallers de la Falla El Castell i de la Falla Museros.<br \/>24.00 h<br \/>\u2022 Tancament de la primera jornada de X Fira.<\/p>\n<p>DIUMENGE 5<br \/>10.00 h<br \/>\u2022 Obertura de la fira. <br \/>11.00 h<br \/>\u2022 Obertura dels inflables per als m\u00e9s xicotets (fins a les 13.45 h). <br \/>12.00 h<br \/>\u2022 Concert a c\u00e0rrec del Cor Parroquial Antonio Bolea. <br \/>14.00 h<br \/>\u2022 Degustaci\u00f3 de la paella feta per la penya taurina taurina La Por. (Per a aquelles persones que hagen efectuat les seues compres en els estands de la fira i fins a esgotar els tiquets, amb compres igual o superior a 15 \u20ac, es podran agrupar els tiquets de les compres per a aconseguir aquest import). <br \/>17.00 h<br \/>\u2022 Obertura dels inflables per als mes xicotets (fins a les 19.00 h).<br \/>19.15 h<br \/>\u2022 Mon\u00f2leg a c\u00e0rrec d&#8217;\u00d3scar Tramoyeres.<br \/>20.00 h<br \/>\u2022 Cercavila de fi de fira a c\u00e0rrec del grup de tabals i dol\u00e7aines La Huitena.<\/p>\n<p>En la X Fira trobareu, manualitats i activitats per a xiquets i xiquetes, inflables, descomptes, firma de llibres, concerts, playback, humor, orxata i, sobretot, els productes de qualitat dels comer\u00e7os de Museros, oferits per grans professionals, no et perdes la X Fira de Comer\u00e7 de Museros!<\/p>\n<p>[\/et_pb_text][et_pb_image src=\u00bbhttps:\/\/museros.org\/wp-content\/uploads\/2022\/04\/plano-localitzacio-700.jpg\u00bb title_text=\u00bbplano-localitzacio-700&#8243; show_bottom_space=\u00bboff\u00bb src_tablet=\u00bbhttps:\/\/museros.org\/wp-content\/uploads\/2022\/04\/plano-localitzacio-610.jpg\u00bb src_phone=\u00bbhttps:\/\/museros.org\/wp-content\/uploads\/2022\/04\/plano-localitzacio-300.jpg\u00bb src_last_edited=\u00bbon|desktop\u00bb _builder_version=\u00bb4.17.3&#8243; _module_preset=\u00bbdefault\u00bb custom_margin=\u00bb40px||||false|false\u00bb global_colors_info=\u00bb{}\u00bb theme_builder_area=\u00bbpost_content\u00bb][\/et_pb_image][\/et_pb_column][\/et_pb_row][et_pb_row _builder_version=\u00bb4.16&#8243; _module_preset=\u00bbdefault\u00bb custom_margin=\u00bb50px||0px||false|false\u00bb custom_padding=\u00bb0px||0px||false|false\u00bb global_colors_info=\u00bb{}\u00bb theme_builder_area=\u00bbpost_content\u00bb][et_pb_column type=\u00bb4_4&#8243; _builder_version=\u00bb4.16&#8243; _module_preset=\u00bbdefault\u00bb global_colors_info=\u00bb{}\u00bb theme_builder_area=\u00bbpost_content\u00bb][et_pb_divider color=\u00bb#E02B20&#8243; divider_weight=\u00bb4px\u00bb _builder_version=\u00bb4.16&#8243; _module_preset=\u00bbdefault\u00bb custom_margin=\u00bb0px||0px||false|false\u00bb custom_padding=\u00bb0px||0px||false|false\u00bb global_colors_info=\u00bb{}\u00bb theme_builder_area=\u00bbpost_content\u00bb][\/et_pb_divider][\/et_pb_column][\/et_pb_row][\/et_pb_section]<\/p>\n","protected":false},"excerpt":{"rendered":"<p>PROGRAMACI\u00d3 DISSABTE 417.00 h\u2022 Obertura de la X Fira del Comer\u00e7 Local.\u2022 Cercavila d\u2019inauguraci\u00f3 a c\u00e0rrec del Grup de Tabals i Dol\u00e7aines La Huitena de Museros.17.30 h\u2022 Obertura dels inflables per als m\u00e9s xicotets (fins a les 20.30 h).\u2022 Taller d&#8217;activitats i manualitats a c\u00e0rrec de l&#8217;AMPA del CEIP Blasco Ib\u00e1\u00f1ez.\u2022 Berenar amb orxata i [&hellip;]<\/p>\n","protected":false},"author":8,"featured_media":0,"parent":0,"menu_order":0,"comment_status":"closed","ping_status":"closed","template":"","meta":{"_et_pb_use_builder":"on","_et_pb_old_content":"","_et_gb_content_width":"","_mc_calendar":[],"footnotes":""},"wf_page_folders":[294],"class_list":["post-268649","page","type-page","status-publish","hentry"],"_links":{"self":[{"href":"https:\/\/museros.org\/inici\/wp-json\/wp\/v2\/pages\/268649","targetHints":{"allow":["GET"]}}],"collection":[{"href":"https:\/\/museros.org\/inici\/wp-json\/wp\/v2\/pages"}],"about":[{"href":"https:\/\/museros.org\/inici\/wp-json\/wp\/v2\/types\/page"}],"author":[{"embeddable":true,"href":"https:\/\/museros.org\/inici\/wp-json\/wp\/v2\/users\/8"}],"replies":[{"embeddable":true,"href":"https:\/\/museros.org\/inici\/wp-json\/wp\/v2\/comments?post=268649"}],"version-history":[{"count":2,"href":"https:\/\/museros.org\/inici\/wp-json\/wp\/v2\/pages\/268649\/revisions"}],"predecessor-version":[{"id":268657,"href":"https:\/\/museros.org\/inici\/wp-json\/wp\/v2\/pages\/268649\/revisions\/268657"}],"wp:attachment":[{"href":"https:\/\/museros.org\/inici\/wp-json\/wp\/v2\/media?parent=268649"}],"wp:term":[{"taxonomy":"wf_page_folders","embeddable":true,"href":"https:\/\/museros.org\/inici\/wp-json\/wp\/v2\/wf_page_folders?post=268649"}],"curies":[{"name":"wp","href":"https:\/\/api.w.org\/{rel}","templated":true}]}}

<p>[et_pb_section fb_built=»1&#8243; _builder_version=»4.16&#8243; _module_preset=»default» custom_padding=»0px||||false|false» locked=»off» global_colors_info=»{}» theme_builder_area=»post_content»][et_pb_row column_structure=»1_3,2_3&#8243; _builder_version=»4.16&#8243; _module_preset=»default» custom_margin=»0px||0px||false|false» custom_padding=»0px||0px||false|false» global_colors_info=»{}» theme_builder_area=»post_content»][et_pb_column type=»1_3&#8243; _builder_version=»4.16&#8243; _module_preset=»default» global_colors_info=»{}» theme_builder_area=»post_content»][et_pb_image src=»https://museros.org/wp-content/uploads/2021/08/logo-comerç-cl-230&#215;180-1.jpg» title_text=»logo-comerç-cl-230&#215;180&#8243; url=»https://museros.org/inici/area-de-comerc» use_overlay=»on» overlay_icon_color=»#E02B20&#8243; hover_overlay_color=»rgba(255,255,255,0.7)» hover_icon=»&#xe04d;||divi||400&#8243; align=»center» _builder_version=»4.17.3&#8243; _module_preset=»default» width=»100%» width_tablet=»» width_phone=»» width_last_edited=»on|phone» module_alignment=»center» custom_margin=»0px||0px||false|false» custom_padding=»0px||0px||false|false» global_colors_info=»{}» theme_builder_area=»post_content»][/et_pb_image][/et_pb_column][et_pb_column type=»2_3&#8243; _builder_version=»4.16&#8243; _module_preset=»default» global_colors_info=»{}» theme_builder_area=»post_content»][et_pb_image src=»https://museros.org/wp-content/uploads/2024/04/x-fira-800&#215;400-1.jpg» title_text=»x-fira-800&#215;400&#8243; _builder_version=»4.24.3&#8243; _module_preset=»default» hover_enabled=»0&#8243; global_colors_info=»{}» theme_builder_area=»post_content» sticky_enabled=»0&#8243;][/et_pb_image][et_pb_text _builder_version=»4.24.3&#8243; _module_preset=»default» theme_builder_area=»post_content» hover_enabled=»0&#8243; sticky_enabled=»0&#8243;]</p>
<h1>PROGRAMACIÓ</h1>
<p>DISSABTE 4<br />17.00 h<br />• Obertura de la X Fira del Comerç Local.<br />• Cercavila d’inauguració a càrrec del Grup de Tabals i Dolçaines La Huitena de Museros.<br />17.30 h<br />• Obertura dels inflables per als més xicotets (fins a les 20.30 h).<br />• Taller d&#8217;activitats i manualitats a càrrec de l&#8217;AMPA del CEIP Blasco Ibáñez.<br />• Berenar amb orxata i fartons.<br />21.30 h<br />• Sopar de pa i porta (l&#8217;organització facilitarà les cadires i les taules i oferirà cacaus, olives i papes).<br />23.00 h<br />• Playback interpretat per les falleres i els fallers de la Falla El Castell i de la Falla Museros.<br />24.00 h<br />• Tancament de la primera jornada de X Fira.</p>
<p>DIUMENGE 5<br />10.00 h<br />• Obertura de la fira. <br />11.00 h<br />• Obertura dels inflables per als més xicotets (fins a les 13.45 h). <br />12.00 h<br />• Concert a càrrec del Cor Parroquial Antonio Bolea. <br />14.00 h<br />• Degustació de la paella feta per la penya taurina taurina La Por. (Per a aquelles persones que hagen efectuat les seues compres en els estands de la fira i fins a esgotar els tiquets, amb compres igual o superior a 15 €, es podran agrupar els tiquets de les compres per a aconseguir aquest import). <br />17.00 h<br />• Obertura dels inflables per als mes xicotets (fins a les 19.00 h).<br />19.15 h<br />• Monòleg a càrrec d&#8217;Óscar Tramoyeres.<br />20.00 h<br />• Cercavila de fi de fira a càrrec del grup de tabals i dolçaines La Huitena.</p>
<p>En la X Fira trobareu, manualitats i activitats per a xiquets i xiquetes, inflables, descomptes, firma de llibres, concerts, playback, humor, orxata i, sobretot, els productes de qualitat dels comerços de Museros, oferits per grans professionals, no et perdes la X Fira de Comerç de Museros!</p>
<p>[/et_pb_text][et_pb_image src=»https://museros.org/wp-content/uploads/2022/04/plano-localitzacio-700.jpg» title_text=»plano-localitzacio-700&#8243; show_bottom_space=»off» src_tablet=»https://museros.org/wp-content/uploads/2022/04/plano-localitzacio-610.jpg» src_phone=»https://museros.org/wp-content/uploads/2022/04/plano-localitzacio-300.jpg» src_last_edited=»on|desktop» _builder_version=»4.17.3&#8243; _module_preset=»default» custom_margin=»40px||||false|false» global_colors_info=»{}» theme_builder_area=»post_content»][/et_pb_image][/et_pb_column][/et_pb_row][et_pb_row _builder_version=»4.16&#8243; _module_preset=»default» custom_margin=»50px||0px||false|false» custom_padding=»0px||0px||false|false» global_colors_info=»{}» theme_builder_area=»post_content»][et_pb_column type=»4_4&#8243; _builder_version=»4.16&#8243; _module_preset=»default» global_colors_info=»{}» theme_builder_area=»post_content»][et_pb_divider color=»#E02B20&#8243; divider_weight=»4px» _builder_version=»4.16&#8243; _module_preset=»default» custom_margin=»0px||0px||false|false» custom_padding=»0px||0px||false|false» global_colors_info=»{}» theme_builder_area=»post_content»][/et_pb_divider][/et_pb_column][/et_pb_row][/et_pb_section]</p>

<p>PROGRAMACIÓ DISSABTE 417.00 h• Obertura de la X Fira del Comerç Local.• Cercavila d’inauguració a càrrec del Grup de Tabals i Dolçaines La Huitena de Museros.17.30 h• Obertura dels inflables per als més xicotets (fins a les 20.30 h).• Taller d&#8217;activitats i manualitats a càrrec de l&#8217;AMPA del CEIP Blasco Ibáñez.• Berenar amb orxata i [&hellip;]</p>
