{"id":268602,"date":"2024-04-18T10:10:46","date_gmt":"2024-04-18T10:10:46","guid":{"rendered":"https:\/\/museros.org\/inici\/?page_id=268602"},"modified":"2024-04-18T15:19:23","modified_gmt":"2024-04-18T15:19:23","slug":"gracies-mama","status":"publish","type":"page","link":"https:\/\/museros.org\/inici\/gracies-mama\/","title":{"rendered":"Gr\u00e0cies mam\u00e0"},"content":{"rendered":"<p>[et_pb_section fb_built=\u00bb1&#8243; _builder_version=\u00bb4.16&#8243; _module_preset=\u00bbdefault\u00bb custom_padding=\u00bb0px||||false|false\u00bb locked=\u00bboff\u00bb global_colors_info=\u00bb{}\u00bb][et_pb_row column_structure=\u00bb1_3,2_3&#8243; _builder_version=\u00bb4.16&#8243; _module_preset=\u00bbdefault\u00bb custom_margin=\u00bb0px||0px||false|false\u00bb custom_padding=\u00bb0px||0px||false|false\u00bb global_colors_info=\u00bb{}\u00bb][et_pb_column type=\u00bb1_3&#8243; _builder_version=\u00bb4.16&#8243; _module_preset=\u00bbdefault\u00bb global_colors_info=\u00bb{}\u00bb][et_pb_image src=\u00bbhttps:\/\/museros.org\/wp-content\/uploads\/2021\/08\/logo-comerc\u0327-cl-230&#215;180-1.jpg\u00bb title_text=\u00bblogo-comerc\u0327-cl-230&#215;180&#8243; url=\u00bbhttps:\/\/museros.org\/inici\/area-de-comerc\u00bb use_overlay=\u00bbon\u00bb overlay_icon_color=\u00bb#E02B20&#8243; hover_overlay_color=\u00bbrgba(255,255,255,0.7)\u00bb hover_icon=\u00bb&#xe04d;||divi||400&#8243; align=\u00bbcenter\u00bb _builder_version=\u00bb4.17.3&#8243; _module_preset=\u00bbdefault\u00bb width=\u00bb100%\u00bb width_tablet=\u00bb\u00bb width_phone=\u00bb\u00bb width_last_edited=\u00bbon|phone\u00bb module_alignment=\u00bbcenter\u00bb custom_margin=\u00bb0px||0px||false|false\u00bb custom_padding=\u00bb0px||0px||false|false\u00bb global_colors_info=\u00bb{}\u00bb][\/et_pb_image][\/et_pb_column][et_pb_column type=\u00bb2_3&#8243; _builder_version=\u00bb4.16&#8243; _module_preset=\u00bbdefault\u00bb global_colors_info=\u00bb{}\u00bb][et_pb_image src=\u00bbhttps:\/\/museros.org\/wp-content\/uploads\/2024\/04\/gracies-mama-800&#215;300-1.jpg\u00bb title_text=\u00bbgracies-mama-800&#215;300&#8243; _builder_version=\u00bb4.24.3&#8243; _module_preset=\u00bbdefault\u00bb hover_enabled=\u00bb0&#8243; global_colors_info=\u00bb{}\u00bb align=\u00bbcenter\u00bb sticky_enabled=\u00bb0&#8243;][\/et_pb_image][et_pb_text _builder_version=\u00bb4.24.3&#8243; _module_preset=\u00bbdefault\u00bb custom_margin=\u00bb||||false|false\u00bb custom_padding=\u00bb||1px|0px|false|false\u00bb global_colors_info=\u00bb{}\u00bb]<\/p>\n<h2>Gr\u00e0cies mam\u00e0!<\/h2>\n<p>Sota el lema, Gr\u00e0cies mam\u00e0! i com \u00e9s habitual en estes dates, l&#8217;Ajuntament de Museros, mitjan\u00e7ant la Regidoria de Comer\u00e7, i conjuntament amb l&#8217;Associaci\u00f3 de Comerciants CAMU i l&#8217;entitat Caixa Popular, posen en marxa la campanya de comer\u00e7 amb motiu del Dia de la Mare, una campanya m\u00e9s, que continua incentivant els consumidors i les consumidores que realitzen les seues compres en el comer\u00e7 local, amb premis que poden aconseguir en realitzar les seues compres, o en utilitzar qualsevol dels serveis de professionals de Museros.\u00a0\u00a0\u00a0 <\/p>\n<p>Tots estos premis, en forma de targetes moneder, tornen a utilitzar-se en els nostres comer\u00e7os, de manera que es crea un tipus d&#8217;economia circular, esta nova campanya \u00e9s una continu\u00eftat de la l\u00ednia de treball de les anteriors, i que fins ara han estat portades a terme per l&#8217;Equip de Govern de l&#8217;Ajuntament de Museros, amb \u00a0l&#8217;Associaci\u00f3 de Comerciants CAMU i l&#8217;entitat Caixa Popular, per a secundar, defendre i incentivar el sector comercial tradicional, professional i de restauraci\u00f3 del nostre municipi, com a pilars fonamentals de la nostra economia.<\/p>\n<p>Esta campanya, coincidir\u00e0 amb la X Fira del Comer\u00e7 de Museros, en el Dia de la Mare i en les dates tradicionals de comunions, i \u00e9s per eixe motiu, que la campanya es realitzar\u00e0 des del 4 de maig, data d&#8217;inici de la Fira del Comer\u00e7, fins al 26 de maig. La campanya inclou el sorteig de 15 targetes moneder per valor de 50 \u20ac cadascuna, per a consumir en els comer\u00e7os associats a CAMU i en tots aquells que s&#8217;hagen adherit a la campanya.<\/p>\n<p>Estes targetes se sortejaran entre aquelles compres realitzades entre els dies 4 i 26 de maig, tots dos inclosos, en qualsevol comer\u00e7 de Museros, excepte grans franqu\u00edcies i grans superf\u00edcies.<\/p>\n<p>Les compres hauran de ser de 25 \u20ac com a m\u00ednim, i es podran acumular els tiquets fins a aconseguir eixe import, en el tiquet o en qualsevol document equivalent, hauran de figurar les dades del comer\u00e7, del professional o del local de restauraci\u00f3 on s&#8217;haja efectuat la despesa.<\/p>\n<p>Les persones usu\u00e0ries hauran de depositar els tiquets de compra o document equivalent, al lloc habilitat per a aix\u00f2 a l&#8217;Ajuntament, les persones que hi participen tamb\u00e9 hauran d\u2019indicar el nom i el tel\u00e8fon per a contactar amb elles en cas de resultar guanyadores.<\/p>\n<p>Els tiquets es depositaran a l&#8217;Ajuntament de Museros, en horari de 09.00 h a 14.00 h, fins al dia 27 de maig, els premis se sortejaran entre tots aquells tiquets o comprovants de la despesa que complisquen tots els requisits.<\/p>\n<p>El sorteig tindr\u00e0 lloc dimarts 11 de juny.<\/p>\n<p>El lliurament dels premis ser\u00e0 a la sala de plens de l&#8217;Ajuntament, dijous, 13 de juny, a les 19.00 h.<\/p>\n<p>&nbsp;<\/p>\n<p>&nbsp;<\/p>\n<p>[\/et_pb_text][\/et_pb_column][\/et_pb_row][et_pb_row _builder_version=\u00bb4.16&#8243; _module_preset=\u00bbdefault\u00bb custom_margin=\u00bb50px||0px||false|false\u00bb custom_padding=\u00bb0px||0px||false|false\u00bb global_colors_info=\u00bb{}\u00bb][et_pb_column type=\u00bb4_4&#8243; _builder_version=\u00bb4.16&#8243; _module_preset=\u00bbdefault\u00bb global_colors_info=\u00bb{}\u00bb][et_pb_divider color=\u00bb#E02B20&#8243; divider_weight=\u00bb4px\u00bb _builder_version=\u00bb4.16&#8243; _module_preset=\u00bbdefault\u00bb custom_margin=\u00bb0px||0px||false|false\u00bb custom_padding=\u00bb0px||0px||false|false\u00bb global_colors_info=\u00bb{}\u00bb][\/et_pb_divider][\/et_pb_column][\/et_pb_row][\/et_pb_section]<\/p>\n","protected":false},"excerpt":{"rendered":"<p>Gr\u00e0cies mam\u00e0! Sota el lema, Gr\u00e0cies mam\u00e0! i com \u00e9s habitual en estes dates, l&#8217;Ajuntament de Museros, mitjan\u00e7ant la Regidoria de Comer\u00e7, i conjuntament amb l&#8217;Associaci\u00f3 de Comerciants CAMU i l&#8217;entitat Caixa Popular, posen en marxa la campanya de comer\u00e7 amb motiu del Dia de la Mare, una campanya m\u00e9s, que continua incentivant els consumidors [&hellip;]<\/p>\n","protected":false},"author":8,"featured_media":0,"parent":0,"menu_order":0,"comment_status":"closed","ping_status":"closed","template":"","meta":{"_et_pb_use_builder":"on","_et_pb_old_content":"","_et_gb_content_width":"","_mc_calendar":[],"footnotes":""},"wf_page_folders":[294],"class_list":["post-268602","page","type-page","status-publish","hentry"],"_links":{"self":[{"href":"https:\/\/museros.org\/inici\/wp-json\/wp\/v2\/pages\/268602","targetHints":{"allow":["GET"]}}],"collection":[{"href":"https:\/\/museros.org\/inici\/wp-json\/wp\/v2\/pages"}],"about":[{"href":"https:\/\/museros.org\/inici\/wp-json\/wp\/v2\/types\/page"}],"author":[{"embeddable":true,"href":"https:\/\/museros.org\/inici\/wp-json\/wp\/v2\/users\/8"}],"replies":[{"embeddable":true,"href":"https:\/\/museros.org\/inici\/wp-json\/wp\/v2\/comments?post=268602"}],"version-history":[{"count":5,"href":"https:\/\/museros.org\/inici\/wp-json\/wp\/v2\/pages\/268602\/revisions"}],"predecessor-version":[{"id":268640,"href":"https:\/\/museros.org\/inici\/wp-json\/wp\/v2\/pages\/268602\/revisions\/268640"}],"wp:attachment":[{"href":"https:\/\/museros.org\/inici\/wp-json\/wp\/v2\/media?parent=268602"}],"wp:term":[{"taxonomy":"wf_page_folders","embeddable":true,"href":"https:\/\/museros.org\/inici\/wp-json\/wp\/v2\/wf_page_folders?post=268602"}],"curies":[{"name":"wp","href":"https:\/\/api.w.org\/{rel}","templated":true}]}}

Gràcies mamà

<p>[et_pb_section fb_built=»1&#8243; _builder_version=»4.16&#8243; _module_preset=»default» custom_padding=»0px||||false|false» locked=»off» global_colors_info=»{}»][et_pb_row column_structure=»1_3,2_3&#8243; _builder_version=»4.16&#8243; _module_preset=»default» custom_margin=»0px||0px||false|false» custom_padding=»0px||0px||false|false» global_colors_info=»{}»][et_pb_column type=»1_3&#8243; _builder_version=»4.16&#8243; _module_preset=»default» global_colors_info=»{}»][et_pb_image src=»https://museros.org/wp-content/uploads/2021/08/logo-comerç-cl-230&#215;180-1.jpg» title_text=»logo-comerç-cl-230&#215;180&#8243; url=»https://museros.org/inici/area-de-comerc» use_overlay=»on» overlay_icon_color=»#E02B20&#8243; hover_overlay_color=»rgba(255,255,255,0.7)» hover_icon=»&#xe04d;||divi||400&#8243; align=»center» _builder_version=»4.17.3&#8243; _module_preset=»default» width=»100%» width_tablet=»» width_phone=»» width_last_edited=»on|phone» module_alignment=»center» custom_margin=»0px||0px||false|false» custom_padding=»0px||0px||false|false» global_colors_info=»{}»][/et_pb_image][/et_pb_column][et_pb_column type=»2_3&#8243; _builder_version=»4.16&#8243; _module_preset=»default» global_colors_info=»{}»][et_pb_image src=»https://museros.org/wp-content/uploads/2024/04/gracies-mama-800&#215;300-1.jpg» title_text=»gracies-mama-800&#215;300&#8243; _builder_version=»4.24.3&#8243; _module_preset=»default» hover_enabled=»0&#8243; global_colors_info=»{}» align=»center» sticky_enabled=»0&#8243;][/et_pb_image][et_pb_text _builder_version=»4.24.3&#8243; _module_preset=»default» custom_margin=»||||false|false» custom_padding=»||1px|0px|false|false» global_colors_info=»{}»]</p>
<h2>Gràcies mamà!</h2>
<p>Sota el lema, Gràcies mamà! i com és habitual en estes dates, l&#8217;Ajuntament de Museros, mitjançant la Regidoria de Comerç, i conjuntament amb l&#8217;Associació de Comerciants CAMU i l&#8217;entitat Caixa Popular, posen en marxa la campanya de comerç amb motiu del Dia de la Mare, una campanya més, que continua incentivant els consumidors i les consumidores que realitzen les seues compres en el comerç local, amb premis que poden aconseguir en realitzar les seues compres, o en utilitzar qualsevol dels serveis de professionals de Museros.    </p>
<p>Tots estos premis, en forma de targetes moneder, tornen a utilitzar-se en els nostres comerços, de manera que es crea un tipus d&#8217;economia circular, esta nova campanya és una continuïtat de la línia de treball de les anteriors, i que fins ara han estat portades a terme per l&#8217;Equip de Govern de l&#8217;Ajuntament de Museros, amb  l&#8217;Associació de Comerciants CAMU i l&#8217;entitat Caixa Popular, per a secundar, defendre i incentivar el sector comercial tradicional, professional i de restauració del nostre municipi, com a pilars fonamentals de la nostra economia.</p>
<p>Esta campanya, coincidirà amb la X Fira del Comerç de Museros, en el Dia de la Mare i en les dates tradicionals de comunions, i és per eixe motiu, que la campanya es realitzarà des del 4 de maig, data d&#8217;inici de la Fira del Comerç, fins al 26 de maig. La campanya inclou el sorteig de 15 targetes moneder per valor de 50 € cadascuna, per a consumir en els comerços associats a CAMU i en tots aquells que s&#8217;hagen adherit a la campanya.</p>
<p>Estes targetes se sortejaran entre aquelles compres realitzades entre els dies 4 i 26 de maig, tots dos inclosos, en qualsevol comerç de Museros, excepte grans franquícies i grans superfícies.</p>
<p>Les compres hauran de ser de 25 € com a mínim, i es podran acumular els tiquets fins a aconseguir eixe import, en el tiquet o en qualsevol document equivalent, hauran de figurar les dades del comerç, del professional o del local de restauració on s&#8217;haja efectuat la despesa.</p>
<p>Les persones usuàries hauran de depositar els tiquets de compra o document equivalent, al lloc habilitat per a això a l&#8217;Ajuntament, les persones que hi participen també hauran d’indicar el nom i el telèfon per a contactar amb elles en cas de resultar guanyadores.</p>
<p>Els tiquets es depositaran a l&#8217;Ajuntament de Museros, en horari de 09.00 h a 14.00 h, fins al dia 27 de maig, els premis se sortejaran entre tots aquells tiquets o comprovants de la despesa que complisquen tots els requisits.</p>
<p>El sorteig tindrà lloc dimarts 11 de juny.</p>
<p>El lliurament dels premis serà a la sala de plens de l&#8217;Ajuntament, dijous, 13 de juny, a les 19.00 h.</p>
<p>&nbsp;</p>
<p>&nbsp;</p>
<p>[/et_pb_text][/et_pb_column][/et_pb_row][et_pb_row _builder_version=»4.16&#8243; _module_preset=»default» custom_margin=»50px||0px||false|false» custom_padding=»0px||0px||false|false» global_colors_info=»{}»][et_pb_column type=»4_4&#8243; _builder_version=»4.16&#8243; _module_preset=»default» global_colors_info=»{}»][et_pb_divider color=»#E02B20&#8243; divider_weight=»4px» _builder_version=»4.16&#8243; _module_preset=»default» custom_margin=»0px||0px||false|false» custom_padding=»0px||0px||false|false» global_colors_info=»{}»][/et_pb_divider][/et_pb_column][/et_pb_row][/et_pb_section]</p>

<p>Gràcies mamà! Sota el lema, Gràcies mamà! i com és habitual en estes dates, l&#8217;Ajuntament de Museros, mitjançant la Regidoria de Comerç, i conjuntament amb l&#8217;Associació de Comerciants CAMU i l&#8217;entitat Caixa Popular, posen en marxa la campanya de comerç amb motiu del Dia de la Mare, una campanya més, que continua incentivant els consumidors [&hellip;]</p>
