{"id":268356,"date":"2024-03-27T15:37:37","date_gmt":"2024-03-27T15:37:37","guid":{"rendered":"https:\/\/museros.org\/inici\/?page_id=268356"},"modified":"2024-04-09T10:56:10","modified_gmt":"2024-04-09T10:56:10","slug":"san-vicente-2024","status":"publish","type":"page","link":"https:\/\/museros.org\/inici\/es\/san-vicente-2024\/","title":{"rendered":"San Vicente 2024"},"content":{"rendered":"<p>[et_pb_section fb_built=\u00bb1&#8243; _builder_version=\u00bb4.16&#8243; _module_preset=\u00bbdefault\u00bb custom_margin=\u00bb0px||||false|false\u00bb custom_padding=\u00bb0px||||false|false\u00bb locked=\u00bboff\u00bb global_colors_info=\u00bb{}\u00bb][et_pb_row column_structure=\u00bb1_4,3_4&#8243; _builder_version=\u00bb4.16&#8243; _module_preset=\u00bbdefault\u00bb custom_margin=\u00bb0px||0px||false|false\u00bb custom_padding=\u00bb0px||0px||false|false\u00bb global_colors_info=\u00bb{}\u00bb][et_pb_column type=\u00bb1_4&#8243; _builder_version=\u00bb4.16&#8243; _module_preset=\u00bbdefault\u00bb global_colors_info=\u00bb{}\u00bb][et_pb_image src=\u00bbhttps:\/\/museros.org\/wp-content\/uploads\/2022\/12\/logo-fiestas-vl-cl-230&#215;115-1.jpg\u00bb title_text=\u00bblogo-festes-cl-230&#215;180&#8243; url=\u00bbhttps:\/\/museros.org\/inici\/es\/area-de-fiestas\u00bb use_overlay=\u00bbon\u00bb overlay_icon_color=\u00bb#E02B20&#8243; hover_overlay_color=\u00bbrgba(255,255,255,0.67)\u00bb hover_icon=\u00bb&#xe04d;||divi||400&#8243; _builder_version=\u00bb4.24.2&#8243; _module_preset=\u00bbdefault\u00bb global_colors_info=\u00bb{}\u00bb][\/et_pb_image][\/et_pb_column][et_pb_column type=\u00bb3_4&#8243; _builder_version=\u00bb4.16&#8243; _module_preset=\u00bbdefault\u00bb global_colors_info=\u00bb{}\u00bb][et_pb_text _builder_version=\u00bb4.24.2&#8243; _module_preset=\u00bbdefault\u00bb custom_margin=\u00bb40px||40px||false|false\u00bb global_colors_info=\u00bb{}\u00bb]<\/p>\n<h1>Sant Vicent 2024<\/h1>\n<p>Un a\u00f1o m\u00e1s, queremos compartir todas las actividades y eventos programados para la Fiesta de Sant Vicent de Museros, en las cuales podr\u00e9is participar del 2 al 8 de abril.<\/p>\n<p>Tambi\u00e9n os dejamos las normas y la documentaci\u00f3n necesaria para participar en las &#8216;passejada&#8217; y la &#8216;cord\u00e1.&#8217;<\/p>\n<p>\u00a1No os lo pod\u00e9is perder!<\/p>\n<p>&nbsp;<\/p>\n<p>[\/et_pb_text][et_pb_image src=\u00bbhttps:\/\/museros.org\/wp-content\/uploads\/2024\/03\/santvicent01.jpg\u00bb title_text=\u00bbsantvicent01&#8243; _builder_version=\u00bb4.24.2&#8243; _module_preset=\u00bbdefault\u00bb global_colors_info=\u00bb{}\u00bb][\/et_pb_image][et_pb_image src=\u00bbhttps:\/\/museros.org\/wp-content\/uploads\/2024\/03\/santvicent02.jpg\u00bb title_text=\u00bbsantvicent02&#8243; _builder_version=\u00bb4.24.2&#8243; _module_preset=\u00bbdefault\u00bb global_colors_info=\u00bb{}\u00bb][\/et_pb_image][et_pb_divider color=\u00bb#b5b5b5&#8243; divider_weight=\u00bb7px\u00bb _builder_version=\u00bb4.24.3&#8243; _module_preset=\u00bbdefault\u00bb hover_enabled=\u00bb0&#8243; global_colors_info=\u00bb{}\u00bb locked=\u00bboff\u00bb divider_style=\u00bbdotted\u00bb sticky_enabled=\u00bb0&#8243; custom_margin=\u00bb40px||||false|false\u00bb][\/et_pb_divider][et_pb_text _builder_version=\u00bb4.24.3&#8243; _module_preset=\u00bbdefault\u00bb hover_enabled=\u00bb0&#8243; sticky_enabled=\u00bb0&#8243;]<\/p>\n<h1>Galer\u00eda de fotos<\/h1>\n<p>[\/et_pb_text][et_pb_gallery gallery_ids=\u00bb268419,268418,268417,268416,268415,268414,268413,268412,268411,268410,268409,268408,268407,268406,268405,268404,268403,268402,268401,268400,268399,268398,268397,268396,268395,268394,268393,268392,268391&#8243; gallery_orderby=\u00bbrand\u00bb fullwidth=\u00bbon\u00bb admin_label=\u00bbGallery  gelatina\u00bb _builder_version=\u00bb4.24.3&#8243; _module_preset=\u00bbdefault\u00bb hover_enabled=\u00bb0&#8243; global_colors_info=\u00bb{}\u00bb locked=\u00bboff\u00bb sticky_enabled=\u00bb0&#8243;][\/et_pb_gallery][et_pb_divider color=\u00bb#b5b5b5&#8243; divider_weight=\u00bb7px\u00bb _builder_version=\u00bb4.24.3&#8243; _module_preset=\u00bbdefault\u00bb hover_enabled=\u00bb0&#8243; global_colors_info=\u00bb{}\u00bb locked=\u00bboff\u00bb divider_style=\u00bbdotted\u00bb sticky_enabled=\u00bb0&#8243; custom_margin=\u00bb40px||||false|false\u00bb][\/et_pb_divider][\/et_pb_column][\/et_pb_row][et_pb_row column_structure=\u00bb1_3,1_3,1_3&#8243; _builder_version=\u00bb4.24.2&#8243; _module_preset=\u00bbdefault\u00bb custom_margin=\u00bb40px||||false|false\u00bb global_colors_info=\u00bb{}\u00bb][et_pb_column type=\u00bb1_3&#8243; _builder_version=\u00bb4.24.2&#8243; _module_preset=\u00bbdefault\u00bb global_colors_info=\u00bb{}\u00bb][\/et_pb_column][et_pb_column type=\u00bb1_3&#8243; _builder_version=\u00bb4.24.2&#8243; _module_preset=\u00bbdefault\u00bb global_colors_info=\u00bb{}\u00bb][et_pb_button button_url=\u00bbhttps:\/\/museros.org\/wp-content\/uploads\/2024\/03\/Normes-actes-de-FOC.pdf\u00bb url_new_window=\u00bbon\u00bb button_text=\u00bbNormas PDF\u00bb _builder_version=\u00bb4.24.2&#8243; _module_preset=\u00bbdefault\u00bb global_colors_info=\u00bb{}\u00bb][\/et_pb_button][\/et_pb_column][et_pb_column type=\u00bb1_3&#8243; _builder_version=\u00bb4.24.2&#8243; _module_preset=\u00bbdefault\u00bb global_colors_info=\u00bb{}\u00bb][et_pb_button button_url=\u00bbhttps:\/\/museros.org\/wp-content\/uploads\/2024\/03\/Inscripcio-Cord-2024.pdf\u00bb url_new_window=\u00bbon\u00bb button_text=\u00bbInscripci\u00f3n PDF\u00bb _builder_version=\u00bb4.24.2&#8243; _module_preset=\u00bbdefault\u00bb global_colors_info=\u00bb{}\u00bb][\/et_pb_button][\/et_pb_column][\/et_pb_row][et_pb_row _builder_version=\u00bb4.16&#8243; _module_preset=\u00bbdefault\u00bb global_colors_info=\u00bb{}\u00bb][et_pb_column type=\u00bb4_4&#8243; _builder_version=\u00bb4.16&#8243; _module_preset=\u00bbdefault\u00bb global_colors_info=\u00bb{}\u00bb][et_pb_divider color=\u00bb#E02B20&#8243; divider_weight=\u00bb4px\u00bb _builder_version=\u00bb4.16&#8243; _module_preset=\u00bbdefault\u00bb global_colors_info=\u00bb{}\u00bb][\/et_pb_divider][\/et_pb_column][\/et_pb_row][\/et_pb_section]<\/p>\n","protected":false},"excerpt":{"rendered":"<p>Sant Vicent 2024 Un a\u00f1o m\u00e1s, queremos compartir todas las actividades y eventos programados para la Fiesta de Sant Vicent de Museros, en las cuales podr\u00e9is participar del 2 al 8 de abril. Tambi\u00e9n os dejamos las normas y la documentaci\u00f3n necesaria para participar en las &#8216;passejada&#8217; y la &#8216;cord\u00e1.&#8217; \u00a1No os lo pod\u00e9is perder! [&hellip;]<\/p>\n","protected":false},"author":8,"featured_media":0,"parent":0,"menu_order":0,"comment_status":"closed","ping_status":"closed","template":"","meta":{"_et_pb_use_builder":"on","_et_pb_old_content":"","_et_gb_content_width":"","_mc_calendar":[],"footnotes":""},"wf_page_folders":[175],"class_list":["post-268356","page","type-page","status-publish","hentry"],"_links":{"self":[{"href":"https:\/\/museros.org\/inici\/wp-json\/wp\/v2\/pages\/268356","targetHints":{"allow":["GET"]}}],"collection":[{"href":"https:\/\/museros.org\/inici\/wp-json\/wp\/v2\/pages"}],"about":[{"href":"https:\/\/museros.org\/inici\/wp-json\/wp\/v2\/types\/page"}],"author":[{"embeddable":true,"href":"https:\/\/museros.org\/inici\/wp-json\/wp\/v2\/users\/8"}],"replies":[{"embeddable":true,"href":"https:\/\/museros.org\/inici\/wp-json\/wp\/v2\/comments?post=268356"}],"version-history":[{"count":5,"href":"https:\/\/museros.org\/inici\/wp-json\/wp\/v2\/pages\/268356\/revisions"}],"predecessor-version":[{"id":268423,"href":"https:\/\/museros.org\/inici\/wp-json\/wp\/v2\/pages\/268356\/revisions\/268423"}],"wp:attachment":[{"href":"https:\/\/museros.org\/inici\/wp-json\/wp\/v2\/media?parent=268356"}],"wp:term":[{"taxonomy":"wf_page_folders","embeddable":true,"href":"https:\/\/museros.org\/inici\/wp-json\/wp\/v2\/wf_page_folders?post=268356"}],"curies":[{"name":"wp","href":"https:\/\/api.w.org\/{rel}","templated":true}]}}

<p>[et_pb_section fb_built=»1&#8243; _builder_version=»4.16&#8243; _module_preset=»default» custom_margin=»0px||||false|false» custom_padding=»0px||||false|false» locked=»off» global_colors_info=»{}»][et_pb_row column_structure=»1_4,3_4&#8243; _builder_version=»4.16&#8243; _module_preset=»default» custom_margin=»0px||0px||false|false» custom_padding=»0px||0px||false|false» global_colors_info=»{}»][et_pb_column type=»1_4&#8243; _builder_version=»4.16&#8243; _module_preset=»default» global_colors_info=»{}»][et_pb_image src=»https://museros.org/wp-content/uploads/2022/12/logo-fiestas-vl-cl-230&#215;115-1.jpg» title_text=»logo-festes-cl-230&#215;180&#8243; url=»https://museros.org/inici/es/area-de-fiestas» use_overlay=»on» overlay_icon_color=»#E02B20&#8243; hover_overlay_color=»rgba(255,255,255,0.67)» hover_icon=»&#xe04d;||divi||400&#8243; _builder_version=»4.24.2&#8243; _module_preset=»default» global_colors_info=»{}»][/et_pb_image][/et_pb_column][et_pb_column type=»3_4&#8243; _builder_version=»4.16&#8243; _module_preset=»default» global_colors_info=»{}»][et_pb_text _builder_version=»4.24.2&#8243; _module_preset=»default» custom_margin=»40px||40px||false|false» global_colors_info=»{}»]</p>
<h1>Sant Vicent 2024</h1>
<p>Un año más, queremos compartir todas las actividades y eventos programados para la Fiesta de Sant Vicent de Museros, en las cuales podréis participar del 2 al 8 de abril.</p>
<p>También os dejamos las normas y la documentación necesaria para participar en las &#8216;passejada&#8217; y la &#8216;cordá.&#8217;</p>
<p>¡No os lo podéis perder!</p>
<p>&nbsp;</p>
<p>[/et_pb_text][et_pb_image src=»https://museros.org/wp-content/uploads/2024/03/santvicent01.jpg» title_text=»santvicent01&#8243; _builder_version=»4.24.2&#8243; _module_preset=»default» global_colors_info=»{}»][/et_pb_image][et_pb_image src=»https://museros.org/wp-content/uploads/2024/03/santvicent02.jpg» title_text=»santvicent02&#8243; _builder_version=»4.24.2&#8243; _module_preset=»default» global_colors_info=»{}»][/et_pb_image][et_pb_divider color=»#b5b5b5&#8243; divider_weight=»7px» _builder_version=»4.24.3&#8243; _module_preset=»default» hover_enabled=»0&#8243; global_colors_info=»{}» locked=»off» divider_style=»dotted» sticky_enabled=»0&#8243; custom_margin=»40px||||false|false»][/et_pb_divider][et_pb_text _builder_version=»4.24.3&#8243; _module_preset=»default» hover_enabled=»0&#8243; sticky_enabled=»0&#8243;]</p>
<h1>Galería de fotos</h1>
<p>[/et_pb_text][et_pb_gallery gallery_ids=»268419,268418,268417,268416,268415,268414,268413,268412,268411,268410,268409,268408,268407,268406,268405,268404,268403,268402,268401,268400,268399,268398,268397,268396,268395,268394,268393,268392,268391&#8243; gallery_orderby=»rand» fullwidth=»on» admin_label=»Gallery  gelatina» _builder_version=»4.24.3&#8243; _module_preset=»default» hover_enabled=»0&#8243; global_colors_info=»{}» locked=»off» sticky_enabled=»0&#8243;][/et_pb_gallery][et_pb_divider color=»#b5b5b5&#8243; divider_weight=»7px» _builder_version=»4.24.3&#8243; _module_preset=»default» hover_enabled=»0&#8243; global_colors_info=»{}» locked=»off» divider_style=»dotted» sticky_enabled=»0&#8243; custom_margin=»40px||||false|false»][/et_pb_divider][/et_pb_column][/et_pb_row][et_pb_row column_structure=»1_3,1_3,1_3&#8243; _builder_version=»4.24.2&#8243; _module_preset=»default» custom_margin=»40px||||false|false» global_colors_info=»{}»][et_pb_column type=»1_3&#8243; _builder_version=»4.24.2&#8243; _module_preset=»default» global_colors_info=»{}»][/et_pb_column][et_pb_column type=»1_3&#8243; _builder_version=»4.24.2&#8243; _module_preset=»default» global_colors_info=»{}»][et_pb_button button_url=»https://museros.org/wp-content/uploads/2024/03/Normes-actes-de-FOC.pdf» url_new_window=»on» button_text=»Normas PDF» _builder_version=»4.24.2&#8243; _module_preset=»default» global_colors_info=»{}»][/et_pb_button][/et_pb_column][et_pb_column type=»1_3&#8243; _builder_version=»4.24.2&#8243; _module_preset=»default» global_colors_info=»{}»][et_pb_button button_url=»https://museros.org/wp-content/uploads/2024/03/Inscripcio-Cord-2024.pdf» url_new_window=»on» button_text=»Inscripción PDF» _builder_version=»4.24.2&#8243; _module_preset=»default» global_colors_info=»{}»][/et_pb_button][/et_pb_column][/et_pb_row][et_pb_row _builder_version=»4.16&#8243; _module_preset=»default» global_colors_info=»{}»][et_pb_column type=»4_4&#8243; _builder_version=»4.16&#8243; _module_preset=»default» global_colors_info=»{}»][et_pb_divider color=»#E02B20&#8243; divider_weight=»4px» _builder_version=»4.16&#8243; _module_preset=»default» global_colors_info=»{}»][/et_pb_divider][/et_pb_column][/et_pb_row][/et_pb_section]</p>

<p>Sant Vicent 2024 Un año más, queremos compartir todas las actividades y eventos programados para la Fiesta de Sant Vicent de Museros, en las cuales podréis participar del 2 al 8 de abril. También os dejamos las normas y la documentación necesaria para participar en las &#8216;passejada&#8217; y la &#8216;cordá.&#8217; ¡No os lo podéis perder! [&hellip;]</p>
