{"id":268107,"date":"2024-02-26T17:10:47","date_gmt":"2024-02-26T17:10:47","guid":{"rendered":"https:\/\/museros.org\/inici\/?page_id=268107"},"modified":"2024-02-26T17:10:48","modified_gmt":"2024-02-26T17:10:48","slug":"millor-pare-2024","status":"publish","type":"page","link":"https:\/\/museros.org\/inici\/millor-pare-2024\/","title":{"rendered":"Millor pare 2024"},"content":{"rendered":"<p>[et_pb_section fb_built=\u00bb1&#8243; _builder_version=\u00bb4.16&#8243; _module_preset=\u00bbdefault\u00bb custom_padding=\u00bb0px||||false|false\u00bb locked=\u00bboff\u00bb global_colors_info=\u00bb{}\u00bb theme_builder_area=\u00bbpost_content\u00bb][et_pb_row column_structure=\u00bb1_3,2_3&#8243; _builder_version=\u00bb4.16&#8243; _module_preset=\u00bbdefault\u00bb custom_margin=\u00bb0px||0px||false|false\u00bb custom_padding=\u00bb0px||0px||false|false\u00bb global_colors_info=\u00bb{}\u00bb theme_builder_area=\u00bbpost_content\u00bb][et_pb_column type=\u00bb1_3&#8243; _builder_version=\u00bb4.16&#8243; _module_preset=\u00bbdefault\u00bb global_colors_info=\u00bb{}\u00bb theme_builder_area=\u00bbpost_content\u00bb][et_pb_image src=\u00bbhttps:\/\/museros.org\/wp-content\/uploads\/2021\/08\/logo-comerc\u0327-cl-230&#215;180-1.jpg\u00bb title_text=\u00bblogo-comerc\u0327-cl-230&#215;180&#8243; url=\u00bbhttps:\/\/museros.org\/inici\/area-de-comerc\u00bb use_overlay=\u00bbon\u00bb overlay_icon_color=\u00bb#E02B20&#8243; hover_overlay_color=\u00bbrgba(255,255,255,0.7)\u00bb hover_icon=\u00bb&#xe04d;||divi||400&#8243; align=\u00bbcenter\u00bb _builder_version=\u00bb4.17.3&#8243; _module_preset=\u00bbdefault\u00bb width=\u00bb100%\u00bb width_tablet=\u00bb\u00bb width_phone=\u00bb\u00bb width_last_edited=\u00bbon|phone\u00bb module_alignment=\u00bbcenter\u00bb custom_margin=\u00bb0px||0px||false|false\u00bb custom_padding=\u00bb0px||0px||false|false\u00bb global_colors_info=\u00bb{}\u00bb theme_builder_area=\u00bbpost_content\u00bb][\/et_pb_image][\/et_pb_column][et_pb_column type=\u00bb2_3&#8243; _builder_version=\u00bb4.16&#8243; _module_preset=\u00bbdefault\u00bb global_colors_info=\u00bb{}\u00bb theme_builder_area=\u00bbpost_content\u00bb][et_pb_image src=\u00bbhttps:\/\/museros.org\/wp-content\/uploads\/2024\/02\/millorpare-800&#215;400-1.jpg\u00bb title_text=\u00bbmillorpare-800&#215;400&#8243; _builder_version=\u00bb4.24.2&#8243; _module_preset=\u00bbdefault\u00bb hover_enabled=\u00bb0&#8243; global_colors_info=\u00bb{}\u00bb theme_builder_area=\u00bbpost_content\u00bb sticky_enabled=\u00bb0&#8243;][\/et_pb_image][et_pb_text _builder_version=\u00bb4.24.2&#8243; _module_preset=\u00bbdefault\u00bb custom_margin=\u00bb||||false|false\u00bb custom_padding=\u00bb||1px|0px|false|false\u00bb hover_enabled=\u00bb0&#8243; global_colors_info=\u00bb{}\u00bb theme_builder_area=\u00bbpost_content\u00bb sticky_enabled=\u00bb0&#8243;]<\/p>\n<h2>El millor pare!<\/h2>\n<p>Sota el lema El millor pare, i com ja \u00e9s habitual en aquestes dates, l&#8217;Ajuntament de Museros, i en concret, la Regidoria de Comer\u00e7, amb la col\u00b7laboraci\u00f3 de l&#8217;Associaci\u00f3 de Comerciants CAMU i de l&#8217;entitat Caixa Popular, posen en marxa una nova campanya de comer\u00e7; en aquesta ocasi\u00f3, amb motiu de la celebraci\u00f3 del Dia del Pare, amb la idea de continuar incentivant els consumidors i les consumidores, amb premis que poden aconseguir en realitzar les seues compres d&#8217;una manera responsable, al comer\u00e7 local, o en utilitzar qualsevol dels serveis de professionals o de restauraci\u00f3 de Museros, que pr\u00e8viament s&#8217;hagen adherit a la campanya.<\/p>\n<p>D\u2019altra banda, aquests premis tornen a utilitzar-se, als nostres comer\u00e7os, per crear, aix\u00ed, un tipus d&#8217;economia circular, aquesta nova iniciativa \u00e9s una continu\u00eftat de la l\u00ednia de treball que fins ara ha mantingut l&#8217;Equip de Govern de l&#8217;Ajuntament de Museros, juntament amb l&#8217;Associaci\u00f3 de Comerciants CAMU i l&#8217;entitat Caixa Popular, per a secundar, defendre i incentivar el sector comercial tradicional, professional i de restauraci\u00f3 del nostre municipi, sectors essencials de la nostra economia.<\/p>\n<p>Aquesta campanya, en la qual es convida els ciutadans i les ciutadanes a realitzar les seues compres als comer\u00e7os de Museros, inclou el sorteig de 15 targetes moneder per valor de 50 \u20ac cadascuna, per a consumir als comer\u00e7os associats a CAMU i en tots aquells que s&#8217;hagen adherit a la campanya.<\/p>\n<p>Aquestes targetes se sortejaran entre aquelles compres realitzades entre els dies 4 i 20 de mar\u00e7, tots dos inclosos, en qualsevol comer\u00e7 de Museros, excepte les grans franqu\u00edcies i les grans superf\u00edcies.<\/p>\n<p>Les compres hauran de ser de 15 \u20ac com a m\u00ednim, i es podran acumular els tiquets fins a aconseguir aquest import. Les persones usu\u00e0ries hauran de depositar els tiquets de compra, o document equivalent, al lloc habilitat per a aix\u00f2 a l&#8217;Ajuntament, i aquelles que participen en la campanya hauran d\u2019indicar el nom complet i el tel\u00e8fon per tal de contactar amb elles, \u00a0per si foren guanyadores.<\/p>\n<p>En el tiquet, o en qualsevol document equivalent, hauran de figurar les dades del comer\u00e7, del professional o del local de restauraci\u00f3 on s&#8217;haja efectuat la despesa.<\/p>\n<p>Els tiquets es depositaran a l&#8217;Ajuntament de Museros, al lloc habilitat per a aquesta finalitat, en horari de 09.00 h a 14.00 h, fins al 20 de mar\u00e7; els premis se sortejaran entre tots aquells tiquets o comprovants de la despesa que complisquen tots els requisits.<\/p>\n<p>El sorteig tindr\u00e0 lloc dijous 21 de mar\u00e7.<\/p>\n<p>El lliurament de premis ser\u00e0 a la sala de plens de l&#8217;Ajuntament, dijous, 11 d&#8217;abril, a les 20.00 h.<\/p>\n<p>&nbsp;<\/p>\n<p>[\/et_pb_text][\/et_pb_column][\/et_pb_row][et_pb_row _builder_version=\u00bb4.16&#8243; _module_preset=\u00bbdefault\u00bb custom_margin=\u00bb50px||0px||false|false\u00bb custom_padding=\u00bb0px||0px||false|false\u00bb global_colors_info=\u00bb{}\u00bb theme_builder_area=\u00bbpost_content\u00bb][et_pb_column type=\u00bb4_4&#8243; _builder_version=\u00bb4.16&#8243; _module_preset=\u00bbdefault\u00bb global_colors_info=\u00bb{}\u00bb theme_builder_area=\u00bbpost_content\u00bb][et_pb_divider color=\u00bb#E02B20&#8243; divider_weight=\u00bb4px\u00bb _builder_version=\u00bb4.16&#8243; _module_preset=\u00bbdefault\u00bb custom_margin=\u00bb0px||0px||false|false\u00bb custom_padding=\u00bb0px||0px||false|false\u00bb global_colors_info=\u00bb{}\u00bb theme_builder_area=\u00bbpost_content\u00bb][\/et_pb_divider][\/et_pb_column][\/et_pb_row][\/et_pb_section]<\/p>\n","protected":false},"excerpt":{"rendered":"<p>El millor pare! Sota el lema El millor pare, i com ja \u00e9s habitual en aquestes dates, l&#8217;Ajuntament de Museros, i en concret, la Regidoria de Comer\u00e7, amb la col\u00b7laboraci\u00f3 de l&#8217;Associaci\u00f3 de Comerciants CAMU i de l&#8217;entitat Caixa Popular, posen en marxa una nova campanya de comer\u00e7; en aquesta ocasi\u00f3, amb motiu de la [&hellip;]<\/p>\n","protected":false},"author":8,"featured_media":0,"parent":0,"menu_order":0,"comment_status":"closed","ping_status":"closed","template":"","meta":{"_et_pb_use_builder":"on","_et_pb_old_content":"","_et_gb_content_width":"","_mc_calendar":[],"footnotes":""},"wf_page_folders":[294],"class_list":["post-268107","page","type-page","status-publish","hentry"],"_links":{"self":[{"href":"https:\/\/museros.org\/inici\/wp-json\/wp\/v2\/pages\/268107","targetHints":{"allow":["GET"]}}],"collection":[{"href":"https:\/\/museros.org\/inici\/wp-json\/wp\/v2\/pages"}],"about":[{"href":"https:\/\/museros.org\/inici\/wp-json\/wp\/v2\/types\/page"}],"author":[{"embeddable":true,"href":"https:\/\/museros.org\/inici\/wp-json\/wp\/v2\/users\/8"}],"replies":[{"embeddable":true,"href":"https:\/\/museros.org\/inici\/wp-json\/wp\/v2\/comments?post=268107"}],"version-history":[{"count":2,"href":"https:\/\/museros.org\/inici\/wp-json\/wp\/v2\/pages\/268107\/revisions"}],"predecessor-version":[{"id":268110,"href":"https:\/\/museros.org\/inici\/wp-json\/wp\/v2\/pages\/268107\/revisions\/268110"}],"wp:attachment":[{"href":"https:\/\/museros.org\/inici\/wp-json\/wp\/v2\/media?parent=268107"}],"wp:term":[{"taxonomy":"wf_page_folders","embeddable":true,"href":"https:\/\/museros.org\/inici\/wp-json\/wp\/v2\/wf_page_folders?post=268107"}],"curies":[{"name":"wp","href":"https:\/\/api.w.org\/{rel}","templated":true}]}}

<p>[et_pb_section fb_built=»1&#8243; _builder_version=»4.16&#8243; _module_preset=»default» custom_padding=»0px||||false|false» locked=»off» global_colors_info=»{}» theme_builder_area=»post_content»][et_pb_row column_structure=»1_3,2_3&#8243; _builder_version=»4.16&#8243; _module_preset=»default» custom_margin=»0px||0px||false|false» custom_padding=»0px||0px||false|false» global_colors_info=»{}» theme_builder_area=»post_content»][et_pb_column type=»1_3&#8243; _builder_version=»4.16&#8243; _module_preset=»default» global_colors_info=»{}» theme_builder_area=»post_content»][et_pb_image src=»https://museros.org/wp-content/uploads/2021/08/logo-comerç-cl-230&#215;180-1.jpg» title_text=»logo-comerç-cl-230&#215;180&#8243; url=»https://museros.org/inici/area-de-comerc» use_overlay=»on» overlay_icon_color=»#E02B20&#8243; hover_overlay_color=»rgba(255,255,255,0.7)» hover_icon=»&#xe04d;||divi||400&#8243; align=»center» _builder_version=»4.17.3&#8243; _module_preset=»default» width=»100%» width_tablet=»» width_phone=»» width_last_edited=»on|phone» module_alignment=»center» custom_margin=»0px||0px||false|false» custom_padding=»0px||0px||false|false» global_colors_info=»{}» theme_builder_area=»post_content»][/et_pb_image][/et_pb_column][et_pb_column type=»2_3&#8243; _builder_version=»4.16&#8243; _module_preset=»default» global_colors_info=»{}» theme_builder_area=»post_content»][et_pb_image src=»https://museros.org/wp-content/uploads/2024/02/millorpare-800&#215;400-1.jpg» title_text=»millorpare-800&#215;400&#8243; _builder_version=»4.24.2&#8243; _module_preset=»default» hover_enabled=»0&#8243; global_colors_info=»{}» theme_builder_area=»post_content» sticky_enabled=»0&#8243;][/et_pb_image][et_pb_text _builder_version=»4.24.2&#8243; _module_preset=»default» custom_margin=»||||false|false» custom_padding=»||1px|0px|false|false» hover_enabled=»0&#8243; global_colors_info=»{}» theme_builder_area=»post_content» sticky_enabled=»0&#8243;]</p>
<h2>El millor pare!</h2>
<p>Sota el lema El millor pare, i com ja és habitual en aquestes dates, l&#8217;Ajuntament de Museros, i en concret, la Regidoria de Comerç, amb la col·laboració de l&#8217;Associació de Comerciants CAMU i de l&#8217;entitat Caixa Popular, posen en marxa una nova campanya de comerç; en aquesta ocasió, amb motiu de la celebració del Dia del Pare, amb la idea de continuar incentivant els consumidors i les consumidores, amb premis que poden aconseguir en realitzar les seues compres d&#8217;una manera responsable, al comerç local, o en utilitzar qualsevol dels serveis de professionals o de restauració de Museros, que prèviament s&#8217;hagen adherit a la campanya.</p>
<p>D’altra banda, aquests premis tornen a utilitzar-se, als nostres comerços, per crear, així, un tipus d&#8217;economia circular, aquesta nova iniciativa és una continuïtat de la línia de treball que fins ara ha mantingut l&#8217;Equip de Govern de l&#8217;Ajuntament de Museros, juntament amb l&#8217;Associació de Comerciants CAMU i l&#8217;entitat Caixa Popular, per a secundar, defendre i incentivar el sector comercial tradicional, professional i de restauració del nostre municipi, sectors essencials de la nostra economia.</p>
<p>Aquesta campanya, en la qual es convida els ciutadans i les ciutadanes a realitzar les seues compres als comerços de Museros, inclou el sorteig de 15 targetes moneder per valor de 50 € cadascuna, per a consumir als comerços associats a CAMU i en tots aquells que s&#8217;hagen adherit a la campanya.</p>
<p>Aquestes targetes se sortejaran entre aquelles compres realitzades entre els dies 4 i 20 de març, tots dos inclosos, en qualsevol comerç de Museros, excepte les grans franquícies i les grans superfícies.</p>
<p>Les compres hauran de ser de 15 € com a mínim, i es podran acumular els tiquets fins a aconseguir aquest import. Les persones usuàries hauran de depositar els tiquets de compra, o document equivalent, al lloc habilitat per a això a l&#8217;Ajuntament, i aquelles que participen en la campanya hauran d’indicar el nom complet i el telèfon per tal de contactar amb elles,  per si foren guanyadores.</p>
<p>En el tiquet, o en qualsevol document equivalent, hauran de figurar les dades del comerç, del professional o del local de restauració on s&#8217;haja efectuat la despesa.</p>
<p>Els tiquets es depositaran a l&#8217;Ajuntament de Museros, al lloc habilitat per a aquesta finalitat, en horari de 09.00 h a 14.00 h, fins al 20 de març; els premis se sortejaran entre tots aquells tiquets o comprovants de la despesa que complisquen tots els requisits.</p>
<p>El sorteig tindrà lloc dijous 21 de març.</p>
<p>El lliurament de premis serà a la sala de plens de l&#8217;Ajuntament, dijous, 11 d&#8217;abril, a les 20.00 h.</p>
<p>&nbsp;</p>
<p>[/et_pb_text][/et_pb_column][/et_pb_row][et_pb_row _builder_version=»4.16&#8243; _module_preset=»default» custom_margin=»50px||0px||false|false» custom_padding=»0px||0px||false|false» global_colors_info=»{}» theme_builder_area=»post_content»][et_pb_column type=»4_4&#8243; _builder_version=»4.16&#8243; _module_preset=»default» global_colors_info=»{}» theme_builder_area=»post_content»][et_pb_divider color=»#E02B20&#8243; divider_weight=»4px» _builder_version=»4.16&#8243; _module_preset=»default» custom_margin=»0px||0px||false|false» custom_padding=»0px||0px||false|false» global_colors_info=»{}» theme_builder_area=»post_content»][/et_pb_divider][/et_pb_column][/et_pb_row][/et_pb_section]</p>

<p>El millor pare! Sota el lema El millor pare, i com ja és habitual en aquestes dates, l&#8217;Ajuntament de Museros, i en concret, la Regidoria de Comerç, amb la col·laboració de l&#8217;Associació de Comerciants CAMU i de l&#8217;entitat Caixa Popular, posen en marxa una nova campanya de comerç; en aquesta ocasió, amb motiu de la [&hellip;]</p>
