{"id":267869,"date":"2024-02-11T17:31:36","date_gmt":"2024-02-11T17:31:36","guid":{"rendered":"https:\/\/museros.org\/inici\/?page_id=267869"},"modified":"2025-06-01T19:43:07","modified_gmt":"2025-06-01T19:43:07","slug":"escola-destiu-2021","status":"publish","type":"page","link":"https:\/\/museros.org\/inici\/escola-destiu-2021\/","title":{"rendered":"Escola d&#8217;estiu 2021"},"content":{"rendered":"<p>[et_pb_section fb_built=\u00bb1&#8243; _builder_version=\u00bb4.21.0&#8243; _module_preset=\u00bbdefault\u00bb locked=\u00bboff\u00bb global_colors_info=\u00bb{}\u00bb][et_pb_row column_structure=\u00bb1_4,3_4&#8243; _builder_version=\u00bb4.21.0&#8243; _module_preset=\u00bbdefault\u00bb custom_margin=\u00bb0px||||false|false\u00bb custom_padding=\u00bb||||false|false\u00bb locked=\u00bboff\u00bb global_colors_info=\u00bb{}\u00bb][et_pb_column type=\u00bb1_4&#8243; _builder_version=\u00bb4.16&#8243; _module_preset=\u00bbdefault\u00bb global_colors_info=\u00bb{}\u00bb][et_pb_image src=\u00bbhttps:\/\/museros.org\/wp-content\/uploads\/2022\/03\/escola-destiu-180&#215;230-1.jpg\u00bb title_text=\u00bbescola-destiu-180&#215;230&#8243; url=\u00bbhttps:\/\/museros.org\/inici\/activitats-deducacio\/\u00bb use_overlay=\u00bbon\u00bb overlay_icon_color=\u00bb#E02B20&#8243; hover_overlay_color=\u00bbrgba(255,255,255,0.7)\u00bb hover_icon=\u00bb&#xe04d;||divi||400&#8243; align=\u00bbcenter\u00bb admin_label=\u00bb\u00e0rea educaio\u00bb _builder_version=\u00bb4.27.4&#8243; _module_preset=\u00bbdefault\u00bb module_alignment=\u00bbcenter\u00bb hover_enabled=\u00bb0&#8243; locked=\u00bboff\u00bb global_colors_info=\u00bb{}\u00bb sticky_enabled=\u00bb0&#8243;][\/et_pb_image][\/et_pb_column][et_pb_column type=\u00bb3_4&#8243; _builder_version=\u00bb4.16&#8243; _module_preset=\u00bbdefault\u00bb global_colors_info=\u00bb{}\u00bb][et_pb_image src=\u00bbhttps:\/\/museros.org\/wp-content\/uploads\/2024\/02\/escola-estiu-2021.jpeg\u00bb title_text=\u00bbescola estiu 2021&#8243; _builder_version=\u00bb4.24.0&#8243; _module_preset=\u00bbdefault\u00bb global_colors_info=\u00bb{}\u00bb][\/et_pb_image][et_pb_text _builder_version=\u00bb4.24.0&#8243; _module_preset=\u00bbdefault\u00bb global_colors_info=\u00bb{}\u00bb]<\/p>\n<h1 class=\"p1\"><span class=\"s1\">ESCOLA D&#8217;ESTIU 2021<\/span><\/h1>\n<p class=\"p1\"><span class=\"s1\">\u00a0Informem que totes les persones que han sol\u00b7licitat participar a l&#8217;Escola d&#8217;estiu 2021 dins del termini estipulat han estat admeses.<\/span><\/p>\n<p class=\"p1\"><span class=\"s1\">Es convoca les fam\u00edlies, nom\u00e9s un familiar per participant per q\u00fcesti\u00f3 d&#8217;aforaments, a l&#8217;acte de presentaci\u00f3 de l&#8217;Escola d&#8217;Estiu que tindr\u00e0 lloc el pr\u00f2xim dimarts 29 de juny a les 19.00 h a la Casa de Cultura de Museros.<\/span><\/p>\n<p class=\"p1\"><span class=\"s1\">\u00a0S&#8217;informar\u00e0 de la programaci\u00f3 d&#8217;activitats, dels protocols a seguir i dels aspectes m\u00e9s rellevants referents al desenvolupament de l&#8217;activitat. Vos esperem.<\/span><\/p>\n<p class=\"p1\"><span class=\"s1\">Escola d&#8217;estiu: 90 \u20ac<br \/>Matinera: 20 \u20ac<br \/>Menjador: 100 \u20ac<br \/>Vespertina: Gratu\u00efta<\/span><\/p>\n<p>[\/et_pb_text][\/et_pb_column][\/et_pb_row][et_pb_row column_structure=\u00bb1_4,3_4&#8243; _builder_version=\u00bb4.21.0&#8243; _module_preset=\u00bbdefault\u00bb global_colors_info=\u00bb{}\u00bb][et_pb_column type=\u00bb1_4&#8243; _builder_version=\u00bb4.21.0&#8243; _module_preset=\u00bbdefault\u00bb global_colors_info=\u00bb{}\u00bb][\/et_pb_column][et_pb_column type=\u00bb3_4&#8243; _builder_version=\u00bb4.21.0&#8243; _module_preset=\u00bbdefault\u00bb global_colors_info=\u00bb{}\u00bb][et_pb_button button_url=\u00bbhttps:\/\/museros.org\/inici\/otam-en-linia\/\u00bb button_text=\u00bbSeu electr\u00f2nica\u00bb _builder_version=\u00bb4.21.0&#8243; _module_preset=\u00bbdefault\u00bb global_colors_info=\u00bb{}\u00bb][\/et_pb_button][\/et_pb_column][\/et_pb_row][et_pb_row _builder_version=\u00bb4.21.0&#8243; _module_preset=\u00bbdefault\u00bb locked=\u00bboff\u00bb global_colors_info=\u00bb{}\u00bb][et_pb_column type=\u00bb4_4&#8243; _builder_version=\u00bb4.21.0&#8243; _module_preset=\u00bbdefault\u00bb global_colors_info=\u00bb{}\u00bb][et_pb_divider color=\u00bb#E02B20&#8243; divider_weight=\u00bb4px\u00bb _builder_version=\u00bb4.21.0&#8243; _module_preset=\u00bbdefault\u00bb global_colors_info=\u00bb{}\u00bb][\/et_pb_divider][\/et_pb_column][\/et_pb_row][\/et_pb_section]<\/p>\n","protected":false},"excerpt":{"rendered":"<p>ESCOLA D&#8217;ESTIU 2021 \u00a0Informem que totes les persones que han sol\u00b7licitat participar a l&#8217;Escola d&#8217;estiu 2021 dins del termini estipulat han estat admeses. Es convoca les fam\u00edlies, nom\u00e9s un familiar per participant per q\u00fcesti\u00f3 d&#8217;aforaments, a l&#8217;acte de presentaci\u00f3 de l&#8217;Escola d&#8217;Estiu que tindr\u00e0 lloc el pr\u00f2xim dimarts 29 de juny a les 19.00 h [&hellip;]<\/p>\n","protected":false},"author":8,"featured_media":0,"parent":0,"menu_order":0,"comment_status":"closed","ping_status":"closed","template":"","meta":{"_et_pb_use_builder":"on","_et_pb_old_content":"","_et_gb_content_width":"","_mc_calendar":[],"footnotes":""},"wf_page_folders":[298],"class_list":["post-267869","page","type-page","status-publish","hentry"],"_links":{"self":[{"href":"https:\/\/museros.org\/inici\/wp-json\/wp\/v2\/pages\/267869","targetHints":{"allow":["GET"]}}],"collection":[{"href":"https:\/\/museros.org\/inici\/wp-json\/wp\/v2\/pages"}],"about":[{"href":"https:\/\/museros.org\/inici\/wp-json\/wp\/v2\/types\/page"}],"author":[{"embeddable":true,"href":"https:\/\/museros.org\/inici\/wp-json\/wp\/v2\/users\/8"}],"replies":[{"embeddable":true,"href":"https:\/\/museros.org\/inici\/wp-json\/wp\/v2\/comments?post=267869"}],"version-history":[{"count":6,"href":"https:\/\/museros.org\/inici\/wp-json\/wp\/v2\/pages\/267869\/revisions"}],"predecessor-version":[{"id":275059,"href":"https:\/\/museros.org\/inici\/wp-json\/wp\/v2\/pages\/267869\/revisions\/275059"}],"wp:attachment":[{"href":"https:\/\/museros.org\/inici\/wp-json\/wp\/v2\/media?parent=267869"}],"wp:term":[{"taxonomy":"wf_page_folders","embeddable":true,"href":"https:\/\/museros.org\/inici\/wp-json\/wp\/v2\/wf_page_folders?post=267869"}],"curies":[{"name":"wp","href":"https:\/\/api.w.org\/{rel}","templated":true}]}}

<p>[et_pb_section fb_built=»1&#8243; _builder_version=»4.21.0&#8243; _module_preset=»default» locked=»off» global_colors_info=»{}»][et_pb_row column_structure=»1_4,3_4&#8243; _builder_version=»4.21.0&#8243; _module_preset=»default» custom_margin=»0px||||false|false» custom_padding=»||||false|false» locked=»off» global_colors_info=»{}»][et_pb_column type=»1_4&#8243; _builder_version=»4.16&#8243; _module_preset=»default» global_colors_info=»{}»][et_pb_image src=»https://museros.org/wp-content/uploads/2022/03/escola-destiu-180&#215;230-1.jpg» title_text=»escola-destiu-180&#215;230&#8243; url=»https://museros.org/inici/activitats-deducacio/» use_overlay=»on» overlay_icon_color=»#E02B20&#8243; hover_overlay_color=»rgba(255,255,255,0.7)» hover_icon=»&#xe04d;||divi||400&#8243; align=»center» admin_label=»àrea educaio» _builder_version=»4.27.4&#8243; _module_preset=»default» module_alignment=»center» hover_enabled=»0&#8243; locked=»off» global_colors_info=»{}» sticky_enabled=»0&#8243;][/et_pb_image][/et_pb_column][et_pb_column type=»3_4&#8243; _builder_version=»4.16&#8243; _module_preset=»default» global_colors_info=»{}»][et_pb_image src=»https://museros.org/wp-content/uploads/2024/02/escola-estiu-2021.jpeg» title_text=»escola estiu 2021&#8243; _builder_version=»4.24.0&#8243; _module_preset=»default» global_colors_info=»{}»][/et_pb_image][et_pb_text _builder_version=»4.24.0&#8243; _module_preset=»default» global_colors_info=»{}»]</p>
<h1 class="p1"><span class="s1">ESCOLA D&#8217;ESTIU 2021</span></h1>
<p class="p1"><span class="s1"> Informem que totes les persones que han sol·licitat participar a l&#8217;Escola d&#8217;estiu 2021 dins del termini estipulat han estat admeses.</span></p>
<p class="p1"><span class="s1">Es convoca les famílies, només un familiar per participant per qüestió d&#8217;aforaments, a l&#8217;acte de presentació de l&#8217;Escola d&#8217;Estiu que tindrà lloc el pròxim dimarts 29 de juny a les 19.00 h a la Casa de Cultura de Museros.</span></p>
<p class="p1"><span class="s1"> S&#8217;informarà de la programació d&#8217;activitats, dels protocols a seguir i dels aspectes més rellevants referents al desenvolupament de l&#8217;activitat. Vos esperem.</span></p>
<p class="p1"><span class="s1">Escola d&#8217;estiu: 90 €<br />Matinera: 20 €<br />Menjador: 100 €<br />Vespertina: Gratuïta</span></p>
<p>[/et_pb_text][/et_pb_column][/et_pb_row][et_pb_row column_structure=»1_4,3_4&#8243; _builder_version=»4.21.0&#8243; _module_preset=»default» global_colors_info=»{}»][et_pb_column type=»1_4&#8243; _builder_version=»4.21.0&#8243; _module_preset=»default» global_colors_info=»{}»][/et_pb_column][et_pb_column type=»3_4&#8243; _builder_version=»4.21.0&#8243; _module_preset=»default» global_colors_info=»{}»][et_pb_button button_url=»https://museros.org/inici/otam-en-linia/» button_text=»Seu electrònica» _builder_version=»4.21.0&#8243; _module_preset=»default» global_colors_info=»{}»][/et_pb_button][/et_pb_column][/et_pb_row][et_pb_row _builder_version=»4.21.0&#8243; _module_preset=»default» locked=»off» global_colors_info=»{}»][et_pb_column type=»4_4&#8243; _builder_version=»4.21.0&#8243; _module_preset=»default» global_colors_info=»{}»][et_pb_divider color=»#E02B20&#8243; divider_weight=»4px» _builder_version=»4.21.0&#8243; _module_preset=»default» global_colors_info=»{}»][/et_pb_divider][/et_pb_column][/et_pb_row][/et_pb_section]</p>

<p>ESCOLA D&#8217;ESTIU 2021  Informem que totes les persones que han sol·licitat participar a l&#8217;Escola d&#8217;estiu 2021 dins del termini estipulat han estat admeses. Es convoca les famílies, només un familiar per participant per qüestió d&#8217;aforaments, a l&#8217;acte de presentació de l&#8217;Escola d&#8217;Estiu que tindrà lloc el pròxim dimarts 29 de juny a les 19.00 h [&hellip;]</p>
