{"id":267179,"date":"2024-01-05T18:04:07","date_gmt":"2024-01-05T18:04:07","guid":{"rendered":"https:\/\/museros.org\/inici\/?page_id=267179"},"modified":"2024-01-05T18:04:41","modified_gmt":"2024-01-05T18:04:41","slug":"neu-2024","status":"publish","type":"page","link":"https:\/\/museros.org\/inici\/neu-2024\/","title":{"rendered":"Neu 2024"},"content":{"rendered":"<p>[et_pb_section fb_built=\u00bb1&#8243; _builder_version=\u00bb4.16&#8243; _module_preset=\u00bbdefault\u00bb custom_padding=\u00bb0px||||false|false\u00bb locked=\u00bboff\u00bb global_colors_info=\u00bb{}\u00bb theme_builder_area=\u00bbpost_content\u00bb][et_pb_row column_structure=\u00bb1_4,3_4&#8243; _builder_version=\u00bb4.16&#8243; _module_preset=\u00bbdefault\u00bb custom_padding=\u00bb0px||||false|false\u00bb global_colors_info=\u00bb{}\u00bb theme_builder_area=\u00bbpost_content\u00bb][et_pb_column type=\u00bb1_4&#8243; _builder_version=\u00bb4.16&#8243; _module_preset=\u00bbdefault\u00bb global_colors_info=\u00bb{}\u00bb theme_builder_area=\u00bbpost_content\u00bb][et_pb_image src=\u00bbhttps:\/\/museros.org\/wp-content\/uploads\/2021\/08\/logo-esports-cl-230&#215;180-1.jpg\u00bb title_text=\u00bblogo-esports-cl-230&#215;180&#8243; url=\u00bbhttps:\/\/museros.org\/inici\/area-desports\/\u00bb use_overlay=\u00bbon\u00bb overlay_icon_color=\u00bb#E02B20&#8243; hover_overlay_color=\u00bbrgba(255,255,255,0.71)\u00bb hover_icon=\u00bb&#xe04d;||divi||400&#8243; show_bottom_space=\u00bboff\u00bb align=\u00bbcenter\u00bb _builder_version=\u00bb4.17.4&#8243; _module_preset=\u00bbdefault\u00bb locked=\u00bboff\u00bb global_colors_info=\u00bb{}\u00bb theme_builder_area=\u00bbpost_content\u00bb][\/et_pb_image][\/et_pb_column][et_pb_column type=\u00bb3_4&#8243; _builder_version=\u00bb4.16&#8243; _module_preset=\u00bbdefault\u00bb global_colors_info=\u00bb{}\u00bb theme_builder_area=\u00bbpost_content\u00bb][et_pb_image src=\u00bbhttps:\/\/museros.org\/wp-content\/uploads\/2024\/01\/anem-a-la-neu.jpg\u00bb title_text=\u00bbanem a la neu\u00bb _builder_version=\u00bb4.23.4&#8243; _module_preset=\u00bbdefault\u00bb hover_enabled=\u00bb0&#8243; global_colors_info=\u00bb{}\u00bb theme_builder_area=\u00bbpost_content\u00bb custom_margin=\u00bb||40px||false|false\u00bb sticky_enabled=\u00bb0&#8243;][\/et_pb_image][et_pb_text _builder_version=\u00bb4.23.4&#8243; _module_preset=\u00bbdefault\u00bb custom_padding=\u00bb2px|||||\u00bb hover_enabled=\u00bb0&#8243; global_colors_info=\u00bb{}\u00bb theme_builder_area=\u00bbpost_content\u00bb sticky_enabled=\u00bb0&#8243;]<\/p>\n<h2>ANEM A LA NEU<\/h2>\n<p>Viatge de dos dies a l&#8217;estaci\u00f3 d&#8217;esqu\u00ed d&#8217;Aramon Cerler.<br \/>Del 2 al 4 de febrer de 2024<br \/>Persona adulta en habitaci\u00f3 doble\/triple: 222 \u20ac<br \/>Xiquet\/a fins a 11 anys compartint amb 2 persones adultes: 205 \u20ac<br \/>Inclou:<br \/>\u2022 Allotjament de dos nits en r\u00e8gim d&#8217;AD + MP a l&#8217;Hotel El Pilar de Benasque.<br \/>\u2022 Forfait de 2 dies a l&#8217;estaci\u00f3 d&#8217;esqu\u00ed d&#8217;Aramon Cerler<br \/>\u2022 Transport amb autob\u00fas (subvencionat al 100% per l&#8217;ajuntament de Museros)<br \/>\u2022 Asseguran\u00e7a de viatge i accidents en pistes<\/p>\n<p>Reserves i m\u00e9s informaci\u00f3 a: <a href=\"http:\/\/www.esportactiu.online\/museros\" target=\"_blank\" rel=\"noopener\">www.esportactiu.online\/museros<\/a><\/p>\n<p>[\/et_pb_text][\/et_pb_column][\/et_pb_row][et_pb_row _builder_version=\u00bb4.16&#8243; _module_preset=\u00bbdefault\u00bb custom_margin=\u00bb0px||||false|false\u00bb custom_padding=\u00bb0px||||false|false\u00bb global_colors_info=\u00bb{}\u00bb theme_builder_area=\u00bbpost_content\u00bb][et_pb_column type=\u00bb4_4&#8243; _builder_version=\u00bb4.16&#8243; _module_preset=\u00bbdefault\u00bb global_colors_info=\u00bb{}\u00bb theme_builder_area=\u00bbpost_content\u00bb][et_pb_divider color=\u00bb#E02B20&#8243; divider_weight=\u00bb4px\u00bb _builder_version=\u00bb4.16&#8243; _module_preset=\u00bbdefault\u00bb custom_margin=\u00bb40px||||false|false\u00bb global_colors_info=\u00bb{}\u00bb theme_builder_area=\u00bbpost_content\u00bb][\/et_pb_divider][\/et_pb_column][\/et_pb_row][\/et_pb_section]<\/p>\n","protected":false},"excerpt":{"rendered":"<p>ANEM A LA NEU Viatge de dos dies a l&#8217;estaci\u00f3 d&#8217;esqu\u00ed d&#8217;Aramon Cerler.Del 2 al 4 de febrer de 2024Persona adulta en habitaci\u00f3 doble\/triple: 222 \u20acXiquet\/a fins a 11 anys compartint amb 2 persones adultes: 205 \u20acInclou:\u2022 Allotjament de dos nits en r\u00e8gim d&#8217;AD + MP a l&#8217;Hotel El Pilar de Benasque.\u2022 Forfait de 2 [&hellip;]<\/p>\n","protected":false},"author":8,"featured_media":0,"parent":0,"menu_order":0,"comment_status":"closed","ping_status":"closed","template":"","meta":{"_et_pb_use_builder":"on","_et_pb_old_content":"","_et_gb_content_width":"","_mc_calendar":[],"footnotes":""},"wf_page_folders":[297],"class_list":["post-267179","page","type-page","status-publish","hentry"],"_links":{"self":[{"href":"https:\/\/museros.org\/inici\/wp-json\/wp\/v2\/pages\/267179","targetHints":{"allow":["GET"]}}],"collection":[{"href":"https:\/\/museros.org\/inici\/wp-json\/wp\/v2\/pages"}],"about":[{"href":"https:\/\/museros.org\/inici\/wp-json\/wp\/v2\/types\/page"}],"author":[{"embeddable":true,"href":"https:\/\/museros.org\/inici\/wp-json\/wp\/v2\/users\/8"}],"replies":[{"embeddable":true,"href":"https:\/\/museros.org\/inici\/wp-json\/wp\/v2\/comments?post=267179"}],"version-history":[{"count":2,"href":"https:\/\/museros.org\/inici\/wp-json\/wp\/v2\/pages\/267179\/revisions"}],"predecessor-version":[{"id":267182,"href":"https:\/\/museros.org\/inici\/wp-json\/wp\/v2\/pages\/267179\/revisions\/267182"}],"wp:attachment":[{"href":"https:\/\/museros.org\/inici\/wp-json\/wp\/v2\/media?parent=267179"}],"wp:term":[{"taxonomy":"wf_page_folders","embeddable":true,"href":"https:\/\/museros.org\/inici\/wp-json\/wp\/v2\/wf_page_folders?post=267179"}],"curies":[{"name":"wp","href":"https:\/\/api.w.org\/{rel}","templated":true}]}}

<p>[et_pb_section fb_built=»1&#8243; _builder_version=»4.16&#8243; _module_preset=»default» custom_padding=»0px||||false|false» locked=»off» global_colors_info=»{}» theme_builder_area=»post_content»][et_pb_row column_structure=»1_4,3_4&#8243; _builder_version=»4.16&#8243; _module_preset=»default» custom_padding=»0px||||false|false» global_colors_info=»{}» theme_builder_area=»post_content»][et_pb_column type=»1_4&#8243; _builder_version=»4.16&#8243; _module_preset=»default» global_colors_info=»{}» theme_builder_area=»post_content»][et_pb_image src=»https://museros.org/wp-content/uploads/2021/08/logo-esports-cl-230&#215;180-1.jpg» title_text=»logo-esports-cl-230&#215;180&#8243; url=»https://museros.org/inici/area-desports/» use_overlay=»on» overlay_icon_color=»#E02B20&#8243; hover_overlay_color=»rgba(255,255,255,0.71)» hover_icon=»&#xe04d;||divi||400&#8243; show_bottom_space=»off» align=»center» _builder_version=»4.17.4&#8243; _module_preset=»default» locked=»off» global_colors_info=»{}» theme_builder_area=»post_content»][/et_pb_image][/et_pb_column][et_pb_column type=»3_4&#8243; _builder_version=»4.16&#8243; _module_preset=»default» global_colors_info=»{}» theme_builder_area=»post_content»][et_pb_image src=»https://museros.org/wp-content/uploads/2024/01/anem-a-la-neu.jpg» title_text=»anem a la neu» _builder_version=»4.23.4&#8243; _module_preset=»default» hover_enabled=»0&#8243; global_colors_info=»{}» theme_builder_area=»post_content» custom_margin=»||40px||false|false» sticky_enabled=»0&#8243;][/et_pb_image][et_pb_text _builder_version=»4.23.4&#8243; _module_preset=»default» custom_padding=»2px|||||» hover_enabled=»0&#8243; global_colors_info=»{}» theme_builder_area=»post_content» sticky_enabled=»0&#8243;]</p>
<h2>ANEM A LA NEU</h2>
<p>Viatge de dos dies a l&#8217;estació d&#8217;esquí d&#8217;Aramon Cerler.<br />Del 2 al 4 de febrer de 2024<br />Persona adulta en habitació doble/triple: 222 €<br />Xiquet/a fins a 11 anys compartint amb 2 persones adultes: 205 €<br />Inclou:<br />• Allotjament de dos nits en règim d&#8217;AD + MP a l&#8217;Hotel El Pilar de Benasque.<br />• Forfait de 2 dies a l&#8217;estació d&#8217;esquí d&#8217;Aramon Cerler<br />• Transport amb autobús (subvencionat al 100% per l&#8217;ajuntament de Museros)<br />• Assegurança de viatge i accidents en pistes</p>
<p>Reserves i més informació a: <a href="http://www.esportactiu.online/museros" target="_blank" rel="noopener">www.esportactiu.online/museros</a></p>
<p>[/et_pb_text][/et_pb_column][/et_pb_row][et_pb_row _builder_version=»4.16&#8243; _module_preset=»default» custom_margin=»0px||||false|false» custom_padding=»0px||||false|false» global_colors_info=»{}» theme_builder_area=»post_content»][et_pb_column type=»4_4&#8243; _builder_version=»4.16&#8243; _module_preset=»default» global_colors_info=»{}» theme_builder_area=»post_content»][et_pb_divider color=»#E02B20&#8243; divider_weight=»4px» _builder_version=»4.16&#8243; _module_preset=»default» custom_margin=»40px||||false|false» global_colors_info=»{}» theme_builder_area=»post_content»][/et_pb_divider][/et_pb_column][/et_pb_row][/et_pb_section]</p>

<p>ANEM A LA NEU Viatge de dos dies a l&#8217;estació d&#8217;esquí d&#8217;Aramon Cerler.Del 2 al 4 de febrer de 2024Persona adulta en habitació doble/triple: 222 €Xiquet/a fins a 11 anys compartint amb 2 persones adultes: 205 €Inclou:• Allotjament de dos nits en règim d&#8217;AD + MP a l&#8217;Hotel El Pilar de Benasque.• Forfait de 2 [&hellip;]</p>
