{"id":266686,"date":"2023-11-22T16:15:20","date_gmt":"2023-11-22T16:15:20","guid":{"rendered":"https:\/\/museros.org\/inici\/?page_id=266686"},"modified":"2023-12-05T15:59:09","modified_gmt":"2023-12-05T15:59:09","slug":"concurso-balcones-2023","status":"publish","type":"page","link":"https:\/\/museros.org\/inici\/es\/concurso-balcones-2023\/","title":{"rendered":"Concurso balcones 2023"},"content":{"rendered":"<p>[et_pb_section fb_built=\u00bb1&#8243; _builder_version=\u00bb4.16&#8243; _module_preset=\u00bbdefault\u00bb custom_padding=\u00bb0px||||false|false\u00bb locked=\u00bboff\u00bb global_colors_info=\u00bb{}\u00bb][et_pb_row column_structure=\u00bb1_3,2_3&#8243; _builder_version=\u00bb4.16&#8243; _module_preset=\u00bbdefault\u00bb custom_margin=\u00bb0px||0px||false|false\u00bb custom_padding=\u00bb0px||0px||false|false\u00bb global_colors_info=\u00bb{}\u00bb][et_pb_column type=\u00bb1_3&#8243; _builder_version=\u00bb4.16&#8243; _module_preset=\u00bbdefault\u00bb global_colors_info=\u00bb{}\u00bb][et_pb_image src=\u00bbhttps:\/\/museros.org\/wp-content\/uploads\/2022\/12\/logo-fiestas-vl-cl-230&#215;115-1.jpg\u00bb title_text=\u00bblogo-fiestas-vl-cl-230&#215;115&#8243; url=\u00bbhttps:\/\/museros.org\/inici\/es\/area-de-fiestas\u00bb use_overlay=\u00bbon\u00bb overlay_icon_color=\u00bb#E02B20&#8243; hover_overlay_color=\u00bbrgba(255,255,255,0.7)\u00bb hover_icon=\u00bb&#xe04d;||divi||400&#8243; align=\u00bbcenter\u00bb _builder_version=\u00bb4.23.1&#8243; _module_preset=\u00bbdefault\u00bb width=\u00bb100%\u00bb width_tablet=\u00bb\u00bb width_phone=\u00bb\u00bb width_last_edited=\u00bbon|phone\u00bb module_alignment=\u00bbcenter\u00bb custom_margin=\u00bb0px||0px||false|false\u00bb custom_padding=\u00bb0px||0px||false|false\u00bb global_colors_info=\u00bb{}\u00bb][\/et_pb_image][\/et_pb_column][et_pb_column type=\u00bb2_3&#8243; _builder_version=\u00bb4.16&#8243; _module_preset=\u00bbdefault\u00bb global_colors_info=\u00bb{}\u00bb][et_pb_image src=\u00bbhttps:\/\/museros.org\/wp-content\/uploads\/2023\/11\/iv-balcons-2023.jpg\u00bb title_text=\u00bbiv-balcons-2023&#8243; _builder_version=\u00bb4.23.1&#8243; _module_preset=\u00bbdefault\u00bb global_colors_info=\u00bb{}\u00bb][\/et_pb_image][et_pb_text _builder_version=\u00bb4.23.1&#8243; _module_preset=\u00bbdefault\u00bb custom_margin=\u00bb40px||||false|false\u00bb custom_padding=\u00bb||1px|0px|false|false\u00bb global_colors_info=\u00bb{}\u00bb]<\/p>\n<h1>IV CONCURSO DE BALCONES NAVIDE\u00d1OS<\/h1>\n<p>Del 1 al 15 de diciembre<\/p>\n<p>Env\u00eda la foto de tu balc\u00f3n navide\u00f1o al correo electr\u00f3nico <a href=\"mailto:nadal@museros.es\" target=\"_blank\" rel=\"noopener\">nadal@museros.es<\/a><\/p>\n<p>Del 18 al 23 de diciembre, a las 12.00 h<\/p>\n<p>Publicaremos las fotos en el Facebook del Ayuntamiento de Museros porque la ciudadan\u00eda las voto.<\/p>\n<p>Premios en forma de tarjeta para consumir en comercios asociados a CAMU:<br \/>&#8211; 10 tarjetas valoradas en 60 \u20ac.<br \/>&#8211; 4 tarjetas valoradas en 40 \u20ac entre las personas votantes de las fotos que consigan m\u00e1s \u00abMe saborea\u00bb.<\/p>\n<p>\u2022 No se admitir\u00e1n decoraciones repetidas de la edici\u00f3n anterior.<br \/>\u2022 No se aceptar\u00e1n decoraciones de balcones otras pueblas.<br \/>\u2022 El material decorativo utilizado tendr\u00e1 que tener una duraci\u00f3n suficiente hasta el final de las fiestas de Navidad.<\/p>\n<p>[\/et_pb_text][et_pb_button button_url=\u00bbhttps:\/\/museros.org\/wp-content\/uploads\/2023\/12\/Bases-CONCURS-BALCONS-2023.pdf\u00bb url_new_window=\u00bbon\u00bb button_text=\u00bbBASES\u00bb _builder_version=\u00bb4.23.1&#8243; _module_preset=\u00bbdefault\u00bb custom_margin=\u00bb40px||||false|false\u00bb hover_enabled=\u00bb0&#8243; global_colors_info=\u00bb{}\u00bb sticky_enabled=\u00bb0&#8243;][\/et_pb_button][\/et_pb_column][\/et_pb_row][et_pb_row _builder_version=\u00bb4.16&#8243; _module_preset=\u00bbdefault\u00bb custom_margin=\u00bb50px||0px||false|false\u00bb custom_padding=\u00bb0px||0px||false|false\u00bb global_colors_info=\u00bb{}\u00bb][et_pb_column type=\u00bb4_4&#8243; _builder_version=\u00bb4.16&#8243; _module_preset=\u00bbdefault\u00bb global_colors_info=\u00bb{}\u00bb][et_pb_divider color=\u00bb#E02B20&#8243; divider_weight=\u00bb4px\u00bb _builder_version=\u00bb4.16&#8243; _module_preset=\u00bbdefault\u00bb custom_margin=\u00bb0px||0px||false|false\u00bb custom_padding=\u00bb0px||0px||false|false\u00bb global_colors_info=\u00bb{}\u00bb][\/et_pb_divider][\/et_pb_column][\/et_pb_row][\/et_pb_section]<\/p>\n","protected":false},"excerpt":{"rendered":"<p>IV CONCURSO DE BALCONES NAVIDE\u00d1OS Del 1 al 15 de diciembre Env\u00eda la foto de tu balc\u00f3n navide\u00f1o al correo electr\u00f3nico nadal@museros.es Del 18 al 23 de diciembre, a las 12.00 h Publicaremos las fotos en el Facebook del Ayuntamiento de Museros porque la ciudadan\u00eda las voto. Premios en forma de tarjeta para consumir en [&hellip;]<\/p>\n","protected":false},"author":8,"featured_media":0,"parent":0,"menu_order":0,"comment_status":"closed","ping_status":"closed","template":"","meta":{"_et_pb_use_builder":"on","_et_pb_old_content":"","_et_gb_content_width":"","_mc_calendar":[],"footnotes":""},"wf_page_folders":[175],"class_list":["post-266686","page","type-page","status-publish","hentry"],"_links":{"self":[{"href":"https:\/\/museros.org\/inici\/wp-json\/wp\/v2\/pages\/266686","targetHints":{"allow":["GET"]}}],"collection":[{"href":"https:\/\/museros.org\/inici\/wp-json\/wp\/v2\/pages"}],"about":[{"href":"https:\/\/museros.org\/inici\/wp-json\/wp\/v2\/types\/page"}],"author":[{"embeddable":true,"href":"https:\/\/museros.org\/inici\/wp-json\/wp\/v2\/users\/8"}],"replies":[{"embeddable":true,"href":"https:\/\/museros.org\/inici\/wp-json\/wp\/v2\/comments?post=266686"}],"version-history":[{"count":7,"href":"https:\/\/museros.org\/inici\/wp-json\/wp\/v2\/pages\/266686\/revisions"}],"predecessor-version":[{"id":266909,"href":"https:\/\/museros.org\/inici\/wp-json\/wp\/v2\/pages\/266686\/revisions\/266909"}],"wp:attachment":[{"href":"https:\/\/museros.org\/inici\/wp-json\/wp\/v2\/media?parent=266686"}],"wp:term":[{"taxonomy":"wf_page_folders","embeddable":true,"href":"https:\/\/museros.org\/inici\/wp-json\/wp\/v2\/wf_page_folders?post=266686"}],"curies":[{"name":"wp","href":"https:\/\/api.w.org\/{rel}","templated":true}]}}

<p>[et_pb_section fb_built=»1&#8243; _builder_version=»4.16&#8243; _module_preset=»default» custom_padding=»0px||||false|false» locked=»off» global_colors_info=»{}»][et_pb_row column_structure=»1_3,2_3&#8243; _builder_version=»4.16&#8243; _module_preset=»default» custom_margin=»0px||0px||false|false» custom_padding=»0px||0px||false|false» global_colors_info=»{}»][et_pb_column type=»1_3&#8243; _builder_version=»4.16&#8243; _module_preset=»default» global_colors_info=»{}»][et_pb_image src=»https://museros.org/wp-content/uploads/2022/12/logo-fiestas-vl-cl-230&#215;115-1.jpg» title_text=»logo-fiestas-vl-cl-230&#215;115&#8243; url=»https://museros.org/inici/es/area-de-fiestas» use_overlay=»on» overlay_icon_color=»#E02B20&#8243; hover_overlay_color=»rgba(255,255,255,0.7)» hover_icon=»&#xe04d;||divi||400&#8243; align=»center» _builder_version=»4.23.1&#8243; _module_preset=»default» width=»100%» width_tablet=»» width_phone=»» width_last_edited=»on|phone» module_alignment=»center» custom_margin=»0px||0px||false|false» custom_padding=»0px||0px||false|false» global_colors_info=»{}»][/et_pb_image][/et_pb_column][et_pb_column type=»2_3&#8243; _builder_version=»4.16&#8243; _module_preset=»default» global_colors_info=»{}»][et_pb_image src=»https://museros.org/wp-content/uploads/2023/11/iv-balcons-2023.jpg» title_text=»iv-balcons-2023&#8243; _builder_version=»4.23.1&#8243; _module_preset=»default» global_colors_info=»{}»][/et_pb_image][et_pb_text _builder_version=»4.23.1&#8243; _module_preset=»default» custom_margin=»40px||||false|false» custom_padding=»||1px|0px|false|false» global_colors_info=»{}»]</p>
<h1>IV CONCURSO DE BALCONES NAVIDEÑOS</h1>
<p>Del 1 al 15 de diciembre</p>
<p>Envía la foto de tu balcón navideño al correo electrónico <a href="mailto:nadal@museros.es" target="_blank" rel="noopener">nadal@museros.es</a></p>
<p>Del 18 al 23 de diciembre, a las 12.00 h</p>
<p>Publicaremos las fotos en el Facebook del Ayuntamiento de Museros porque la ciudadanía las voto.</p>
<p>Premios en forma de tarjeta para consumir en comercios asociados a CAMU:<br />&#8211; 10 tarjetas valoradas en 60 €.<br />&#8211; 4 tarjetas valoradas en 40 € entre las personas votantes de las fotos que consigan más «Me saborea».</p>
<p>• No se admitirán decoraciones repetidas de la edición anterior.<br />• No se aceptarán decoraciones de balcones otras pueblas.<br />• El material decorativo utilizado tendrá que tener una duración suficiente hasta el final de las fiestas de Navidad.</p>
<p>[/et_pb_text][et_pb_button button_url=»https://museros.org/wp-content/uploads/2023/12/Bases-CONCURS-BALCONS-2023.pdf» url_new_window=»on» button_text=»BASES» _builder_version=»4.23.1&#8243; _module_preset=»default» custom_margin=»40px||||false|false» hover_enabled=»0&#8243; global_colors_info=»{}» sticky_enabled=»0&#8243;][/et_pb_button][/et_pb_column][/et_pb_row][et_pb_row _builder_version=»4.16&#8243; _module_preset=»default» custom_margin=»50px||0px||false|false» custom_padding=»0px||0px||false|false» global_colors_info=»{}»][et_pb_column type=»4_4&#8243; _builder_version=»4.16&#8243; _module_preset=»default» global_colors_info=»{}»][et_pb_divider color=»#E02B20&#8243; divider_weight=»4px» _builder_version=»4.16&#8243; _module_preset=»default» custom_margin=»0px||0px||false|false» custom_padding=»0px||0px||false|false» global_colors_info=»{}»][/et_pb_divider][/et_pb_column][/et_pb_row][/et_pb_section]</p>

<p>IV CONCURSO DE BALCONES NAVIDEÑOS Del 1 al 15 de diciembre Envía la foto de tu balcón navideño al correo electrónico nadal@museros.es Del 18 al 23 de diciembre, a las 12.00 h Publicaremos las fotos en el Facebook del Ayuntamiento de Museros porque la ciudadanía las voto. Premios en forma de tarjeta para consumir en [&hellip;]</p>
