{"id":266133,"date":"2023-10-04T13:05:15","date_gmt":"2023-10-04T13:05:15","guid":{"rendered":"https:\/\/museros.org\/inici\/?page_id=266133"},"modified":"2023-10-04T13:15:13","modified_gmt":"2023-10-04T13:15:13","slug":"campanya-dia-del-comercio","status":"publish","type":"page","link":"https:\/\/museros.org\/inici\/es\/campanya-dia-del-comercio\/","title":{"rendered":"Campa\u00f1a d\u00eda del comercio"},"content":{"rendered":"\n[et_pb_section fb_built=\u00bb1&#8243; _builder_version=\u00bb4.16&#8243; _module_preset=\u00bbdefault\u00bb custom_padding=\u00bb0px||||false|false\u00bb locked=\u00bboff\u00bb global_colors_info=\u00bb{}\u00bb theme_builder_area=\u00bbpost_content\u00bb][et_pb_row column_structure=\u00bb1_3,2_3&#8243; _builder_version=\u00bb4.16&#8243; _module_preset=\u00bbdefault\u00bb custom_margin=\u00bb0px||0px||false|false\u00bb custom_padding=\u00bb0px||0px||false|false\u00bb global_colors_info=\u00bb{}\u00bb theme_builder_area=\u00bbpost_content\u00bb][et_pb_column type=\u00bb1_3&#8243; _builder_version=\u00bb4.16&#8243; _module_preset=\u00bbdefault\u00bb global_colors_info=\u00bb{}\u00bb theme_builder_area=\u00bbpost_content\u00bb][et_pb_image src=\u00bbhttps:\/\/museros.org\/wp-content\/uploads\/2021\/06\/logo-comercio-cl-230&#215;180-1.jpg\u00bb title_text=\u00bblogo-comercio-cl-230&#215;180&#8243; url=\u00bbhttps:\/\/museros.org\/inici\/es\/area-de-comercio\u00bb use_overlay=\u00bbon\u00bb overlay_icon_color=\u00bb#E02B20&#8243; hover_overlay_color=\u00bbrgba(255,255,255,0.7)\u00bb hover_icon=\u00bb&#xe04d;||divi||400&#8243; align=\u00bbcenter\u00bb _builder_version=\u00bb4.22.2&#8243; _module_preset=\u00bbdefault\u00bb width=\u00bb100%\u00bb width_tablet=\u00bb\u00bb width_phone=\u00bb\u00bb width_last_edited=\u00bbon|phone\u00bb module_alignment=\u00bbcenter\u00bb custom_margin=\u00bb0px||0px||false|false\u00bb custom_padding=\u00bb0px||0px||false|false\u00bb hover_enabled=\u00bb0&#8243; global_colors_info=\u00bb{}\u00bb theme_builder_area=\u00bbpost_content\u00bb sticky_enabled=\u00bb0&#8243;][\/et_pb_image][\/et_pb_column][et_pb_column type=\u00bb2_3&#8243; _builder_version=\u00bb4.16&#8243; _module_preset=\u00bbdefault\u00bb global_colors_info=\u00bb{}\u00bb theme_builder_area=\u00bbpost_content\u00bb][et_pb_text _builder_version=\u00bb4.22.2&#8243; _module_preset=\u00bbdefault\u00bb custom_margin=\u00bb||||false|false\u00bb custom_padding=\u00bb||1px|0px|false|false\u00bb hover_enabled=\u00bb0&#8243; global_colors_info=\u00bb{}\u00bb sticky_enabled=\u00bb0&#8243; theme_builder_area=\u00bbpost_content\u00bb]<h1>CAMPA\u00d1A D\u00cdA DEL COMERCIO LOCAL<\/h1>\n<p>El Ayuntamiento de Museros quiere hacer visible el esfuerzo que realizan nuestros comerciantes para mantener vivo el tejido comercial de nuestro pueblo, y es por eso, que la Concejal\u00eda de Comercio, Salud y Mayores quiere celebrar, el 25 de octubre, el D\u00eda del Comercio Local de la Comunidad Valenciana.<br \/>Por este motivo, se llevar\u00e1 a cabo una acci\u00f3n comercial que consistir\u00e1 a sortear 20 tarjetas de 50 \u20ac, entre todas aquellas personas que realicen compras en nuestros comercios, servicios profesionales, bares, restaurantes y cafeter\u00edas, durante la semana del 23 al 29 de octubre, ambos incluidos. <br \/>Las compras tendr\u00e1n que ser iguales o superiores a 25 \u20ac, estas podr\u00e1n ser acumulativas, es decir, se podr\u00e1n presentar varios tickets, siempre que el importe total de estos sea 25 \u20ac o superior.<br \/>Las tarjetas se consumir\u00e1n en los comercios de Museros. Los comercios que quieran participar y de los cuales el Ayuntamiento no tenga el FUC del establecimiento, tendr\u00e1n que facilitarlo para que las tarjetas suben ser utilizadas en sus establecimientos.<br \/>Este se podr\u00e1 comunicar en el Ayuntamiento mientras dure la campa\u00f1a, es decir, del 23 al 29 de octubre, al enviar los datos del establecimiento y el FUC del terminal de pago al correo del \u00e1rea de Comercio (juanjosecarrion@museros.es).<br \/>Los tickets o justificantes de las compras tendr\u00e1n que contener los datos del establecimiento donde se ha efectuado el gasto o compra, y las personas que presentan estos tickets har\u00e1 falta que faciliten junto a estos un escrito con su nombre y tel\u00e9fono para contactar con ellas en caso de resultar ganador o ganadora de una tarjeta.<br \/>Los tickets se depositar\u00e1n en el Ayuntamiento de Museros, del 23 al 30 de octubre, en horario de 09.00 h a 14.00 h, en el lugar habilitado para esta campa\u00f1a.<br \/>La entrega de los premios de la campa\u00f1a del D\u00eda del Comercio Local se realizar\u00e1 en el sal\u00f3n de plenos del Ayuntamiento de Museros, el d\u00eda y hora a determinar, y que se comunicar\u00e1 oportunamente.<\/p>[\/et_pb_text][et_pb_image src=\u00bbhttps:\/\/museros.org\/wp-content\/uploads\/2023\/10\/cartel-campana.jpg\u00bb _builder_version=\u00bb4.22.2&#8243; _module_preset=\u00bbdefault\u00bb title_text=\u00bbcartel-campan\u0303a\u00bb custom_margin=\u00bb40px||||false|false\u00bb hover_enabled=\u00bb0&#8243; sticky_enabled=\u00bb0&#8243; theme_builder_area=\u00bbpost_content\u00bb][\/et_pb_image][\/et_pb_column][\/et_pb_row][et_pb_row _builder_version=\u00bb4.16&#8243; _module_preset=\u00bbdefault\u00bb custom_margin=\u00bb50px||0px||false|false\u00bb custom_padding=\u00bb0px||0px||false|false\u00bb global_colors_info=\u00bb{}\u00bb theme_builder_area=\u00bbpost_content\u00bb][et_pb_column type=\u00bb4_4&#8243; _builder_version=\u00bb4.16&#8243; _module_preset=\u00bbdefault\u00bb global_colors_info=\u00bb{}\u00bb theme_builder_area=\u00bbpost_content\u00bb][et_pb_divider color=\u00bb#E02B20&#8243; divider_weight=\u00bb4px\u00bb _builder_version=\u00bb4.16&#8243; _module_preset=\u00bbdefault\u00bb custom_margin=\u00bb0px||0px||false|false\u00bb custom_padding=\u00bb0px||0px||false|false\u00bb global_colors_info=\u00bb{}\u00bb theme_builder_area=\u00bbpost_content\u00bb][\/et_pb_divider][\/et_pb_column][\/et_pb_row][\/et_pb_section]\n","protected":false},"excerpt":{"rendered":"<p>CAMPA\u00d1A D\u00cdA DEL COMERCIO LOCAL El Ayuntamiento de Museros quiere hacer visible el esfuerzo que realizan nuestros comerciantes para mantener vivo el tejido comercial de nuestro pueblo, y es por eso, que la Concejal\u00eda de Comercio, Salud y Mayores quiere celebrar, el 25 de octubre, el D\u00eda del Comercio Local de la Comunidad Valenciana.Por este [&hellip;]<\/p>\n","protected":false},"author":8,"featured_media":0,"parent":0,"menu_order":0,"comment_status":"closed","ping_status":"closed","template":"","meta":{"_et_pb_use_builder":"on","_et_pb_old_content":"","_et_gb_content_width":"","_mc_calendar":[],"footnotes":""},"wf_page_folders":[281],"class_list":["post-266133","page","type-page","status-publish","hentry"],"_links":{"self":[{"href":"https:\/\/museros.org\/inici\/wp-json\/wp\/v2\/pages\/266133","targetHints":{"allow":["GET"]}}],"collection":[{"href":"https:\/\/museros.org\/inici\/wp-json\/wp\/v2\/pages"}],"about":[{"href":"https:\/\/museros.org\/inici\/wp-json\/wp\/v2\/types\/page"}],"author":[{"embeddable":true,"href":"https:\/\/museros.org\/inici\/wp-json\/wp\/v2\/users\/8"}],"replies":[{"embeddable":true,"href":"https:\/\/museros.org\/inici\/wp-json\/wp\/v2\/comments?post=266133"}],"version-history":[{"count":3,"href":"https:\/\/museros.org\/inici\/wp-json\/wp\/v2\/pages\/266133\/revisions"}],"predecessor-version":[{"id":266141,"href":"https:\/\/museros.org\/inici\/wp-json\/wp\/v2\/pages\/266133\/revisions\/266141"}],"wp:attachment":[{"href":"https:\/\/museros.org\/inici\/wp-json\/wp\/v2\/media?parent=266133"}],"wp:term":[{"taxonomy":"wf_page_folders","embeddable":true,"href":"https:\/\/museros.org\/inici\/wp-json\/wp\/v2\/wf_page_folders?post=266133"}],"curies":[{"name":"wp","href":"https:\/\/api.w.org\/{rel}","templated":true}]}}

Campaña día del comercio

[et_pb_section fb_built=»1&#8243; _builder_version=»4.16&#8243; _module_preset=»default» custom_padding=»0px||||false|false» locked=»off» global_colors_info=»{}» theme_builder_area=»post_content»][et_pb_row column_structure=»1_3,2_3&#8243; _builder_version=»4.16&#8243; _module_preset=»default» custom_margin=»0px||0px||false|false» custom_padding=»0px||0px||false|false» global_colors_info=»{}» theme_builder_area=»post_content»][et_pb_column type=»1_3&#8243; _builder_version=»4.16&#8243; _module_preset=»default» global_colors_info=»{}» theme_builder_area=»post_content»][et_pb_image src=»https://museros.org/wp-content/uploads/2021/06/logo-comercio-cl-230&#215;180-1.jpg» title_text=»logo-comercio-cl-230&#215;180&#8243; url=»https://museros.org/inici/es/area-de-comercio» use_overlay=»on» overlay_icon_color=»#E02B20&#8243; hover_overlay_color=»rgba(255,255,255,0.7)» hover_icon=»&#xe04d;||divi||400&#8243; align=»center» _builder_version=»4.22.2&#8243; _module_preset=»default» width=»100%» width_tablet=»» width_phone=»» width_last_edited=»on|phone» module_alignment=»center» custom_margin=»0px||0px||false|false» custom_padding=»0px||0px||false|false» hover_enabled=»0&#8243; global_colors_info=»{}» theme_builder_area=»post_content» sticky_enabled=»0&#8243;][/et_pb_image][/et_pb_column][et_pb_column type=»2_3&#8243; _builder_version=»4.16&#8243; _module_preset=»default» global_colors_info=»{}» theme_builder_area=»post_content»][et_pb_text _builder_version=»4.22.2&#8243; _module_preset=»default» custom_margin=»||||false|false» custom_padding=»||1px|0px|false|false» hover_enabled=»0&#8243; global_colors_info=»{}» sticky_enabled=»0&#8243; theme_builder_area=»post_content»]<h1>CAMPAÑA DÍA DEL COMERCIO LOCAL</h1>
<p>El Ayuntamiento de Museros quiere hacer visible el esfuerzo que realizan nuestros comerciantes para mantener vivo el tejido comercial de nuestro pueblo, y es por eso, que la Concejalía de Comercio, Salud y Mayores quiere celebrar, el 25 de octubre, el Día del Comercio Local de la Comunidad Valenciana.<br />Por este motivo, se llevará a cabo una acción comercial que consistirá a sortear 20 tarjetas de 50 €, entre todas aquellas personas que realicen compras en nuestros comercios, servicios profesionales, bares, restaurantes y cafeterías, durante la semana del 23 al 29 de octubre, ambos incluidos. <br />Las compras tendrán que ser iguales o superiores a 25 €, estas podrán ser acumulativas, es decir, se podrán presentar varios tickets, siempre que el importe total de estos sea 25 € o superior.<br />Las tarjetas se consumirán en los comercios de Museros. Los comercios que quieran participar y de los cuales el Ayuntamiento no tenga el FUC del establecimiento, tendrán que facilitarlo para que las tarjetas suben ser utilizadas en sus establecimientos.<br />Este se podrá comunicar en el Ayuntamiento mientras dure la campaña, es decir, del 23 al 29 de octubre, al enviar los datos del establecimiento y el FUC del terminal de pago al correo del área de Comercio (juanjosecarrion@museros.es).<br />Los tickets o justificantes de las compras tendrán que contener los datos del establecimiento donde se ha efectuado el gasto o compra, y las personas que presentan estos tickets hará falta que faciliten junto a estos un escrito con su nombre y teléfono para contactar con ellas en caso de resultar ganador o ganadora de una tarjeta.<br />Los tickets se depositarán en el Ayuntamiento de Museros, del 23 al 30 de octubre, en horario de 09.00 h a 14.00 h, en el lugar habilitado para esta campaña.<br />La entrega de los premios de la campaña del Día del Comercio Local se realizará en el salón de plenos del Ayuntamiento de Museros, el día y hora a determinar, y que se comunicará oportunamente.</p>[/et_pb_text][et_pb_image src=»https://museros.org/wp-content/uploads/2023/10/cartel-campana.jpg» _builder_version=»4.22.2&#8243; _module_preset=»default» title_text=»cartel-campaña» custom_margin=»40px||||false|false» hover_enabled=»0&#8243; sticky_enabled=»0&#8243; theme_builder_area=»post_content»][/et_pb_image][/et_pb_column][/et_pb_row][et_pb_row _builder_version=»4.16&#8243; _module_preset=»default» custom_margin=»50px||0px||false|false» custom_padding=»0px||0px||false|false» global_colors_info=»{}» theme_builder_area=»post_content»][et_pb_column type=»4_4&#8243; _builder_version=»4.16&#8243; _module_preset=»default» global_colors_info=»{}» theme_builder_area=»post_content»][et_pb_divider color=»#E02B20&#8243; divider_weight=»4px» _builder_version=»4.16&#8243; _module_preset=»default» custom_margin=»0px||0px||false|false» custom_padding=»0px||0px||false|false» global_colors_info=»{}» theme_builder_area=»post_content»][/et_pb_divider][/et_pb_column][/et_pb_row][/et_pb_section]

<p>CAMPAÑA DÍA DEL COMERCIO LOCAL El Ayuntamiento de Museros quiere hacer visible el esfuerzo que realizan nuestros comerciantes para mantener vivo el tejido comercial de nuestro pueblo, y es por eso, que la Concejalía de Comercio, Salud y Mayores quiere celebrar, el 25 de octubre, el Día del Comercio Local de la Comunidad Valenciana.Por este [&hellip;]</p>
