{"id":264728,"date":"2023-06-07T12:11:10","date_gmt":"2023-06-07T12:11:10","guid":{"rendered":"https:\/\/museros.org\/inici\/?page_id=264728"},"modified":"2023-06-09T13:00:46","modified_gmt":"2023-06-09T13:00:46","slug":"julio-musical-2023","status":"publish","type":"page","link":"https:\/\/museros.org\/inici\/es\/julio-musical-2023\/","title":{"rendered":"Julio musical 2023"},"content":{"rendered":"<p>[et_pb_section fb_built=\u00bb1&#8243; _builder_version=\u00bb4.17.4&#8243; _module_preset=\u00bbdefault\u00bb custom_margin=\u00bb0px||||false|false\u00bb custom_padding=\u00bb0px||||false|false\u00bb locked=\u00bboff\u00bb global_colors_info=\u00bb{}\u00bb][et_pb_row column_structure=\u00bb2_5,3_5&#8243; _builder_version=\u00bb4.17.4&#8243; _module_preset=\u00bbdefault\u00bb custom_margin=\u00bb0px||||false|false\u00bb custom_padding=\u00bb0px||||false|false\u00bb global_colors_info=\u00bb{}\u00bb][et_pb_column type=\u00bb2_5&#8243; _builder_version=\u00bb4.17.4&#8243; _module_preset=\u00bbdefault\u00bb global_colors_info=\u00bb{}\u00bb][et_pb_image src=\u00bbhttps:\/\/museros.org\/wp-content\/uploads\/2023\/06\/Logo-Juliol-musical-A3.jpg\u00bb title_text=\u00bbLogo-Juliol-musical-A3&#8243; _builder_version=\u00bb4.21.0&#8243; _module_preset=\u00bbdefault\u00bb width=\u00bb70%\u00bb width_tablet=\u00bb40%\u00bb width_phone=\u00bb40%\u00bb width_last_edited=\u00bbon|phone\u00bb custom_margin=\u00bb0px||||false|false\u00bb global_colors_info=\u00bb{}\u00bb][\/et_pb_image][\/et_pb_column][et_pb_column type=\u00bb3_5&#8243; _builder_version=\u00bb4.17.4&#8243; _module_preset=\u00bbdefault\u00bb global_colors_info=\u00bb{}\u00bb][et_pb_text _builder_version=\u00bb4.21.0&#8243; _module_preset=\u00bbdefault\u00bb global_colors_info=\u00bb{}\u00bb]<\/p>\n<p><span style=\"color: #008080;\">VIERNES, <\/span><strong><span style=\"color: #333399;\">30 <\/span><\/strong><span style=\"color: #008080;\">DE JUNIO<\/span><br \/><strong>Ensemble de Bombardinos Vicente Costa<\/strong><br \/>Mem\u00f2ries hist\u00f2riques: un viatge a trav\u00e9s dels records<br \/>Hora: 20.00 h<br \/>Lugar: delante de la Casa de Cultura<\/p>\n<p><span style=\"color: #008080;\">S\u00c1BADO, <strong><span style=\"color: #333399;\">1<\/span><\/strong> DE JULIO<\/span><br \/><strong>P\u00farpura Pansa <\/strong><br \/><em>Pasi\u00f3n<\/em><br \/>Hora: 22.30 h<br \/>Lugar: parque de la M\u00fasica<\/p>\n<p><span style=\"color: #008080;\">S\u00c1BADO, <strong><span style=\"color: #333399;\">8<\/span><\/strong> DE JULIO<\/span><br \/><strong>Concierto de la Banda Sinf\u00f3nica de Museros<\/strong><br \/><strong>con la compa\u00f1\u00eda Danza Fusi\u00f3n<\/strong><br \/><em>Concierto de danza espa\u00f1ola<\/em><br \/>Hora: 22.30 h<br \/>Lugar: avenida de la Creu<\/p>\n<p><span style=\"color: #008080;\">DOMINGO, <strong><span style=\"color: #333399;\">9<\/span><\/strong> DE JULIO<\/span><br \/><strong>Sonanta<\/strong><br \/><em>Serrat flamenc@<\/em><br \/>Hora: 22.30 h<br \/>Lugar: parque de la M\u00fasica<\/p>\n<p><span style=\"color: #008080;\">DOMINGO, <span style=\"color: #333399;\"><strong>16<\/strong><\/span> DE JULIO<\/span><br \/><strong><em>Les Arts amb tu<\/em><\/strong><br \/>Concierto de c\u00e1mara de la secci\u00f3n de metales<br \/>de la Orquestra de la Comunitat Valenciana<br \/>Hora: 22.00 h<br \/>Lugar: delante de la Casa de Cultura<\/p>\n<p>Entrada gratuita.<\/p>\n<p>[\/et_pb_text][\/et_pb_column][\/et_pb_row][et_pb_row _builder_version=\u00bb4.17.4&#8243; _module_preset=\u00bbdefault\u00bb global_colors_info=\u00bb{}\u00bb][et_pb_column type=\u00bb4_4&#8243; _builder_version=\u00bb4.17.4&#8243; _module_preset=\u00bbdefault\u00bb global_colors_info=\u00bb{}\u00bb][et_pb_image src=\u00bbhttps:\/\/museros.org\/wp-content\/uploads\/2023\/06\/Grupo-Juliol-musical-A3.jpg\u00bb title_text=\u00bbGrupo-Juliol-musical-A3&#8243; _builder_version=\u00bb4.21.0&#8243; _module_preset=\u00bbdefault\u00bb global_colors_info=\u00bb{}\u00bb][\/et_pb_image][\/et_pb_column][\/et_pb_row][\/et_pb_section]<\/p>\n","protected":false},"excerpt":{"rendered":"<p>VIERNES, 30 DE JUNIOEnsemble de Bombardinos Vicente CostaMem\u00f2ries hist\u00f2riques: un viatge a trav\u00e9s dels recordsHora: 20.00 hLugar: delante de la Casa de Cultura S\u00c1BADO, 1 DE JULIOP\u00farpura Pansa Pasi\u00f3nHora: 22.30 hLugar: parque de la M\u00fasica S\u00c1BADO, 8 DE JULIOConcierto de la Banda Sinf\u00f3nica de Museroscon la compa\u00f1\u00eda Danza Fusi\u00f3nConcierto de danza espa\u00f1olaHora: 22.30 hLugar: avenida [&hellip;]<\/p>\n","protected":false},"author":8,"featured_media":0,"parent":0,"menu_order":0,"comment_status":"closed","ping_status":"closed","template":"","meta":{"_et_pb_use_builder":"on","_et_pb_old_content":"","_et_gb_content_width":"","_mc_calendar":[],"footnotes":""},"wf_page_folders":[995],"class_list":["post-264728","page","type-page","status-publish","hentry"],"_links":{"self":[{"href":"https:\/\/museros.org\/inici\/wp-json\/wp\/v2\/pages\/264728","targetHints":{"allow":["GET"]}}],"collection":[{"href":"https:\/\/museros.org\/inici\/wp-json\/wp\/v2\/pages"}],"about":[{"href":"https:\/\/museros.org\/inici\/wp-json\/wp\/v2\/types\/page"}],"author":[{"embeddable":true,"href":"https:\/\/museros.org\/inici\/wp-json\/wp\/v2\/users\/8"}],"replies":[{"embeddable":true,"href":"https:\/\/museros.org\/inici\/wp-json\/wp\/v2\/comments?post=264728"}],"version-history":[{"count":5,"href":"https:\/\/museros.org\/inici\/wp-json\/wp\/v2\/pages\/264728\/revisions"}],"predecessor-version":[{"id":264750,"href":"https:\/\/museros.org\/inici\/wp-json\/wp\/v2\/pages\/264728\/revisions\/264750"}],"wp:attachment":[{"href":"https:\/\/museros.org\/inici\/wp-json\/wp\/v2\/media?parent=264728"}],"wp:term":[{"taxonomy":"wf_page_folders","embeddable":true,"href":"https:\/\/museros.org\/inici\/wp-json\/wp\/v2\/wf_page_folders?post=264728"}],"curies":[{"name":"wp","href":"https:\/\/api.w.org\/{rel}","templated":true}]}}

<p>[et_pb_section fb_built=»1&#8243; _builder_version=»4.17.4&#8243; _module_preset=»default» custom_margin=»0px||||false|false» custom_padding=»0px||||false|false» locked=»off» global_colors_info=»{}»][et_pb_row column_structure=»2_5,3_5&#8243; _builder_version=»4.17.4&#8243; _module_preset=»default» custom_margin=»0px||||false|false» custom_padding=»0px||||false|false» global_colors_info=»{}»][et_pb_column type=»2_5&#8243; _builder_version=»4.17.4&#8243; _module_preset=»default» global_colors_info=»{}»][et_pb_image src=»https://museros.org/wp-content/uploads/2023/06/Logo-Juliol-musical-A3.jpg» title_text=»Logo-Juliol-musical-A3&#8243; _builder_version=»4.21.0&#8243; _module_preset=»default» width=»70%» width_tablet=»40%» width_phone=»40%» width_last_edited=»on|phone» custom_margin=»0px||||false|false» global_colors_info=»{}»][/et_pb_image][/et_pb_column][et_pb_column type=»3_5&#8243; _builder_version=»4.17.4&#8243; _module_preset=»default» global_colors_info=»{}»][et_pb_text _builder_version=»4.21.0&#8243; _module_preset=»default» global_colors_info=»{}»]</p>
<p><span style="color: #008080;">VIERNES, </span><strong><span style="color: #333399;">30 </span></strong><span style="color: #008080;">DE JUNIO</span><br /><strong>Ensemble de Bombardinos Vicente Costa</strong><br />Memòries històriques: un viatge a través dels records<br />Hora: 20.00 h<br />Lugar: delante de la Casa de Cultura</p>
<p><span style="color: #008080;">SÁBADO, <strong><span style="color: #333399;">1</span></strong> DE JULIO</span><br /><strong>Púrpura Pansa </strong><br /><em>Pasión</em><br />Hora: 22.30 h<br />Lugar: parque de la Música</p>
<p><span style="color: #008080;">SÁBADO, <strong><span style="color: #333399;">8</span></strong> DE JULIO</span><br /><strong>Concierto de la Banda Sinfónica de Museros</strong><br /><strong>con la compañía Danza Fusión</strong><br /><em>Concierto de danza española</em><br />Hora: 22.30 h<br />Lugar: avenida de la Creu</p>
<p><span style="color: #008080;">DOMINGO, <strong><span style="color: #333399;">9</span></strong> DE JULIO</span><br /><strong>Sonanta</strong><br /><em>Serrat flamenc@</em><br />Hora: 22.30 h<br />Lugar: parque de la Música</p>
<p><span style="color: #008080;">DOMINGO, <span style="color: #333399;"><strong>16</strong></span> DE JULIO</span><br /><strong><em>Les Arts amb tu</em></strong><br />Concierto de cámara de la sección de metales<br />de la Orquestra de la Comunitat Valenciana<br />Hora: 22.00 h<br />Lugar: delante de la Casa de Cultura</p>
<p>Entrada gratuita.</p>
<p>[/et_pb_text][/et_pb_column][/et_pb_row][et_pb_row _builder_version=»4.17.4&#8243; _module_preset=»default» global_colors_info=»{}»][et_pb_column type=»4_4&#8243; _builder_version=»4.17.4&#8243; _module_preset=»default» global_colors_info=»{}»][et_pb_image src=»https://museros.org/wp-content/uploads/2023/06/Grupo-Juliol-musical-A3.jpg» title_text=»Grupo-Juliol-musical-A3&#8243; _builder_version=»4.21.0&#8243; _module_preset=»default» global_colors_info=»{}»][/et_pb_image][/et_pb_column][/et_pb_row][/et_pb_section]</p>

<p>VIERNES, 30 DE JUNIOEnsemble de Bombardinos Vicente CostaMemòries històriques: un viatge a través dels recordsHora: 20.00 hLugar: delante de la Casa de Cultura SÁBADO, 1 DE JULIOPúrpura Pansa PasiónHora: 22.30 hLugar: parque de la Música SÁBADO, 8 DE JULIOConcierto de la Banda Sinfónica de Museroscon la compañía Danza FusiónConcierto de danza españolaHora: 22.30 hLugar: avenida [&hellip;]</p>
