{"id":264722,"date":"2023-06-07T12:01:24","date_gmt":"2023-06-07T12:01:24","guid":{"rendered":"https:\/\/museros.org\/inici\/?page_id=264722"},"modified":"2023-06-09T19:32:28","modified_gmt":"2023-06-09T19:32:28","slug":"juliol-musical-2023","status":"publish","type":"page","link":"https:\/\/museros.org\/inici\/juliol-musical-2023\/","title":{"rendered":"Juliol Musical 2023"},"content":{"rendered":"<p>[et_pb_section fb_built=\u00bb1&#8243; _builder_version=\u00bb4.17.4&#8243; _module_preset=\u00bbdefault\u00bb custom_margin=\u00bb0px||||false|false\u00bb custom_padding=\u00bb0px||||false|false\u00bb locked=\u00bboff\u00bb global_colors_info=\u00bb{}\u00bb][et_pb_row column_structure=\u00bb2_5,3_5&#8243; _builder_version=\u00bb4.17.4&#8243; _module_preset=\u00bbdefault\u00bb custom_margin=\u00bb0px||||false|false\u00bb custom_padding=\u00bb0px||||false|false\u00bb global_colors_info=\u00bb{}\u00bb][et_pb_column type=\u00bb2_5&#8243; _builder_version=\u00bb4.17.4&#8243; _module_preset=\u00bbdefault\u00bb global_colors_info=\u00bb{}\u00bb][et_pb_image src=\u00bbhttps:\/\/museros.org\/wp-content\/uploads\/2023\/06\/Logo-Juliol-musical-A3.jpg\u00bb title_text=\u00bbLogo-Juliol-musical-A3&#8243; src_tablet=\u00bbhttps:\/\/museros.org\/wp-content\/uploads\/2023\/06\/Logo-Juliol-musical-A3.jpg\u00bb src_phone=\u00bbhttps:\/\/museros.org\/wp-content\/uploads\/2023\/06\/Logo-Juliol-musical-A3.jpg\u00bb src_last_edited=\u00bbon|tablet\u00bb align_tablet=\u00bb\u00bb align_phone=\u00bb\u00bb align_last_edited=\u00bbon|phone\u00bb _builder_version=\u00bb4.21.0&#8243; _module_preset=\u00bbdefault\u00bb width=\u00bb70%\u00bb width_tablet=\u00bb40%\u00bb width_phone=\u00bb40%\u00bb width_last_edited=\u00bbon|phone\u00bb module_alignment=\u00bbleft\u00bb custom_margin=\u00bb0px||||false|false\u00bb global_colors_info=\u00bb{}\u00bb][\/et_pb_image][\/et_pb_column][et_pb_column type=\u00bb3_5&#8243; _builder_version=\u00bb4.17.4&#8243; _module_preset=\u00bbdefault\u00bb global_colors_info=\u00bb{}\u00bb][et_pb_text _builder_version=\u00bb4.21.0&#8243; _module_preset=\u00bbdefault\u00bb global_colors_info=\u00bb{}\u00bb]<\/p>\n<p><span style=\"color: #008080;\">DIVENDRES, <\/span><strong><span style=\"color: #333399;\">30 <\/span><\/strong><span style=\"color: #008080;\">DE JUNY<\/span><br \/><strong>Ensemble de Bombardinos Vicente Costa<\/strong><br \/><em>Mem\u00f2ries hist\u00f2riques: un viatge a trav\u00e9s dels records<\/em><br \/>Hora: 20.00 h<br \/>Lloc: davant la Casa de Cultura<\/p>\n<p><span style=\"color: #008080;\">DISSABTE, <strong><span style=\"color: #333399;\">1<\/span><\/strong> DE JULIOL<\/span><br \/><strong>P\u00farpura Pansa <\/strong><br \/><em>Pasi\u00f3n<\/em><br \/>Hora: 22.30 h<br \/>Lloc: parc de la M\u00fasica<\/p>\n<p><span style=\"color: #008080;\">DISSABTE, <strong><span style=\"color: #333399;\">8<\/span><\/strong> DE JULIOL<\/span><br \/><strong>Concert de la Banda Simf\u00f2nica de Museros<\/strong><br \/><strong>amb la companyia Danza Fusi\u00f3n<\/strong><br \/><em>Concert de dansa espanyola<\/em><br \/>Hora: 22.30 h<br \/>Lloc: avinguda de la Creu<\/p>\n<p><span style=\"color: #008080;\">DIUMENGE, <strong><span style=\"color: #333399;\">9<\/span><\/strong> DE JULIOL<\/span><br \/><strong>Sonanta<\/strong><br \/><em>Serrat flamenc@<\/em><br \/>Hora: 22.30 h<br \/>Lloc: parc de la M\u00fasica<\/p>\n<p><span style=\"color: #008080;\">DIUMENGE, <span style=\"color: #333399;\"><strong>16<\/strong><\/span> DE JULIOL<\/span><br \/><strong><em>Les Arts amb tu<\/em><\/strong><br \/>Concert de cambra de la secci\u00f3 de metalls<br \/>de l\u2019Orquestra de la Comunitat Valenciana<br \/>Hora: 22.00 h<br \/>Lloc: davant la Casa de Cultura<\/p>\n<p>Entrada gratu\u00efta.<\/p>\n<p>[\/et_pb_text][\/et_pb_column][\/et_pb_row][et_pb_row _builder_version=\u00bb4.17.4&#8243; _module_preset=\u00bbdefault\u00bb global_colors_info=\u00bb{}\u00bb][et_pb_column type=\u00bb4_4&#8243; _builder_version=\u00bb4.17.4&#8243; _module_preset=\u00bbdefault\u00bb global_colors_info=\u00bb{}\u00bb][et_pb_image src=\u00bbhttps:\/\/museros.org\/wp-content\/uploads\/2023\/06\/Grupo-Juliol-musical-A3.jpg\u00bb title_text=\u00bbGrupo-Juliol-musical-A3&#8243; _builder_version=\u00bb4.21.0&#8243; _module_preset=\u00bbdefault\u00bb global_colors_info=\u00bb{}\u00bb][\/et_pb_image][\/et_pb_column][\/et_pb_row][\/et_pb_section]<\/p>\n","protected":false},"excerpt":{"rendered":"<p>DIVENDRES, 30 DE JUNYEnsemble de Bombardinos Vicente CostaMem\u00f2ries hist\u00f2riques: un viatge a trav\u00e9s dels recordsHora: 20.00 hLloc: davant la Casa de Cultura DISSABTE, 1 DE JULIOLP\u00farpura Pansa Pasi\u00f3nHora: 22.30 hLloc: parc de la M\u00fasica DISSABTE, 8 DE JULIOLConcert de la Banda Simf\u00f2nica de Muserosamb la companyia Danza Fusi\u00f3nConcert de dansa espanyolaHora: 22.30 hLloc: avinguda de [&hellip;]<\/p>\n","protected":false},"author":8,"featured_media":0,"parent":0,"menu_order":0,"comment_status":"closed","ping_status":"closed","template":"","meta":{"_et_pb_use_builder":"on","_et_pb_old_content":"","_et_gb_content_width":"","_mc_calendar":[],"footnotes":""},"wf_page_folders":[995],"class_list":["post-264722","page","type-page","status-publish","hentry"],"_links":{"self":[{"href":"https:\/\/museros.org\/inici\/wp-json\/wp\/v2\/pages\/264722","targetHints":{"allow":["GET"]}}],"collection":[{"href":"https:\/\/museros.org\/inici\/wp-json\/wp\/v2\/pages"}],"about":[{"href":"https:\/\/museros.org\/inici\/wp-json\/wp\/v2\/types\/page"}],"author":[{"embeddable":true,"href":"https:\/\/museros.org\/inici\/wp-json\/wp\/v2\/users\/8"}],"replies":[{"embeddable":true,"href":"https:\/\/museros.org\/inici\/wp-json\/wp\/v2\/comments?post=264722"}],"version-history":[{"count":9,"href":"https:\/\/museros.org\/inici\/wp-json\/wp\/v2\/pages\/264722\/revisions"}],"predecessor-version":[{"id":264751,"href":"https:\/\/museros.org\/inici\/wp-json\/wp\/v2\/pages\/264722\/revisions\/264751"}],"wp:attachment":[{"href":"https:\/\/museros.org\/inici\/wp-json\/wp\/v2\/media?parent=264722"}],"wp:term":[{"taxonomy":"wf_page_folders","embeddable":true,"href":"https:\/\/museros.org\/inici\/wp-json\/wp\/v2\/wf_page_folders?post=264722"}],"curies":[{"name":"wp","href":"https:\/\/api.w.org\/{rel}","templated":true}]}}