{"id":264328,"date":"2023-04-21T11:34:14","date_gmt":"2023-04-21T11:34:14","guid":{"rendered":"https:\/\/museros.org\/inici\/?page_id=264328"},"modified":"2023-08-07T12:45:00","modified_gmt":"2023-08-07T12:45:00","slug":"dia-de-la-madre","status":"publish","type":"page","link":"https:\/\/museros.org\/inici\/es\/dia-de-la-madre\/","title":{"rendered":"D\u00eda de la madre"},"content":{"rendered":"<p>[et_pb_section fb_built=\u00bb1&#8243; _builder_version=\u00bb4.16&#8243; _module_preset=\u00bbdefault\u00bb custom_padding=\u00bb0px||||false|false\u00bb locked=\u00bboff\u00bb global_colors_info=\u00bb{}\u00bb theme_builder_area=\u00bbpost_content\u00bb][et_pb_row column_structure=\u00bb1_3,2_3&#8243; _builder_version=\u00bb4.16&#8243; _module_preset=\u00bbdefault\u00bb custom_margin=\u00bb0px||0px||false|false\u00bb custom_padding=\u00bb0px||0px||false|false\u00bb global_colors_info=\u00bb{}\u00bb theme_builder_area=\u00bbpost_content\u00bb][et_pb_column type=\u00bb1_3&#8243; _builder_version=\u00bb4.16&#8243; _module_preset=\u00bbdefault\u00bb global_colors_info=\u00bb{}\u00bb theme_builder_area=\u00bbpost_content\u00bb][et_pb_image src=\u00bbhttps:\/\/museros.org\/wp-content\/uploads\/2021\/06\/logo-comercio-cl-230&#215;180-1.jpg\u00bb title_text=\u00bblogo-comercio-cl-230&#215;180&#8243; url=\u00bbhttps:\/\/museros.org\/inici\/es\/area-de-comercio\u00bb use_overlay=\u00bbon\u00bb overlay_icon_color=\u00bb#E02B20&#8243; hover_overlay_color=\u00bbrgba(255,255,255,0.7)\u00bb hover_icon=\u00bb&#xe04d;||divi||400&#8243; align=\u00bbcenter\u00bb _builder_version=\u00bb4.20.4&#8243; _module_preset=\u00bbdefault\u00bb width=\u00bb100%\u00bb width_tablet=\u00bb\u00bb width_phone=\u00bb\u00bb width_last_edited=\u00bbon|phone\u00bb module_alignment=\u00bbcenter\u00bb custom_margin=\u00bb0px||0px||false|false\u00bb custom_padding=\u00bb0px||0px||false|false\u00bb hover_enabled=\u00bb0&#8243; global_colors_info=\u00bb{}\u00bb theme_builder_area=\u00bbpost_content\u00bb sticky_enabled=\u00bb0&#8243;][\/et_pb_image][\/et_pb_column][et_pb_column type=\u00bb2_3&#8243; _builder_version=\u00bb4.16&#8243; _module_preset=\u00bbdefault\u00bb global_colors_info=\u00bb{}\u00bb theme_builder_area=\u00bbpost_content\u00bb][et_pb_image src=\u00bbhttps:\/\/museros.org\/wp-content\/uploads\/2023\/04\/dia-de-la-mama-800&#215;800-1.jpg\u00bb title_text=\u00bbdia-de-la-mama-800&#215;800&#8243; _builder_version=\u00bb4.20.4&#8243; _module_preset=\u00bbdefault\u00bb hover_enabled=\u00bb0&#8243; global_colors_info=\u00bb{}\u00bb theme_builder_area=\u00bbpost_content\u00bb sticky_enabled=\u00bb0&#8243;][\/et_pb_image][et_pb_text _builder_version=\u00bb4.20.4&#8243; _module_preset=\u00bbdefault\u00bb theme_builder_area=\u00bbpost_content\u00bb hover_enabled=\u00bb0&#8243; sticky_enabled=\u00bb0&#8243;]<\/p>\n<h1>CAMPA\u00d1A DE COMERCIO D\u00cdA DE LA MADRE<\/h1>\n<p><strong>Lo mejor para mam\u00e1<\/strong><\/p>\n<p>Con el lema \u00a8Lo mejor para mam\u00e1\u00a8 el Ayuntamiento de Museros, organiza a trav\u00e9s de la Concejal\u00eda de Comercio y CAMU (Comercios Asociados de Museros) y con la colaboraci\u00f3n de Caixa Popular, la campa\u00f1a comercial con motivo del D\u00eda de la Madre, con el mismo objetivo de las campa\u00f1as anteriores y que tanto \u00e9xito est\u00e1n teniendo, seguir incentivando a los consumidores, a trav\u00e9s de los premios que pueden conseguir al realizar sus compras en el comercio local, o utilizar cualquiera de los servicios de profesionales o de restauraci\u00f3n de la localidad y de paso y sobre todo, hacer entender a la poblaci\u00f3n de la importancia de este sector en la econom\u00eda de nuestro municipio.<\/p>\n<p>Esta iniciativa es una continuidad de la l\u00ednea de trabajo que hasta ahora ha mantenido el equipo de Gobierno, la Asociaci\u00f3n de Comerciantes y la entidad Caixa Popular, para apoyar y defender al sector comercial tradicional, profesional y de restauraci\u00f3n del municipio de Museros.<\/p>\n<p>Esta campa\u00f1a, en la que se invita a los ciudadanos a realizar sus compras en cualquiera de los comercios de Museros, incluye el sorteo de 23 tarjetas monedero por valor de 50 \u20ac cada una para consumir en los comercios y profesionales asociados a CAMU, dichas tarjetas se sortear\u00e1n entre aquellas compras realizadas entre los d\u00edas 24 de abril y 15 de mayo, ambos inclusive. En esta acci\u00f3n comercial podr\u00e1n participar cualquier comercio, hosteler\u00eda o servicios profesionales de Museros, exceptuando franquicias o grandes superficies.<\/p>\n<p>Al efectuar las compras (MINIMO 10\u20ac) en cualquiera de los comercios, se deber\u00e1 rellenar el pasaporte, indicando nombre y tel\u00e9fono, a fin de poder contactar en caso de resultar ganadores de alguna de las tarjetas monedero y adjuntar el ticket de compra. Los comercios que deseen participar podr\u00e1n recoger los pasaportes en el Ayuntamiento en el horario habitual.<\/p>\n<p>En el ticket o cualquier otro documento equivalente deber\u00e1n figurar los datos del comercio, del profesional o del local de restauraci\u00f3n donde se haya efectuado el gasto.<\/p>\n<p>Los tickets se depositar\u00e1n en el Ayuntamiento de Museros en lugar habilitado para ello, en horario de 09.00 a 14.00 horas (excepto festivos) hasta el d\u00eda 16 de mayo, entre todos aquellos tickets o comprobantes del gasto que cumplan todos los requisitos, se sortear\u00e1n los premios.<\/p>\n<p>El sorteo tendr\u00e1 lugar el martes 18 de mayo. La entrega de premios ser\u00e1 en el Sal\u00f3n de Plenos del Ayuntamiento el jueves 1 de junio a las 20.00 horas.<\/p>\n<p>&nbsp;<\/p>\n<p>[\/et_pb_text][\/et_pb_column][\/et_pb_row][et_pb_row _builder_version=\u00bb4.16&#8243; _module_preset=\u00bbdefault\u00bb custom_margin=\u00bb50px||0px||false|false\u00bb custom_padding=\u00bb0px||0px||false|false\u00bb global_colors_info=\u00bb{}\u00bb theme_builder_area=\u00bbpost_content\u00bb][et_pb_column type=\u00bb4_4&#8243; _builder_version=\u00bb4.16&#8243; _module_preset=\u00bbdefault\u00bb global_colors_info=\u00bb{}\u00bb theme_builder_area=\u00bbpost_content\u00bb][et_pb_divider color=\u00bb#E02B20&#8243; divider_weight=\u00bb4px\u00bb _builder_version=\u00bb4.16&#8243; _module_preset=\u00bbdefault\u00bb custom_margin=\u00bb0px||0px||false|false\u00bb custom_padding=\u00bb0px||0px||false|false\u00bb global_colors_info=\u00bb{}\u00bb theme_builder_area=\u00bbpost_content\u00bb][\/et_pb_divider][\/et_pb_column][\/et_pb_row][\/et_pb_section]<\/p>\n","protected":false},"excerpt":{"rendered":"<p>CAMPA\u00d1A DE COMERCIO D\u00cdA DE LA MADRE Lo mejor para mam\u00e1 Con el lema \u00a8Lo mejor para mam\u00e1\u00a8 el Ayuntamiento de Museros, organiza a trav\u00e9s de la Concejal\u00eda de Comercio y CAMU (Comercios Asociados de Museros) y con la colaboraci\u00f3n de Caixa Popular, la campa\u00f1a comercial con motivo del D\u00eda de la Madre, con el [&hellip;]<\/p>\n","protected":false},"author":8,"featured_media":0,"parent":0,"menu_order":0,"comment_status":"closed","ping_status":"closed","template":"","meta":{"_et_pb_use_builder":"on","_et_pb_old_content":"","_et_gb_content_width":"","_mc_calendar":[],"footnotes":""},"wf_page_folders":[294],"class_list":["post-264328","page","type-page","status-publish","hentry"],"_links":{"self":[{"href":"https:\/\/museros.org\/inici\/wp-json\/wp\/v2\/pages\/264328","targetHints":{"allow":["GET"]}}],"collection":[{"href":"https:\/\/museros.org\/inici\/wp-json\/wp\/v2\/pages"}],"about":[{"href":"https:\/\/museros.org\/inici\/wp-json\/wp\/v2\/types\/page"}],"author":[{"embeddable":true,"href":"https:\/\/museros.org\/inici\/wp-json\/wp\/v2\/users\/8"}],"replies":[{"embeddable":true,"href":"https:\/\/museros.org\/inici\/wp-json\/wp\/v2\/comments?post=264328"}],"version-history":[{"count":2,"href":"https:\/\/museros.org\/inici\/wp-json\/wp\/v2\/pages\/264328\/revisions"}],"predecessor-version":[{"id":264331,"href":"https:\/\/museros.org\/inici\/wp-json\/wp\/v2\/pages\/264328\/revisions\/264331"}],"wp:attachment":[{"href":"https:\/\/museros.org\/inici\/wp-json\/wp\/v2\/media?parent=264328"}],"wp:term":[{"taxonomy":"wf_page_folders","embeddable":true,"href":"https:\/\/museros.org\/inici\/wp-json\/wp\/v2\/wf_page_folders?post=264328"}],"curies":[{"name":"wp","href":"https:\/\/api.w.org\/{rel}","templated":true}]}}

Día de la madre

<p>[et_pb_section fb_built=»1&#8243; _builder_version=»4.16&#8243; _module_preset=»default» custom_padding=»0px||||false|false» locked=»off» global_colors_info=»{}» theme_builder_area=»post_content»][et_pb_row column_structure=»1_3,2_3&#8243; _builder_version=»4.16&#8243; _module_preset=»default» custom_margin=»0px||0px||false|false» custom_padding=»0px||0px||false|false» global_colors_info=»{}» theme_builder_area=»post_content»][et_pb_column type=»1_3&#8243; _builder_version=»4.16&#8243; _module_preset=»default» global_colors_info=»{}» theme_builder_area=»post_content»][et_pb_image src=»https://museros.org/wp-content/uploads/2021/06/logo-comercio-cl-230&#215;180-1.jpg» title_text=»logo-comercio-cl-230&#215;180&#8243; url=»https://museros.org/inici/es/area-de-comercio» use_overlay=»on» overlay_icon_color=»#E02B20&#8243; hover_overlay_color=»rgba(255,255,255,0.7)» hover_icon=»&#xe04d;||divi||400&#8243; align=»center» _builder_version=»4.20.4&#8243; _module_preset=»default» width=»100%» width_tablet=»» width_phone=»» width_last_edited=»on|phone» module_alignment=»center» custom_margin=»0px||0px||false|false» custom_padding=»0px||0px||false|false» hover_enabled=»0&#8243; global_colors_info=»{}» theme_builder_area=»post_content» sticky_enabled=»0&#8243;][/et_pb_image][/et_pb_column][et_pb_column type=»2_3&#8243; _builder_version=»4.16&#8243; _module_preset=»default» global_colors_info=»{}» theme_builder_area=»post_content»][et_pb_image src=»https://museros.org/wp-content/uploads/2023/04/dia-de-la-mama-800&#215;800-1.jpg» title_text=»dia-de-la-mama-800&#215;800&#8243; _builder_version=»4.20.4&#8243; _module_preset=»default» hover_enabled=»0&#8243; global_colors_info=»{}» theme_builder_area=»post_content» sticky_enabled=»0&#8243;][/et_pb_image][et_pb_text _builder_version=»4.20.4&#8243; _module_preset=»default» theme_builder_area=»post_content» hover_enabled=»0&#8243; sticky_enabled=»0&#8243;]</p>
<h1>CAMPAÑA DE COMERCIO DÍA DE LA MADRE</h1>
<p><strong>Lo mejor para mamá</strong></p>
<p>Con el lema ¨Lo mejor para mamá¨ el Ayuntamiento de Museros, organiza a través de la Concejalía de Comercio y CAMU (Comercios Asociados de Museros) y con la colaboración de Caixa Popular, la campaña comercial con motivo del Día de la Madre, con el mismo objetivo de las campañas anteriores y que tanto éxito están teniendo, seguir incentivando a los consumidores, a través de los premios que pueden conseguir al realizar sus compras en el comercio local, o utilizar cualquiera de los servicios de profesionales o de restauración de la localidad y de paso y sobre todo, hacer entender a la población de la importancia de este sector en la economía de nuestro municipio.</p>
<p>Esta iniciativa es una continuidad de la línea de trabajo que hasta ahora ha mantenido el equipo de Gobierno, la Asociación de Comerciantes y la entidad Caixa Popular, para apoyar y defender al sector comercial tradicional, profesional y de restauración del municipio de Museros.</p>
<p>Esta campaña, en la que se invita a los ciudadanos a realizar sus compras en cualquiera de los comercios de Museros, incluye el sorteo de 23 tarjetas monedero por valor de 50 € cada una para consumir en los comercios y profesionales asociados a CAMU, dichas tarjetas se sortearán entre aquellas compras realizadas entre los días 24 de abril y 15 de mayo, ambos inclusive. En esta acción comercial podrán participar cualquier comercio, hostelería o servicios profesionales de Museros, exceptuando franquicias o grandes superficies.</p>
<p>Al efectuar las compras (MINIMO 10€) en cualquiera de los comercios, se deberá rellenar el pasaporte, indicando nombre y teléfono, a fin de poder contactar en caso de resultar ganadores de alguna de las tarjetas monedero y adjuntar el ticket de compra. Los comercios que deseen participar podrán recoger los pasaportes en el Ayuntamiento en el horario habitual.</p>
<p>En el ticket o cualquier otro documento equivalente deberán figurar los datos del comercio, del profesional o del local de restauración donde se haya efectuado el gasto.</p>
<p>Los tickets se depositarán en el Ayuntamiento de Museros en lugar habilitado para ello, en horario de 09.00 a 14.00 horas (excepto festivos) hasta el día 16 de mayo, entre todos aquellos tickets o comprobantes del gasto que cumplan todos los requisitos, se sortearán los premios.</p>
<p>El sorteo tendrá lugar el martes 18 de mayo. La entrega de premios será en el Salón de Plenos del Ayuntamiento el jueves 1 de junio a las 20.00 horas.</p>
<p>&nbsp;</p>
<p>[/et_pb_text][/et_pb_column][/et_pb_row][et_pb_row _builder_version=»4.16&#8243; _module_preset=»default» custom_margin=»50px||0px||false|false» custom_padding=»0px||0px||false|false» global_colors_info=»{}» theme_builder_area=»post_content»][et_pb_column type=»4_4&#8243; _builder_version=»4.16&#8243; _module_preset=»default» global_colors_info=»{}» theme_builder_area=»post_content»][et_pb_divider color=»#E02B20&#8243; divider_weight=»4px» _builder_version=»4.16&#8243; _module_preset=»default» custom_margin=»0px||0px||false|false» custom_padding=»0px||0px||false|false» global_colors_info=»{}» theme_builder_area=»post_content»][/et_pb_divider][/et_pb_column][/et_pb_row][/et_pb_section]</p>

<p>CAMPAÑA DE COMERCIO DÍA DE LA MADRE Lo mejor para mamá Con el lema ¨Lo mejor para mamá¨ el Ayuntamiento de Museros, organiza a través de la Concejalía de Comercio y CAMU (Comercios Asociados de Museros) y con la colaboración de Caixa Popular, la campaña comercial con motivo del Día de la Madre, con el [&hellip;]</p>
