{"id":264323,"date":"2023-04-21T11:30:55","date_gmt":"2023-04-21T11:30:55","guid":{"rendered":"https:\/\/museros.org\/inici\/?page_id=264323"},"modified":"2023-04-21T11:30:55","modified_gmt":"2023-04-21T11:30:55","slug":"dia-de-la-mare","status":"publish","type":"page","link":"https:\/\/museros.org\/inici\/dia-de-la-mare\/","title":{"rendered":"Dia de la mare"},"content":{"rendered":"<p>[et_pb_section fb_built=\u00bb1&#8243; _builder_version=\u00bb4.16&#8243; _module_preset=\u00bbdefault\u00bb custom_padding=\u00bb0px||||false|false\u00bb locked=\u00bboff\u00bb global_colors_info=\u00bb{}\u00bb theme_builder_area=\u00bbpost_content\u00bb][et_pb_row column_structure=\u00bb1_3,2_3&#8243; _builder_version=\u00bb4.16&#8243; _module_preset=\u00bbdefault\u00bb custom_margin=\u00bb0px||0px||false|false\u00bb custom_padding=\u00bb0px||0px||false|false\u00bb global_colors_info=\u00bb{}\u00bb theme_builder_area=\u00bbpost_content\u00bb][et_pb_column type=\u00bb1_3&#8243; _builder_version=\u00bb4.16&#8243; _module_preset=\u00bbdefault\u00bb global_colors_info=\u00bb{}\u00bb theme_builder_area=\u00bbpost_content\u00bb][et_pb_image src=\u00bbhttps:\/\/museros.org\/wp-content\/uploads\/2021\/08\/logo-comerc\u0327-cl-230&#215;180-1.jpg\u00bb title_text=\u00bblogo-comerc\u0327-cl-230&#215;180&#8243; url=\u00bbhttps:\/\/museros.org\/inici\/area-de-comerc\u00bb use_overlay=\u00bbon\u00bb overlay_icon_color=\u00bb#E02B20&#8243; hover_overlay_color=\u00bbrgba(255,255,255,0.7)\u00bb hover_icon=\u00bb&#xe04d;||divi||400&#8243; align=\u00bbcenter\u00bb _builder_version=\u00bb4.17.3&#8243; _module_preset=\u00bbdefault\u00bb width=\u00bb100%\u00bb width_tablet=\u00bb\u00bb width_phone=\u00bb\u00bb width_last_edited=\u00bbon|phone\u00bb module_alignment=\u00bbcenter\u00bb custom_margin=\u00bb0px||0px||false|false\u00bb custom_padding=\u00bb0px||0px||false|false\u00bb global_colors_info=\u00bb{}\u00bb theme_builder_area=\u00bbpost_content\u00bb][\/et_pb_image][\/et_pb_column][et_pb_column type=\u00bb2_3&#8243; _builder_version=\u00bb4.16&#8243; _module_preset=\u00bbdefault\u00bb global_colors_info=\u00bb{}\u00bb theme_builder_area=\u00bbpost_content\u00bb][et_pb_image src=\u00bbhttps:\/\/museros.org\/wp-content\/uploads\/2023\/04\/dia-de-la-mama-800&#215;800-1.jpg\u00bb title_text=\u00bbdia-de-la-mama-800&#215;800&#8243; _builder_version=\u00bb4.20.4&#8243; _module_preset=\u00bbdefault\u00bb hover_enabled=\u00bb0&#8243; global_colors_info=\u00bb{}\u00bb theme_builder_area=\u00bbpost_content\u00bb sticky_enabled=\u00bb0&#8243;][\/et_pb_image][et_pb_text _builder_version=\u00bb4.20.4&#8243; _module_preset=\u00bbdefault\u00bb theme_builder_area=\u00bbpost_content\u00bb hover_enabled=\u00bb0&#8243; sticky_enabled=\u00bb0&#8243;]<\/p>\n<h1>CAMPANYA DE COMER\u00c7 DEL DIA DE LA MARE<\/h1>\n<p><strong>El millor per a mam\u00e0<\/strong><\/p>\n<p>Amb el lema \u201cEl millor per a mam\u00e0\u201d, l&#8217;Ajuntament de Museros, i en concret, la Regidoria de Comer\u00e7 conjuntament amb CAMU (Comer\u00e7os Associats de Museros) i amb la col\u00b7laboraci\u00f3 de Caixa Popular, portar\u00e0 a terme aquesta campanya comercial amb motiu del Dia de la Mare, amb el mateix objectiu que en les campanyes anteriors i que tant d&#8217;\u00e8xit van tindre, \u00e9s a dir, continuar incentivant els consumidors i les consumidores a realitzar les seues compres en el comer\u00e7 local ja que aquest sector \u00e9s molt important en l\u2019economia del nostre municipi.<\/p>\n<p>Mitjan\u00e7ant premis, que es poden aconseguir en realitzar les seues compres en el comer\u00e7 local, o en utilitzar qualsevol dels serveis de professionals o de restauraci\u00f3 de la localitat, es pret\u00e9n continuar la l\u00ednia que fins ara ha mantingut l\u2019Equip de Govern, l\u2019Associaci\u00f3 de Comerciants i l\u2019entitat Caixa Popular, per tal de donar suport i defensar el sector tradicional, professional i de restauraci\u00f3 del municipi de Museros.<\/p>\n<p>En aquesta campanya, en la qual es convida els ciutadans i les ciutadanes a realitzar les seues compres en qualssevol dels comer\u00e7os de Museros, s\u2019inclou el sorteig de 23 targetes moneder per valor de 50 \u20ac, cadascuna, per a consumir en els comer\u00e7os i professionals associats a CAMU.<\/p>\n<p>Aquestes targetes se sortejaran entre les compres realitzades del 24 d&#8217;abril al 15 de maig, tots dos inclosos. En aquesta acci\u00f3 comercial, podr\u00e0 participar qualsevol comer\u00e7, bars, cafeteries, restaurants o servei professional de Museros, excepte franqu\u00edcies o grans superf\u00edcies.<\/p>\n<p>En efectuar compres de 10 \u20ac, com a m\u00ednim, en qualsevol dels comer\u00e7os de la poblaci\u00f3, s&#8217;haur\u00e0 d&#8217;omplir el passaport, en el qual s\u2019indicar\u00e0 el nom i el tel\u00e8fon de la persona participant en la campanya per si fora guanyadora d\u2019alguna de les targetes moneder, i a m\u00e9s, haur\u00e0 d\u2019adjuntar el tiquet de compra.<br \/>Els comer\u00e7os que desitgen participar podran recollir els passaports a l&#8217;Ajuntament, en l&#8217;horari habitual.<\/p>\n<p>En el tiquet, o en qualsevol altre document equivalent, hauran de figurar les dades del comer\u00e7, del professional o del local de restauraci\u00f3 on s&#8217;haja efectuat la despesa.<\/p>\n<p>Els tiquets es depositaran a l&#8217;Ajuntament de Museros en lloc habilitat per a aquest motiu, en horari de 09.00 h a 14.00 h (excepte festius) fins al dia 16 de maig, i entre tots aquells tiquets o comprovants de la despesa que complisquen tots els requisits, se sortejaran els premis.<\/p>\n<p>El sorteig tindr\u00e0 lloc dimarts 18 de maig, i el lliurament de premis ser\u00e0 en el sal\u00f3 de plens de l&#8217;Ajuntament, dijous 1 de juny, a les 20.00 h.<\/p>\n<p>[\/et_pb_text][\/et_pb_column][\/et_pb_row][et_pb_row _builder_version=\u00bb4.16&#8243; _module_preset=\u00bbdefault\u00bb custom_margin=\u00bb50px||0px||false|false\u00bb custom_padding=\u00bb0px||0px||false|false\u00bb global_colors_info=\u00bb{}\u00bb theme_builder_area=\u00bbpost_content\u00bb][et_pb_column type=\u00bb4_4&#8243; _builder_version=\u00bb4.16&#8243; _module_preset=\u00bbdefault\u00bb global_colors_info=\u00bb{}\u00bb theme_builder_area=\u00bbpost_content\u00bb][et_pb_divider color=\u00bb#E02B20&#8243; divider_weight=\u00bb4px\u00bb _builder_version=\u00bb4.16&#8243; _module_preset=\u00bbdefault\u00bb custom_margin=\u00bb0px||0px||false|false\u00bb custom_padding=\u00bb0px||0px||false|false\u00bb global_colors_info=\u00bb{}\u00bb theme_builder_area=\u00bbpost_content\u00bb][\/et_pb_divider][\/et_pb_column][\/et_pb_row][\/et_pb_section]<\/p>\n","protected":false},"excerpt":{"rendered":"<p>CAMPANYA DE COMER\u00c7 DEL DIA DE LA MARE El millor per a mam\u00e0 Amb el lema \u201cEl millor per a mam\u00e0\u201d, l&#8217;Ajuntament de Museros, i en concret, la Regidoria de Comer\u00e7 conjuntament amb CAMU (Comer\u00e7os Associats de Museros) i amb la col\u00b7laboraci\u00f3 de Caixa Popular, portar\u00e0 a terme aquesta campanya comercial amb motiu del Dia [&hellip;]<\/p>\n","protected":false},"author":8,"featured_media":0,"parent":0,"menu_order":0,"comment_status":"closed","ping_status":"closed","template":"","meta":{"_et_pb_use_builder":"on","_et_pb_old_content":"","_et_gb_content_width":"","_mc_calendar":[],"footnotes":""},"wf_page_folders":[294],"class_list":["post-264323","page","type-page","status-publish","hentry"],"_links":{"self":[{"href":"https:\/\/museros.org\/inici\/wp-json\/wp\/v2\/pages\/264323","targetHints":{"allow":["GET"]}}],"collection":[{"href":"https:\/\/museros.org\/inici\/wp-json\/wp\/v2\/pages"}],"about":[{"href":"https:\/\/museros.org\/inici\/wp-json\/wp\/v2\/types\/page"}],"author":[{"embeddable":true,"href":"https:\/\/museros.org\/inici\/wp-json\/wp\/v2\/users\/8"}],"replies":[{"embeddable":true,"href":"https:\/\/museros.org\/inici\/wp-json\/wp\/v2\/comments?post=264323"}],"version-history":[{"count":2,"href":"https:\/\/museros.org\/inici\/wp-json\/wp\/v2\/pages\/264323\/revisions"}],"predecessor-version":[{"id":264327,"href":"https:\/\/museros.org\/inici\/wp-json\/wp\/v2\/pages\/264323\/revisions\/264327"}],"wp:attachment":[{"href":"https:\/\/museros.org\/inici\/wp-json\/wp\/v2\/media?parent=264323"}],"wp:term":[{"taxonomy":"wf_page_folders","embeddable":true,"href":"https:\/\/museros.org\/inici\/wp-json\/wp\/v2\/wf_page_folders?post=264323"}],"curies":[{"name":"wp","href":"https:\/\/api.w.org\/{rel}","templated":true}]}}

<p>[et_pb_section fb_built=»1&#8243; _builder_version=»4.16&#8243; _module_preset=»default» custom_padding=»0px||||false|false» locked=»off» global_colors_info=»{}» theme_builder_area=»post_content»][et_pb_row column_structure=»1_3,2_3&#8243; _builder_version=»4.16&#8243; _module_preset=»default» custom_margin=»0px||0px||false|false» custom_padding=»0px||0px||false|false» global_colors_info=»{}» theme_builder_area=»post_content»][et_pb_column type=»1_3&#8243; _builder_version=»4.16&#8243; _module_preset=»default» global_colors_info=»{}» theme_builder_area=»post_content»][et_pb_image src=»https://museros.org/wp-content/uploads/2021/08/logo-comerç-cl-230&#215;180-1.jpg» title_text=»logo-comerç-cl-230&#215;180&#8243; url=»https://museros.org/inici/area-de-comerc» use_overlay=»on» overlay_icon_color=»#E02B20&#8243; hover_overlay_color=»rgba(255,255,255,0.7)» hover_icon=»&#xe04d;||divi||400&#8243; align=»center» _builder_version=»4.17.3&#8243; _module_preset=»default» width=»100%» width_tablet=»» width_phone=»» width_last_edited=»on|phone» module_alignment=»center» custom_margin=»0px||0px||false|false» custom_padding=»0px||0px||false|false» global_colors_info=»{}» theme_builder_area=»post_content»][/et_pb_image][/et_pb_column][et_pb_column type=»2_3&#8243; _builder_version=»4.16&#8243; _module_preset=»default» global_colors_info=»{}» theme_builder_area=»post_content»][et_pb_image src=»https://museros.org/wp-content/uploads/2023/04/dia-de-la-mama-800&#215;800-1.jpg» title_text=»dia-de-la-mama-800&#215;800&#8243; _builder_version=»4.20.4&#8243; _module_preset=»default» hover_enabled=»0&#8243; global_colors_info=»{}» theme_builder_area=»post_content» sticky_enabled=»0&#8243;][/et_pb_image][et_pb_text _builder_version=»4.20.4&#8243; _module_preset=»default» theme_builder_area=»post_content» hover_enabled=»0&#8243; sticky_enabled=»0&#8243;]</p>
<h1>CAMPANYA DE COMERÇ DEL DIA DE LA MARE</h1>
<p><strong>El millor per a mamà</strong></p>
<p>Amb el lema “El millor per a mamà”, l&#8217;Ajuntament de Museros, i en concret, la Regidoria de Comerç conjuntament amb CAMU (Comerços Associats de Museros) i amb la col·laboració de Caixa Popular, portarà a terme aquesta campanya comercial amb motiu del Dia de la Mare, amb el mateix objectiu que en les campanyes anteriors i que tant d&#8217;èxit van tindre, és a dir, continuar incentivant els consumidors i les consumidores a realitzar les seues compres en el comerç local ja que aquest sector és molt important en l’economia del nostre municipi.</p>
<p>Mitjançant premis, que es poden aconseguir en realitzar les seues compres en el comerç local, o en utilitzar qualsevol dels serveis de professionals o de restauració de la localitat, es pretén continuar la línia que fins ara ha mantingut l’Equip de Govern, l’Associació de Comerciants i l’entitat Caixa Popular, per tal de donar suport i defensar el sector tradicional, professional i de restauració del municipi de Museros.</p>
<p>En aquesta campanya, en la qual es convida els ciutadans i les ciutadanes a realitzar les seues compres en qualssevol dels comerços de Museros, s’inclou el sorteig de 23 targetes moneder per valor de 50 €, cadascuna, per a consumir en els comerços i professionals associats a CAMU.</p>
<p>Aquestes targetes se sortejaran entre les compres realitzades del 24 d&#8217;abril al 15 de maig, tots dos inclosos. En aquesta acció comercial, podrà participar qualsevol comerç, bars, cafeteries, restaurants o servei professional de Museros, excepte franquícies o grans superfícies.</p>
<p>En efectuar compres de 10 €, com a mínim, en qualsevol dels comerços de la població, s&#8217;haurà d&#8217;omplir el passaport, en el qual s’indicarà el nom i el telèfon de la persona participant en la campanya per si fora guanyadora d’alguna de les targetes moneder, i a més, haurà d’adjuntar el tiquet de compra.<br />Els comerços que desitgen participar podran recollir els passaports a l&#8217;Ajuntament, en l&#8217;horari habitual.</p>
<p>En el tiquet, o en qualsevol altre document equivalent, hauran de figurar les dades del comerç, del professional o del local de restauració on s&#8217;haja efectuat la despesa.</p>
<p>Els tiquets es depositaran a l&#8217;Ajuntament de Museros en lloc habilitat per a aquest motiu, en horari de 09.00 h a 14.00 h (excepte festius) fins al dia 16 de maig, i entre tots aquells tiquets o comprovants de la despesa que complisquen tots els requisits, se sortejaran els premis.</p>
<p>El sorteig tindrà lloc dimarts 18 de maig, i el lliurament de premis serà en el saló de plens de l&#8217;Ajuntament, dijous 1 de juny, a les 20.00 h.</p>
<p>[/et_pb_text][/et_pb_column][/et_pb_row][et_pb_row _builder_version=»4.16&#8243; _module_preset=»default» custom_margin=»50px||0px||false|false» custom_padding=»0px||0px||false|false» global_colors_info=»{}» theme_builder_area=»post_content»][et_pb_column type=»4_4&#8243; _builder_version=»4.16&#8243; _module_preset=»default» global_colors_info=»{}» theme_builder_area=»post_content»][et_pb_divider color=»#E02B20&#8243; divider_weight=»4px» _builder_version=»4.16&#8243; _module_preset=»default» custom_margin=»0px||0px||false|false» custom_padding=»0px||0px||false|false» global_colors_info=»{}» theme_builder_area=»post_content»][/et_pb_divider][/et_pb_column][/et_pb_row][/et_pb_section]</p>

<p>CAMPANYA DE COMERÇ DEL DIA DE LA MARE El millor per a mamà Amb el lema “El millor per a mamà”, l&#8217;Ajuntament de Museros, i en concret, la Regidoria de Comerç conjuntament amb CAMU (Comerços Associats de Museros) i amb la col·laboració de Caixa Popular, portarà a terme aquesta campanya comercial amb motiu del Dia [&hellip;]</p>
