{"id":263949,"date":"2023-03-20T13:59:54","date_gmt":"2023-03-20T13:59:54","guid":{"rendered":"https:\/\/museros.org\/inici\/?page_id=263949"},"modified":"2023-03-20T14:36:49","modified_gmt":"2023-03-20T14:36:49","slug":"pge-version-preliminar","status":"publish","type":"page","link":"https:\/\/museros.org\/inici\/es\/pge-version-preliminar\/","title":{"rendered":"PGE &#8211; Versi\u00f3n Preliminar"},"content":{"rendered":"<p>[et_pb_section fb_built=\u00bb1&#8243; _builder_version=\u00bb4.16&#8243; _module_preset=\u00bbdefault\u00bb custom_padding=\u00bb0px||||false|false\u00bb locked=\u00bboff\u00bb global_colors_info=\u00bb{}\u00bb][et_pb_row column_structure=\u00bb1_4,3_4&#8243; _builder_version=\u00bb4.16&#8243; _module_preset=\u00bbdefault\u00bb custom_margin=\u00bb0px||0px||false|false\u00bb custom_padding=\u00bb0px||0px||false|false\u00bb locked=\u00bboff\u00bb global_colors_info=\u00bb{}\u00bb][et_pb_column type=\u00bb1_4&#8243; _builder_version=\u00bb4.16&#8243; _module_preset=\u00bbdefault\u00bb global_colors_info=\u00bb{}\u00bb][et_pb_image src=\u00bbhttps:\/\/museros.org\/wp-content\/uploads\/2023\/03\/version-preliminar-230&#215;184-1.jpg\u00bb title_text=\u00bbversion-preliminar-230&#215;184&#8243; url=\u00bbhttps:\/\/museros.org\/inici\/es\/area-de-urbanismo\u00bb use_overlay=\u00bbon\u00bb overlay_icon_color=\u00bb#E02B20&#8243; hover_overlay_color=\u00bbrgba(255,255,255,0.7)\u00bb hover_icon=\u00bb&#xe04e;||divi||400&#8243; align=\u00bbcenter\u00bb _builder_version=\u00bb4.20.2&#8243; _module_preset=\u00bbdefault\u00bb width=\u00bb100%\u00bb module_alignment=\u00bbcenter\u00bb hover_enabled=\u00bb0&#8243; global_colors_info=\u00bb{}\u00bb sticky_enabled=\u00bb0&#8243;][\/et_pb_image][\/et_pb_column][et_pb_column type=\u00bb3_4&#8243; _builder_version=\u00bb4.16&#8243; _module_preset=\u00bbdefault\u00bb global_colors_info=\u00bb{}\u00bb][et_pb_text _builder_version=\u00bb4.20.2&#8243; _module_preset=\u00bbdefault\u00bb hover_enabled=\u00bb0&#8243; global_colors_info=\u00bb{}\u00bb sticky_enabled=\u00bb0&#8243;]<\/p>\n<h2>Versi\u00f3n preliminar PGE aprobado (en tramitaci\u00f3n)<\/h2>\n<p>[\/et_pb_text][et_pb_accordion open_toggle_text_color=\u00bb#990000&#8243; icon_color=\u00bbrgba(153,0,0,0.35)\u00bb use_icon_font_size=\u00bbon\u00bb icon_font_size=\u00bb20px\u00bb admin_label=\u00bbAcorde\u00f3n 2020&#8243; _builder_version=\u00bb4.20.2&#8243; _module_preset=\u00bbdefault\u00bb toggle_text_color=\u00bb#990000&#8243; toggle_font=\u00bb|600|||||||\u00bb toggle_text_align=\u00bbleft\u00bb toggle_font_size=\u00bb16px\u00bb body_font=\u00bb||||||||\u00bb custom_margin=\u00bb||25px||false|false\u00bb hover_enabled=\u00bb0&#8243; locked=\u00bboff\u00bb global_colors_info=\u00bb{}\u00bb sticky_enabled=\u00bb0&#8243;][et_pb_accordion_item title=\u00bbALEGACIONES\u00bb open=\u00bbon\u00bb open_toggle_text_color=\u00bb#990000&#8243; open_toggle_background_color=\u00bb#ffffff\u00bb closed_toggle_text_color=\u00bb#ffffff\u00bb closed_toggle_background_color=\u00bbrgba(0,0,0,0.3)\u00bb icon_color=\u00bbrgba(99,0,0,0.2)\u00bb use_icon_font_size=\u00bbon\u00bb icon_font_size=\u00bb20px\u00bb _builder_version=\u00bb4.20.2&#8243; _module_preset=\u00bbdefault\u00bb width=\u00bb100%\u00bb hover_enabled=\u00bb0&#8243; global_colors_info=\u00bb{}\u00bb toggle_text_color=\u00bb#990000&#8243; toggle_level=\u00bbh4&#8243; toggle_font=\u00bb|600|||||||\u00bb toggle_font_size=\u00bb24px\u00bb closed_toggle_font_size=\u00bb20px\u00bb sticky_enabled=\u00bb0&#8243;]<\/p>\n<p>ALEGACIONES Compulsada <a href=\"https:\/\/museros.org\/wp-content\/uploads\/2023\/03\/ALEGACIONES-Compulsada.pdf\" target=\"_blank\" rel=\"noopener\">pdf&gt;<\/a><\/p>\n<p>[\/et_pb_accordion_item][et_pb_accordion_item title=\u00bbVOLUMEN I &#8211; AN\u00c1LISIS Y DIAGN\u00d3STICO TERRITORIAL\u00bb open_toggle_text_color=\u00bb#990000&#8243; open_toggle_background_color=\u00bb#ffffff\u00bb closed_toggle_text_color=\u00bb#ffffff\u00bb closed_toggle_background_color=\u00bbrgba(0,0,0,0.3)\u00bb icon_color=\u00bbrgba(99,0,0,0.2)\u00bb use_icon_font_size=\u00bbon\u00bb icon_font_size=\u00bb20px\u00bb _builder_version=\u00bb4.20.2&#8243; _module_preset=\u00bbdefault\u00bb width=\u00bb100%\u00bb hover_enabled=\u00bb0&#8243; global_colors_info=\u00bb{}\u00bb toggle_text_color=\u00bb#990000&#8243; toggle_level=\u00bbh4&#8243; toggle_font=\u00bb|600|||||||\u00bb toggle_font_size=\u00bb24px\u00bb closed_toggle_font_size=\u00bb20px\u00bb open=\u00bboff\u00bb sticky_enabled=\u00bb0&#8243;]<\/p>\n<p>Volumen-I-1-M. Inf. Museros 2019 Compulsado <a href=\"https:\/\/museros.org\/wp-content\/uploads\/2023\/03\/Vol-I-1-M.INF_MUSEROS_2019-COMPULSADA.pdf\" target=\"_blank\" rel=\"noopener\">pdf&gt;<\/a><\/p>\n<p>Volumen-I-2.1_Cartograf\u00eda-tem\u00e1tica-Compulsada <a href=\"https:\/\/museros.org\/wp-content\/uploads\/2023\/03\/Vol-I-2.1_Cartografia-tematica-Compulsada.pdf\" target=\"_blank\" rel=\"noopener\">pdf&gt;<\/a><\/p>\n<p>Volumen-I-2.2_Planeamiento-Compulsado <a href=\"https:\/\/museros.org\/wp-content\/uploads\/2023\/03\/Vol-I-2.2_Planeamiento-Compulsado.pdf\" target=\"_blank\" rel=\"noopener\">pdf&gt;<\/a><\/p>\n<p>Volumen-I-2.3_Consolidaci\u00f3n-compulsada <a href=\"https:\/\/museros.org\/wp-content\/uploads\/2023\/03\/Vol-I-2.3_Consolidacion-compulsada.pdf\" target=\"_blank\" rel=\"noopener\">pdf&gt;<\/a><\/p>\n<p>Volumen-I-2.4_Paisaje-1-Compulsada <a href=\"https:\/\/museros.org\/wp-content\/uploads\/2023\/03\/Vol-I-2.4_Paisaje-1-Compulsada.pdf\" target=\"_blank\" rel=\"noopener\">pdf&gt;<\/a><\/p>\n<p>Volumen-I-2.4_Paisaje-2-Compulsada <a href=\"https:\/\/museros.org\/wp-content\/uploads\/2023\/03\/Vol-I-2.4_Paisaje-2-Compulsada.pdf\" target=\"_blank\" rel=\"noopener\">pdf&gt;<\/a><\/p>\n<p>Volumen-I-2.4_Paisaje-3-Compulsada <a href=\"https:\/\/museros.org\/wp-content\/uploads\/2023\/03\/Vol-I-2.4_Paisaje-3-Compulsada.pdf\" target=\"_blank\" rel=\"noopener\">pdf&gt;<\/a><\/p>\n<p>Volumen-I-2.5_Confederaci\u00f3n-Hidrogr\u00e1fica-Jucar-Compulsado <a href=\"https:\/\/museros.org\/wp-content\/uploads\/2023\/03\/Vol-I-2.5_Confederacion-Hidrografica-Jucar-Compulsado.pdf\" target=\"_blank\" rel=\"noopener\">pdf&gt;<\/a><\/p>\n<p>Volumen-I-2.6_Afecciones-Ac\u00fasticas-Compulsado <a href=\"https:\/\/museros.org\/wp-content\/uploads\/2023\/03\/Vol-I-2.6_Afecciones-Acusticas-Compulsado.pdf\" target=\"_blank\" rel=\"noopener\">pdf&gt;<\/a><\/p>\n<p>[\/et_pb_accordion_item][et_pb_accordion_item title=\u00bbVOLUMEN II &#8211; DOCUMENTACI\u00d3N JUSTIFICATIVA\u00bb open_toggle_text_color=\u00bb#990000&#8243; open_toggle_background_color=\u00bb#ffffff\u00bb closed_toggle_text_color=\u00bb#ffffff\u00bb closed_toggle_background_color=\u00bbrgba(0,0,0,0.3)\u00bb icon_color=\u00bbrgba(99,0,0,0.2)\u00bb use_icon_font_size=\u00bbon\u00bb icon_font_size=\u00bb20px\u00bb _builder_version=\u00bb4.20.2&#8243; _module_preset=\u00bbdefault\u00bb width=\u00bb100%\u00bb hover_enabled=\u00bb0&#8243; global_colors_info=\u00bb{}\u00bb toggle_text_color=\u00bb#990000&#8243; toggle_level=\u00bbh4&#8243; toggle_font=\u00bb|600|||||||\u00bb toggle_font_size=\u00bb24px\u00bb closed_toggle_font_size=\u00bb20px\u00bb open=\u00bboff\u00bb sticky_enabled=\u00bb0&#8243;]<\/p>\n<p>Volumen-II-1-Memoria-Justificativa-Compulsada <a href=\"https:\/\/museros.org\/wp-content\/uploads\/2023\/03\/Vol-II-1-Memoria-Justificativa-Compulsada.pdf\" target=\"_blank\" rel=\"noopener\">pdf&gt;<\/a><\/p>\n<p>Volumen-II-2-2-I_21_Afecciones-Ac\u00fasticas-Compulsada <a href=\"https:\/\/museros.org\/wp-content\/uploads\/2023\/03\/Vol-II-2-2-I_21_Afecciones-Acusticas-Compulsada.pdf\" target=\"_blank\" rel=\"noopener\">pdf&gt;<\/a><\/p>\n<p>Volumen-II-2.1-Est-Potencial-Vivienda-Compulsada <a href=\"https:\/\/museros.org\/wp-content\/uploads\/2023\/03\/Vol-II-2.1-Est-Potencial-Vivienda-Compulsada.pdf\" target=\"_blank\" rel=\"noopener\">pdf&gt;<\/a><\/p>\n<p>Volumen-II-2.2-Anexo_-I_Estudio-Ac\u00fastico-2010-compulsado <a href=\"https:\/\/museros.org\/wp-content\/uploads\/2023\/03\/Vol-II-2.2-Anexo_-I_Estudio-Acustico-2010-compulsado.pdf\" target=\"_blank\" rel=\"noopener\">pdf&gt;<\/a><\/p>\n<p>Volumen-II-2.2-Anexo_-II_A-7-compulsado <a href=\"https:\/\/museros.org\/wp-content\/uploads\/2023\/03\/Vol-II-2.2-Anexo_-II_A-7-compulado.pdf\" target=\"_blank\" rel=\"noopener\">pdf&gt;<\/a><\/p>\n<p>Volumen-II-2.2-Anexo_-III_03_01-CV-32_PLANOS_MPR_CV_3-Compulsado <a href=\"https:\/\/museros.org\/wp-content\/uploads\/2023\/03\/Vol-II-2.2-Anexo_-III_03_01-CV-32_PLANOS_MPR_CV_3-Compulsado.pdf\" target=\"_blank\" rel=\"noopener\">pdf&gt;<\/a><\/p>\n<p>Volumen-II-2.2-Anexo_IV_03_02-CV-300_PLANOS_MPR_CV_3-Compulsado <a href=\"https:\/\/museros.org\/wp-content\/uploads\/2023\/03\/Vol-II-2.2-Anexo_IV_03_02-CV-300_PLANOS_MPR_CV_3-Compulsado.pdf\" target=\"_blank\" rel=\"noopener\">pdf&gt;<\/a><\/p>\n<p>Volumen-II-2.2-Anexo_V_MER-L\u00ednea-3-FGV-compulsado <a href=\"https:\/\/museros.org\/wp-content\/uploads\/2023\/03\/Vol-II-2.2-Anexo_V_MER-Linea-3-FGV-compulsado.pdf\" target=\"_blank\" rel=\"noopener\">pdf&gt;<\/a><\/p>\n<p>Volumen-II-2.2-Estudio-Ac\u00fastico-PGE-Museros_2019-Compulsado <a href=\"https:\/\/museros.org\/wp-content\/uploads\/2023\/03\/Vol-II-2.2-Estudio-Acustico-PGE-Museros_2019-Compulsado.pdf\" target=\"_blank\" rel=\"noopener\">pdf&gt;<\/a><\/p>\n<p>Volumen-II-2.3-Estudio-Inundabilidad-1-Compulsada <a href=\"https:\/\/museros.org\/wp-content\/uploads\/2023\/03\/Vol-II-2.3-Estudio-Inundabilidad-1-Compulsada.pdf\" target=\"_blank\" rel=\"noopener\">pdf&gt;<\/a><\/p>\n<p>Volumen-II-2.3-Estudio-Inundabilidad-2-compulsada <a href=\"https:\/\/museros.org\/wp-content\/uploads\/2023\/03\/Vol-II-2.3-Estudio-Inundabilidad-2-compulada.pdf\" target=\"_blank\" rel=\"noopener\">pdf&gt;<\/a><\/p>\n<p>Volumen-II-2.3-Estudio-Inundabilidad-3-Compulsada <a href=\"https:\/\/museros.org\/wp-content\/uploads\/2023\/03\/Vol-II-2.3-Estudio-Inundabilidad-3-Compulsada.pdf\" target=\"_blank\" rel=\"noopener\">pdf&gt;<\/a><\/p>\n<p>Volumen-II-2.4-Estudio-Recursos-h\u00eddricos-Compulsado <a href=\"https:\/\/museros.org\/wp-content\/uploads\/2023\/03\/Vol-II-2.4-Estudio-Recursos-hidricos-Compulsado.pdf\" target=\"_blank\" rel=\"noopener\">pdf&gt;<\/a><\/p>\n<p>Volumen-II-3_Est-Movilidad-y-Tr\u00e1fico-compulsado <a href=\"https:\/\/museros.org\/wp-content\/uploads\/2023\/03\/Vol-II-3_Est-Movilidad-y-Trafico-compulsado.pdf\" target=\"_blank\" rel=\"noopener\">pdf&gt;<\/a><\/p>\n<p>Volumen-II-4_Estudio-Paisaje-2-Compulsado <a href=\"https:\/\/museros.org\/wp-content\/uploads\/2023\/03\/Vol-II-4_Estudio-Paisaje-1-Compulsado.pdf\" target=\"_blank\" rel=\"noopener\">pdf&gt;<\/a><\/p>\n<p>Volumen-II-4_Estudio-Paisaje-3-Compulsado <a href=\"https:\/\/museros.org\/wp-content\/uploads\/2023\/03\/Vol-II-4_Estudio-Paisaje-2-Compulsado.pdf\" target=\"_blank\" rel=\"noopener\">pdf&gt;<\/a><\/p>\n<p>Volum-II-4_Estudi-Paisatge-3-Compulsat <a href=\"https:\/\/museros.org\/wp-content\/uploads\/2023\/03\/Vol-II-4_Estudio-Paisaje-3-Compulsado.pdf\" target=\"_blank\" rel=\"noopener\">pdf&gt;<\/a><\/p>\n<p>Volumen-II-4_Estudio-Paisaje-4-Compulsado <a href=\"https:\/\/museros.org\/wp-content\/uploads\/2023\/03\/Vol-II-4_Estudio-Paisaje-4-Compulsado.pdf\" target=\"_blank\" rel=\"noopener\">pdf&gt;<\/a><\/p>\n<p>Volumen-II-5_Inf-Viabilidad-Econ\u00f3mica-compulsado <a href=\"https:\/\/museros.org\/wp-content\/uploads\/2023\/03\/Vol-II-5_Inf-Viabilidad-Economica-compulsado.pdf\" target=\"_blank\" rel=\"noopener\">pdf&gt;<\/a><\/p>\n<p>Volumen-II-6_Mem-Sostenibilidad-Econ\u00f3mica-Compulsada <a href=\"https:\/\/museros.org\/wp-content\/uploads\/2023\/03\/Vol-II-6_Mem-Sostenibilidad-Economica-Compulsada.pdf\" target=\"_blank\" rel=\"noopener\">pdf&gt;<\/a><\/p>\n<p>[\/et_pb_accordion_item][et_pb_accordion_item title=\u00bbVOLUMEN III &#8211; DOCUMENTACI\u00d3N CON EFICACIA NORMATIVA\u00bb open_toggle_text_color=\u00bb#990000&#8243; open_toggle_background_color=\u00bb#ffffff\u00bb closed_toggle_text_color=\u00bb#ffffff\u00bb closed_toggle_background_color=\u00bbrgba(0,0,0,0.3)\u00bb icon_color=\u00bbrgba(99,0,0,0.2)\u00bb use_icon_font_size=\u00bbon\u00bb icon_font_size=\u00bb20px\u00bb _builder_version=\u00bb4.20.2&#8243; _module_preset=\u00bbdefault\u00bb width=\u00bb100%\u00bb hover_enabled=\u00bb0&#8243; global_colors_info=\u00bb{}\u00bb toggle_text_color=\u00bb#990000&#8243; toggle_level=\u00bbh4&#8243; toggle_font=\u00bb|600|||||||\u00bb toggle_font_size=\u00bb24px\u00bb closed_toggle_font_size=\u00bb20px\u00bb open=\u00bboff\u00bb sticky_enabled=\u00bb0&#8243;]<\/p>\n<p>Volumen-III-1_Normas Compulsado <a href=\"https:\/\/museros.org\/wp-content\/uploads\/2023\/03\/Vol-III-1_Normas-Compulsado.pdf\" target=\"_blank\" rel=\"noopener\">pdf&gt;<\/a><\/p>\n<p>Volumen-III-3 Planos ordenaci\u00f3n 1 compulsado <a href=\"https:\/\/museros.org\/wp-content\/uploads\/2023\/03\/Vol-III-3-Planos-ordenacion-1-compulsado.pdf\" target=\"_blank\" rel=\"noopener\">pdf&gt;<\/a><\/p>\n<p>Volumen-III-3 Planos ordenacio\u0301n 2 compulsado <a href=\"https:\/\/museros.org\/wp-content\/uploads\/2023\/03\/Vol-III-3-Planos-ordenacion-2-compulsado.pdf\" target=\"_blank\" rel=\"noopener\">pdf&gt;<\/a><\/p>\n<p>Volumen-III-3 Planos ordenacio\u0301n 3 compulsado <a href=\"https:\/\/museros.org\/wp-content\/uploads\/2023\/03\/Vol-III-3-Planos-ordenacion-3-compulsado.pdf\" target=\"_blank\" rel=\"noopener\">pdf&gt;<\/a><\/p>\n<p>Volumen-III-4_Cat\u00e1logo Protecciones 2 compulsada <a href=\"https:\/\/museros.org\/wp-content\/uploads\/2023\/03\/Vol-III-4_Catalogo-Protecciones-1-compulsada.pdf\" target=\"_blank\" rel=\"noopener\">pdf&gt;<\/a><\/p>\n<p>Volumen-III-4_Cat\u00e1logo Protecciones 3 compulsada <a href=\"https:\/\/museros.org\/wp-content\/uploads\/2023\/03\/Vol-III-4_Catalogo-Protecciones-2-compulsada.pdf\" target=\"_blank\" rel=\"noopener\">pdf&gt;<\/a><\/p>\n<p>Volumen-III-4_Cat\u00e1logo Protecciones 4 compulsada <a href=\"https:\/\/museros.org\/wp-content\/uploads\/2023\/03\/Vol-III-4_Catalogo-Protecciones-3-compulsada.pdf\" target=\"_blank\" rel=\"noopener\">pdf&gt;<\/a><\/p>\n<p>Volumen-III-4_Cat\u00e1logo Protecciones 1 compulsada <a href=\"https:\/\/museros.org\/wp-content\/uploads\/2023\/03\/Vol-III-4_Catalogo-Protecciones-4-compulsada.pdf\" target=\"_blank\" rel=\"noopener\">pdf&gt;<\/a><\/p>\n<p>[\/et_pb_accordion_item][et_pb_accordion_item title=\u00bbVOLUMEN IV &#8211; ESTUDIO AMBIENTAL Y TERRITORIAL \u00bb open_toggle_text_color=\u00bb#990000&#8243; open_toggle_background_color=\u00bb#ffffff\u00bb closed_toggle_text_color=\u00bb#ffffff\u00bb closed_toggle_background_color=\u00bbrgba(0,0,0,0.3)\u00bb icon_color=\u00bbrgba(99,0,0,0.2)\u00bb use_icon_font_size=\u00bbon\u00bb icon_font_size=\u00bb20px\u00bb _builder_version=\u00bb4.20.2&#8243; _module_preset=\u00bbdefault\u00bb width=\u00bb100%\u00bb hover_enabled=\u00bb0&#8243; global_colors_info=\u00bb{}\u00bb toggle_text_color=\u00bb#990000&#8243; toggle_level=\u00bbh4&#8243; toggle_font=\u00bb|600|||||||\u00bb toggle_font_size=\u00bb24px\u00bb closed_toggle_font_size=\u00bb20px\u00bb open=\u00bboff\u00bb sticky_enabled=\u00bb0&#8243;]<\/p>\n<p>Volumen-IV_PGE_VOL_EATE 4 compulsado <a href=\"https:\/\/museros.org\/wp-content\/uploads\/2023\/03\/Vol-IV_PGE_VOL_EATE-1-compulsado.pdf\" target=\"_blank\" rel=\"noopener\">pdf&gt;<\/a><\/p>\n<p>Volumen-IV_PGE_VOL_EATE 1 compulsado <a href=\"https:\/\/museros.org\/wp-content\/uploads\/2023\/03\/Vol-IV_PGE_VOL_EATE-2-compulsado.pdf\" target=\"_blank\" rel=\"noopener\">pdf&gt;<\/a><\/p>\n<p>Volumen-IV_PGE_VOL_EATE 2 compulsado <a href=\"https:\/\/museros.org\/wp-content\/uploads\/2023\/03\/Vol-IV_PGE_VOL_EATE-3-compulsado.pdf\" target=\"_blank\" rel=\"noopener\">pdf&gt;<\/a><\/p>\n<p>Volumen-IV_PGE_VOL_EATE 3 compulsado <a href=\"https:\/\/museros.org\/wp-content\/uploads\/2023\/03\/Vol-IV_PGE_VOL_EATE-4-compulsado.pdf\" target=\"_blank\" rel=\"noopener\">pdf&gt;<\/a><\/p>\n<p>[\/et_pb_accordion_item][\/et_pb_accordion][\/et_pb_column][\/et_pb_row][et_pb_row _builder_version=\u00bb4.16&#8243; _module_preset=\u00bbdefault\u00bb locked=\u00bboff\u00bb global_colors_info=\u00bb{}\u00bb][et_pb_column type=\u00bb4_4&#8243; _builder_version=\u00bb4.16&#8243; _module_preset=\u00bbdefault\u00bb global_colors_info=\u00bb{}\u00bb][et_pb_divider color=\u00bb#E02B20&#8243; divider_weight=\u00bb4px\u00bb _builder_version=\u00bb4.16&#8243; _module_preset=\u00bbdefault\u00bb global_colors_info=\u00bb{}\u00bb][\/et_pb_divider][\/et_pb_column][\/et_pb_row][\/et_pb_section]<\/p>\n","protected":false},"excerpt":{"rendered":"<p>Versi\u00f3n preliminar PGE aprobado (en tramitaci\u00f3n)ALEGACIONES Compulsada pdf&gt;Volumen-I-1-M. Inf. Museros 2019 Compulsado pdf&gt; Volumen-I-2.1_Cartograf\u00eda-tem\u00e1tica-Compulsada pdf&gt; Volumen-I-2.2_Planeamiento-Compulsado pdf&gt; Volumen-I-2.3_Consolidaci\u00f3n-compulsada pdf&gt; Volumen-I-2.4_Paisaje-1-Compulsada pdf&gt; Volumen-I-2.4_Paisaje-2-Compulsada pdf&gt; Volumen-I-2.4_Paisaje-3-Compulsada pdf&gt; Volumen-I-2.5_Confederaci\u00f3n-Hidrogr\u00e1fica-Jucar-Compulsado pdf&gt; Volumen-I-2.6_Afecciones-Ac\u00fasticas-Compulsado pdf&gt;Volumen-II-1-Memoria-Justificativa-Compulsada pdf&gt; Volumen-II-2-2-I_21_Afecciones-Ac\u00fasticas-Compulsada pdf&gt; Volumen-II-2.1-Est-Potencial-Vivienda-Compulsada pdf&gt; Volumen-II-2.2-Anexo_-I_Estudio-Ac\u00fastico-2010-compulsado pdf&gt; Volumen-II-2.2-Anexo_-II_A-7-compulsado pdf&gt; Volumen-II-2.2-Anexo_-III_03_01-CV-32_PLANOS_MPR_CV_3-Compulsado pdf&gt; Volumen-II-2.2-Anexo_IV_03_02-CV-300_PLANOS_MPR_CV_3-Compulsado pdf&gt; Volumen-II-2.2-Anexo_V_MER-L\u00ednea-3-FGV-compulsado pdf&gt; Volumen-II-2.2-Estudio-Ac\u00fastico-PGE-Museros_2019-Compulsado pdf&gt; Volumen-II-2.3-Estudio-Inundabilidad-1-Compulsada pdf&gt; Volumen-II-2.3-Estudio-Inundabilidad-2-compulsada pdf&gt; Volumen-II-2.3-Estudio-Inundabilidad-3-Compulsada pdf&gt; Volumen-II-2.4-Estudio-Recursos-h\u00eddricos-Compulsado pdf&gt; Volumen-II-3_Est-Movilidad-y-Tr\u00e1fico-compulsado [&hellip;]<\/p>\n","protected":false},"author":8,"featured_media":0,"parent":0,"menu_order":0,"comment_status":"closed","ping_status":"closed","template":"","meta":{"_et_pb_use_builder":"on","_et_pb_old_content":"","_et_gb_content_width":"","_mc_calendar":[],"footnotes":""},"wf_page_folders":[285],"class_list":["post-263949","page","type-page","status-publish","hentry"],"_links":{"self":[{"href":"https:\/\/museros.org\/inici\/wp-json\/wp\/v2\/pages\/263949","targetHints":{"allow":["GET"]}}],"collection":[{"href":"https:\/\/museros.org\/inici\/wp-json\/wp\/v2\/pages"}],"about":[{"href":"https:\/\/museros.org\/inici\/wp-json\/wp\/v2\/types\/page"}],"author":[{"embeddable":true,"href":"https:\/\/museros.org\/inici\/wp-json\/wp\/v2\/users\/8"}],"replies":[{"embeddable":true,"href":"https:\/\/museros.org\/inici\/wp-json\/wp\/v2\/comments?post=263949"}],"version-history":[{"count":3,"href":"https:\/\/museros.org\/inici\/wp-json\/wp\/v2\/pages\/263949\/revisions"}],"predecessor-version":[{"id":263960,"href":"https:\/\/museros.org\/inici\/wp-json\/wp\/v2\/pages\/263949\/revisions\/263960"}],"wp:attachment":[{"href":"https:\/\/museros.org\/inici\/wp-json\/wp\/v2\/media?parent=263949"}],"wp:term":[{"taxonomy":"wf_page_folders","embeddable":true,"href":"https:\/\/museros.org\/inici\/wp-json\/wp\/v2\/wf_page_folders?post=263949"}],"curies":[{"name":"wp","href":"https:\/\/api.w.org\/{rel}","templated":true}]}}