{"id":263731,"date":"2023-02-28T10:43:52","date_gmt":"2023-02-28T10:43:52","guid":{"rendered":"https:\/\/museros.org\/inici\/?page_id=263731"},"modified":"2023-02-28T10:43:52","modified_gmt":"2023-02-28T10:43:52","slug":"dia-del-pare","status":"publish","type":"page","link":"https:\/\/museros.org\/inici\/dia-del-pare\/","title":{"rendered":"Dia del pare"},"content":{"rendered":"<p>[et_pb_section fb_built=\u00bb1&#8243; _builder_version=\u00bb4.16&#8243; _module_preset=\u00bbdefault\u00bb custom_padding=\u00bb0px||||false|false\u00bb locked=\u00bboff\u00bb global_colors_info=\u00bb{}\u00bb theme_builder_area=\u00bbpost_content\u00bb][et_pb_row column_structure=\u00bb1_3,2_3&#8243; _builder_version=\u00bb4.16&#8243; _module_preset=\u00bbdefault\u00bb custom_margin=\u00bb0px||0px||false|false\u00bb custom_padding=\u00bb0px||0px||false|false\u00bb global_colors_info=\u00bb{}\u00bb theme_builder_area=\u00bbpost_content\u00bb][et_pb_column type=\u00bb1_3&#8243; _builder_version=\u00bb4.16&#8243; _module_preset=\u00bbdefault\u00bb global_colors_info=\u00bb{}\u00bb theme_builder_area=\u00bbpost_content\u00bb][et_pb_image src=\u00bbhttps:\/\/museros.org\/wp-content\/uploads\/2021\/08\/logo-comerc\u0327-cl-230&#215;180-1.jpg\u00bb title_text=\u00bblogo-comerc\u0327-cl-230&#215;180&#8243; url=\u00bbhttps:\/\/museros.org\/inici\/area-de-comerc\u00bb use_overlay=\u00bbon\u00bb overlay_icon_color=\u00bb#E02B20&#8243; hover_overlay_color=\u00bbrgba(255,255,255,0.7)\u00bb hover_icon=\u00bb&#xe04d;||divi||400&#8243; align=\u00bbcenter\u00bb _builder_version=\u00bb4.17.3&#8243; _module_preset=\u00bbdefault\u00bb width=\u00bb100%\u00bb width_tablet=\u00bb\u00bb width_phone=\u00bb\u00bb width_last_edited=\u00bbon|phone\u00bb module_alignment=\u00bbcenter\u00bb custom_margin=\u00bb0px||0px||false|false\u00bb custom_padding=\u00bb0px||0px||false|false\u00bb global_colors_info=\u00bb{}\u00bb theme_builder_area=\u00bbpost_content\u00bb][\/et_pb_image][\/et_pb_column][et_pb_column type=\u00bb2_3&#8243; _builder_version=\u00bb4.16&#8243; _module_preset=\u00bbdefault\u00bb global_colors_info=\u00bb{}\u00bb theme_builder_area=\u00bbpost_content\u00bb][et_pb_image src=\u00bbhttps:\/\/museros.org\/wp-content\/uploads\/2023\/02\/tuhovals-800&#215;800-1.jpg\u00bb title_text=\u00bbtuhovals-800&#215;800&#8243; _builder_version=\u00bb4.20.0&#8243; _module_preset=\u00bbdefault\u00bb hover_enabled=\u00bb0&#8243; global_colors_info=\u00bb{}\u00bb theme_builder_area=\u00bbpost_content\u00bb sticky_enabled=\u00bb0&#8243;][\/et_pb_image][et_pb_text _builder_version=\u00bb4.20.0&#8243; _module_preset=\u00bbdefault\u00bb custom_margin=\u00bb||||false|false\u00bb custom_padding=\u00bb||1px|0px|false|false\u00bb hover_enabled=\u00bb0&#8243; global_colors_info=\u00bb{}\u00bb theme_builder_area=\u00bbpost_content\u00bb sticky_enabled=\u00bb0&#8243;]<\/p>\n<h1>Papa tu ho vals!<\/h1>\n<p>Sota el lema Papa tu ho vals!, l&#8217;Ajuntament de Museros, mitjan\u00e7ant la Regidoria de Comer\u00e7, i amb la col\u00b7laboraci\u00f3 de Caixa Popular i CAMU, posa en marxa una nova campanya comercial; en aquesta ocasi\u00f3, amb motiu del Dia del Pare, amb la idea de continuar incentivant els consumidors i les consumidores, amb premis que poden aconseguir en realitzar les seues compres en el comer\u00e7 local o en utilitzar qualsevol dels serveis de professionals o de restauraci\u00f3 de la localitat, aquesta nova iniciativa \u00e9s una continu\u00eftat de la l\u00ednia de treball que, fins ara, ha mantingut l&#8217;Equip de Govern juntament amb l&#8217;Associaci\u00f3 de Comerciants i l&#8217;entitat financera Caixa Popular, per a secundar i defensar el sector comercial tradicional, professional i de restauraci\u00f3 del municipi de Museros, motor essencial de la nostra economia.<\/p>\n<p>Aquesta campanya, en la qual es convida els ciutadans i les ciutadanes a realitzar les seues compres en els comer\u00e7os de Museros, inclou el sorteig de 13 targetes moneder per valor de 50 \u20ac cadascuna per a consumir en el comer\u00e7 local associat a CAMU, aquestes targetes se sortejaran entre aquelles compres realitzades entre els dies 1 i 19 de mar\u00e7, tots dos inclosos, en qualsevol comer\u00e7 de Museros, excepte franqu\u00edcies o grans superf\u00edcies.<\/p>\n<p>En efectuar les compres, les quals seran de 10 \u20ac com a m\u00ednim, en qualsevol dels comer\u00e7os, hauran d&#8217;omplir el passaport amb les seues dades personals i adjuntar el tiquet de compra.<\/p>\n<p>En el tiquet, o en qualsevol altre document equivalent, hauran de figurar les dades del comer\u00e7, del professional o del local de restauraci\u00f3 on s&#8217;haja efectuat la despesa.<\/p>\n<p>Els tiquets es depositaran a l&#8217;Ajuntament de Museros al lloc habilitat per a aquesta finalitat, en horari de 09.00 h a 14.00 h, excepte festius, fins al dia 20 de mar\u00e7; entre tots aquells tiquets o comprovants de la despesa que complisquen tots els requisits, se sortejaran els premis.<\/p>\n<p>El sorteig tindr\u00e0 lloc el dimarts 21 de mar\u00e7.<\/p>\n<p>El lliurament de premis ser\u00e0 a la sala de plenaris de l&#8217;Ajuntament, el dimarts 28 de mar\u00e7 a les 20.00 h.<\/p>\n<p>&nbsp;<\/p>\n<p>[\/et_pb_text][\/et_pb_column][\/et_pb_row][et_pb_row _builder_version=\u00bb4.16&#8243; _module_preset=\u00bbdefault\u00bb custom_margin=\u00bb50px||0px||false|false\u00bb custom_padding=\u00bb0px||0px||false|false\u00bb global_colors_info=\u00bb{}\u00bb theme_builder_area=\u00bbpost_content\u00bb][et_pb_column type=\u00bb4_4&#8243; _builder_version=\u00bb4.16&#8243; _module_preset=\u00bbdefault\u00bb global_colors_info=\u00bb{}\u00bb theme_builder_area=\u00bbpost_content\u00bb][et_pb_divider color=\u00bb#E02B20&#8243; divider_weight=\u00bb4px\u00bb _builder_version=\u00bb4.16&#8243; _module_preset=\u00bbdefault\u00bb custom_margin=\u00bb0px||0px||false|false\u00bb custom_padding=\u00bb0px||0px||false|false\u00bb global_colors_info=\u00bb{}\u00bb theme_builder_area=\u00bbpost_content\u00bb][\/et_pb_divider][\/et_pb_column][\/et_pb_row][\/et_pb_section]<\/p>\n","protected":false},"excerpt":{"rendered":"<p>Papa tu ho vals! Sota el lema Papa tu ho vals!, l&#8217;Ajuntament de Museros, mitjan\u00e7ant la Regidoria de Comer\u00e7, i amb la col\u00b7laboraci\u00f3 de Caixa Popular i CAMU, posa en marxa una nova campanya comercial; en aquesta ocasi\u00f3, amb motiu del Dia del Pare, amb la idea de continuar incentivant els consumidors i les consumidores, [&hellip;]<\/p>\n","protected":false},"author":8,"featured_media":0,"parent":0,"menu_order":0,"comment_status":"closed","ping_status":"closed","template":"","meta":{"_et_pb_use_builder":"on","_et_pb_old_content":"","_et_gb_content_width":"","_mc_calendar":[],"footnotes":""},"wf_page_folders":[294],"class_list":["post-263731","page","type-page","status-publish","hentry"],"_links":{"self":[{"href":"https:\/\/museros.org\/inici\/wp-json\/wp\/v2\/pages\/263731","targetHints":{"allow":["GET"]}}],"collection":[{"href":"https:\/\/museros.org\/inici\/wp-json\/wp\/v2\/pages"}],"about":[{"href":"https:\/\/museros.org\/inici\/wp-json\/wp\/v2\/types\/page"}],"author":[{"embeddable":true,"href":"https:\/\/museros.org\/inici\/wp-json\/wp\/v2\/users\/8"}],"replies":[{"embeddable":true,"href":"https:\/\/museros.org\/inici\/wp-json\/wp\/v2\/comments?post=263731"}],"version-history":[{"count":2,"href":"https:\/\/museros.org\/inici\/wp-json\/wp\/v2\/pages\/263731\/revisions"}],"predecessor-version":[{"id":263734,"href":"https:\/\/museros.org\/inici\/wp-json\/wp\/v2\/pages\/263731\/revisions\/263734"}],"wp:attachment":[{"href":"https:\/\/museros.org\/inici\/wp-json\/wp\/v2\/media?parent=263731"}],"wp:term":[{"taxonomy":"wf_page_folders","embeddable":true,"href":"https:\/\/museros.org\/inici\/wp-json\/wp\/v2\/wf_page_folders?post=263731"}],"curies":[{"name":"wp","href":"https:\/\/api.w.org\/{rel}","templated":true}]}}

<p>[et_pb_section fb_built=»1&#8243; _builder_version=»4.16&#8243; _module_preset=»default» custom_padding=»0px||||false|false» locked=»off» global_colors_info=»{}» theme_builder_area=»post_content»][et_pb_row column_structure=»1_3,2_3&#8243; _builder_version=»4.16&#8243; _module_preset=»default» custom_margin=»0px||0px||false|false» custom_padding=»0px||0px||false|false» global_colors_info=»{}» theme_builder_area=»post_content»][et_pb_column type=»1_3&#8243; _builder_version=»4.16&#8243; _module_preset=»default» global_colors_info=»{}» theme_builder_area=»post_content»][et_pb_image src=»https://museros.org/wp-content/uploads/2021/08/logo-comerç-cl-230&#215;180-1.jpg» title_text=»logo-comerç-cl-230&#215;180&#8243; url=»https://museros.org/inici/area-de-comerc» use_overlay=»on» overlay_icon_color=»#E02B20&#8243; hover_overlay_color=»rgba(255,255,255,0.7)» hover_icon=»&#xe04d;||divi||400&#8243; align=»center» _builder_version=»4.17.3&#8243; _module_preset=»default» width=»100%» width_tablet=»» width_phone=»» width_last_edited=»on|phone» module_alignment=»center» custom_margin=»0px||0px||false|false» custom_padding=»0px||0px||false|false» global_colors_info=»{}» theme_builder_area=»post_content»][/et_pb_image][/et_pb_column][et_pb_column type=»2_3&#8243; _builder_version=»4.16&#8243; _module_preset=»default» global_colors_info=»{}» theme_builder_area=»post_content»][et_pb_image src=»https://museros.org/wp-content/uploads/2023/02/tuhovals-800&#215;800-1.jpg» title_text=»tuhovals-800&#215;800&#8243; _builder_version=»4.20.0&#8243; _module_preset=»default» hover_enabled=»0&#8243; global_colors_info=»{}» theme_builder_area=»post_content» sticky_enabled=»0&#8243;][/et_pb_image][et_pb_text _builder_version=»4.20.0&#8243; _module_preset=»default» custom_margin=»||||false|false» custom_padding=»||1px|0px|false|false» hover_enabled=»0&#8243; global_colors_info=»{}» theme_builder_area=»post_content» sticky_enabled=»0&#8243;]</p>
<h1>Papa tu ho vals!</h1>
<p>Sota el lema Papa tu ho vals!, l&#8217;Ajuntament de Museros, mitjançant la Regidoria de Comerç, i amb la col·laboració de Caixa Popular i CAMU, posa en marxa una nova campanya comercial; en aquesta ocasió, amb motiu del Dia del Pare, amb la idea de continuar incentivant els consumidors i les consumidores, amb premis que poden aconseguir en realitzar les seues compres en el comerç local o en utilitzar qualsevol dels serveis de professionals o de restauració de la localitat, aquesta nova iniciativa és una continuïtat de la línia de treball que, fins ara, ha mantingut l&#8217;Equip de Govern juntament amb l&#8217;Associació de Comerciants i l&#8217;entitat financera Caixa Popular, per a secundar i defensar el sector comercial tradicional, professional i de restauració del municipi de Museros, motor essencial de la nostra economia.</p>
<p>Aquesta campanya, en la qual es convida els ciutadans i les ciutadanes a realitzar les seues compres en els comerços de Museros, inclou el sorteig de 13 targetes moneder per valor de 50 € cadascuna per a consumir en el comerç local associat a CAMU, aquestes targetes se sortejaran entre aquelles compres realitzades entre els dies 1 i 19 de març, tots dos inclosos, en qualsevol comerç de Museros, excepte franquícies o grans superfícies.</p>
<p>En efectuar les compres, les quals seran de 10 € com a mínim, en qualsevol dels comerços, hauran d&#8217;omplir el passaport amb les seues dades personals i adjuntar el tiquet de compra.</p>
<p>En el tiquet, o en qualsevol altre document equivalent, hauran de figurar les dades del comerç, del professional o del local de restauració on s&#8217;haja efectuat la despesa.</p>
<p>Els tiquets es depositaran a l&#8217;Ajuntament de Museros al lloc habilitat per a aquesta finalitat, en horari de 09.00 h a 14.00 h, excepte festius, fins al dia 20 de març; entre tots aquells tiquets o comprovants de la despesa que complisquen tots els requisits, se sortejaran els premis.</p>
<p>El sorteig tindrà lloc el dimarts 21 de març.</p>
<p>El lliurament de premis serà a la sala de plenaris de l&#8217;Ajuntament, el dimarts 28 de març a les 20.00 h.</p>
<p>&nbsp;</p>
<p>[/et_pb_text][/et_pb_column][/et_pb_row][et_pb_row _builder_version=»4.16&#8243; _module_preset=»default» custom_margin=»50px||0px||false|false» custom_padding=»0px||0px||false|false» global_colors_info=»{}» theme_builder_area=»post_content»][et_pb_column type=»4_4&#8243; _builder_version=»4.16&#8243; _module_preset=»default» global_colors_info=»{}» theme_builder_area=»post_content»][et_pb_divider color=»#E02B20&#8243; divider_weight=»4px» _builder_version=»4.16&#8243; _module_preset=»default» custom_margin=»0px||0px||false|false» custom_padding=»0px||0px||false|false» global_colors_info=»{}» theme_builder_area=»post_content»][/et_pb_divider][/et_pb_column][/et_pb_row][/et_pb_section]</p>

<p>Papa tu ho vals! Sota el lema Papa tu ho vals!, l&#8217;Ajuntament de Museros, mitjançant la Regidoria de Comerç, i amb la col·laboració de Caixa Popular i CAMU, posa en marxa una nova campanya comercial; en aquesta ocasió, amb motiu del Dia del Pare, amb la idea de continuar incentivant els consumidors i les consumidores, [&hellip;]</p>
