{"id":263477,"date":"2023-01-30T11:16:18","date_gmt":"2023-01-30T11:16:18","guid":{"rendered":"https:\/\/museros.org\/inici\/?page_id=263477"},"modified":"2023-01-30T11:20:13","modified_gmt":"2023-01-30T11:20:13","slug":"sopar-sant-valenti","status":"publish","type":"page","link":"https:\/\/museros.org\/inici\/sopar-sant-valenti\/","title":{"rendered":"Sopar Sant Valenti"},"content":{"rendered":"<p>[et_pb_section fb_built=\u00bb1&#8243; _builder_version=\u00bb4.16&#8243; _module_preset=\u00bbdefault\u00bb custom_padding=\u00bb0px||||false|false\u00bb locked=\u00bboff\u00bb global_colors_info=\u00bb{}\u00bb][et_pb_row column_structure=\u00bb1_3,2_3&#8243; _builder_version=\u00bb4.16&#8243; _module_preset=\u00bbdefault\u00bb custom_margin=\u00bb0px||0px||false|false\u00bb custom_padding=\u00bb0px||0px||false|false\u00bb global_colors_info=\u00bb{}\u00bb][et_pb_column type=\u00bb1_3&#8243; _builder_version=\u00bb4.16&#8243; _module_preset=\u00bbdefault\u00bb global_colors_info=\u00bb{}\u00bb][et_pb_image src=\u00bbhttps:\/\/museros.org\/wp-content\/uploads\/2021\/09\/logo-majors-cl-230&#215;180-1.jpg\u00bb title_text=\u00bblogo-majors-cl-230&#215;180&#8243; url=\u00bbhttps:\/\/museros.org\/inici\/area-de-majors\u00bb use_overlay=\u00bbon\u00bb overlay_icon_color=\u00bb#E02B20&#8243; hover_overlay_color=\u00bbrgba(255,255,255,0.7)\u00bb hover_icon=\u00bb&#xe04d;||divi||400&#8243; align=\u00bbcenter\u00bb _builder_version=\u00bb4.19.5&#8243; _module_preset=\u00bbdefault\u00bb width=\u00bb100%\u00bb width_tablet=\u00bb\u00bb width_phone=\u00bb\u00bb width_last_edited=\u00bbon|phone\u00bb module_alignment=\u00bbcenter\u00bb custom_margin=\u00bb0px||0px||false|false\u00bb custom_padding=\u00bb0px||0px||false|false\u00bb global_colors_info=\u00bb{}\u00bb][\/et_pb_image][\/et_pb_column][et_pb_column type=\u00bb2_3&#8243; _builder_version=\u00bb4.16&#8243; _module_preset=\u00bbdefault\u00bb global_colors_info=\u00bb{}\u00bb][et_pb_image src=\u00bbhttps:\/\/museros.org\/wp-content\/uploads\/2023\/01\/soparsantvalenti-800&#215;1000-1.jpg\u00bb title_text=\u00bbsoparsantvalenti-800&#215;1000&#8243; show_bottom_space=\u00bboff\u00bb _builder_version=\u00bb4.19.5&#8243; _module_preset=\u00bbdefault\u00bb custom_margin=\u00bb40px||40px||false|false\u00bb global_colors_info=\u00bb{}\u00bb][\/et_pb_image][et_pb_text _builder_version=\u00bb4.19.5&#8243; _module_preset=\u00bbdefault\u00bb custom_margin=\u00bb||||false|false\u00bb custom_padding=\u00bb||1px|0px|false|false\u00bb hover_enabled=\u00bb0&#8243; global_colors_info=\u00bb{}\u00bb sticky_enabled=\u00bb0&#8243;]<\/p>\n<h3>Sopar de Sant Valent\u00ed amb espectacle i ball, per a persones jubilades i pensionistes empadronades a Museros.<\/h3>\n<p>Divendres, 10 de febrer, a les 21.00 h, a la Sala Dietrich.<\/p>\n<p>Inscripcions:<br \/>A partir de hui, a l&#8217;Ajuntament, de dilluns a divendres, en horari de 9.00 h a 14.00 h. L&#8217;\u00faltim dia per a inscriure&#8217;s ser\u00e0 el dimecres 8 de febrer. En cas d&#8217;esgotar-se abans les places, ho comunicarem.<br \/>En el moment de la inscripci\u00f3 s&#8217;haur\u00e0 de triar els plats del men\u00fa.<br \/>El preu del men\u00fa ser\u00e0 de 15 \u20ac, i es pagar\u00e0 directament en la Sala Dietrich el mateix dia del sopar. Ser\u00e0 imprescindible presentar la invitaci\u00f3 facilitada per l&#8217;Ajuntament.<\/p>\n<p>[\/et_pb_text][\/et_pb_column][\/et_pb_row][et_pb_row _builder_version=\u00bb4.16&#8243; _module_preset=\u00bbdefault\u00bb custom_margin=\u00bb50px||0px||false|false\u00bb custom_padding=\u00bb0px||0px||false|false\u00bb global_colors_info=\u00bb{}\u00bb][et_pb_column type=\u00bb4_4&#8243; _builder_version=\u00bb4.16&#8243; _module_preset=\u00bbdefault\u00bb global_colors_info=\u00bb{}\u00bb][et_pb_divider color=\u00bb#E02B20&#8243; divider_weight=\u00bb4px\u00bb _builder_version=\u00bb4.16&#8243; _module_preset=\u00bbdefault\u00bb custom_margin=\u00bb0px||0px||false|false\u00bb custom_padding=\u00bb0px||0px||false|false\u00bb global_colors_info=\u00bb{}\u00bb][\/et_pb_divider][\/et_pb_column][\/et_pb_row][\/et_pb_section]<\/p>\n","protected":false},"excerpt":{"rendered":"<p>Sopar de Sant Valent\u00ed amb espectacle i ball, per a persones jubilades i pensionistes empadronades a Museros. Divendres, 10 de febrer, a les 21.00 h, a la Sala Dietrich. Inscripcions:A partir de hui, a l&#8217;Ajuntament, de dilluns a divendres, en horari de 9.00 h a 14.00 h. L&#8217;\u00faltim dia per a inscriure&#8217;s ser\u00e0 el dimecres [&hellip;]<\/p>\n","protected":false},"author":8,"featured_media":0,"parent":0,"menu_order":0,"comment_status":"closed","ping_status":"closed","template":"","meta":{"_et_pb_use_builder":"on","_et_pb_old_content":"","_et_gb_content_width":"","_mc_calendar":[],"footnotes":""},"wf_page_folders":[296],"class_list":["post-263477","page","type-page","status-publish","hentry"],"_links":{"self":[{"href":"https:\/\/museros.org\/inici\/wp-json\/wp\/v2\/pages\/263477","targetHints":{"allow":["GET"]}}],"collection":[{"href":"https:\/\/museros.org\/inici\/wp-json\/wp\/v2\/pages"}],"about":[{"href":"https:\/\/museros.org\/inici\/wp-json\/wp\/v2\/types\/page"}],"author":[{"embeddable":true,"href":"https:\/\/museros.org\/inici\/wp-json\/wp\/v2\/users\/8"}],"replies":[{"embeddable":true,"href":"https:\/\/museros.org\/inici\/wp-json\/wp\/v2\/comments?post=263477"}],"version-history":[{"count":3,"href":"https:\/\/museros.org\/inici\/wp-json\/wp\/v2\/pages\/263477\/revisions"}],"predecessor-version":[{"id":263486,"href":"https:\/\/museros.org\/inici\/wp-json\/wp\/v2\/pages\/263477\/revisions\/263486"}],"wp:attachment":[{"href":"https:\/\/museros.org\/inici\/wp-json\/wp\/v2\/media?parent=263477"}],"wp:term":[{"taxonomy":"wf_page_folders","embeddable":true,"href":"https:\/\/museros.org\/inici\/wp-json\/wp\/v2\/wf_page_folders?post=263477"}],"curies":[{"name":"wp","href":"https:\/\/api.w.org\/{rel}","templated":true}]}}

<p>[et_pb_section fb_built=»1&#8243; _builder_version=»4.16&#8243; _module_preset=»default» custom_padding=»0px||||false|false» locked=»off» global_colors_info=»{}»][et_pb_row column_structure=»1_3,2_3&#8243; _builder_version=»4.16&#8243; _module_preset=»default» custom_margin=»0px||0px||false|false» custom_padding=»0px||0px||false|false» global_colors_info=»{}»][et_pb_column type=»1_3&#8243; _builder_version=»4.16&#8243; _module_preset=»default» global_colors_info=»{}»][et_pb_image src=»https://museros.org/wp-content/uploads/2021/09/logo-majors-cl-230&#215;180-1.jpg» title_text=»logo-majors-cl-230&#215;180&#8243; url=»https://museros.org/inici/area-de-majors» use_overlay=»on» overlay_icon_color=»#E02B20&#8243; hover_overlay_color=»rgba(255,255,255,0.7)» hover_icon=»&#xe04d;||divi||400&#8243; align=»center» _builder_version=»4.19.5&#8243; _module_preset=»default» width=»100%» width_tablet=»» width_phone=»» width_last_edited=»on|phone» module_alignment=»center» custom_margin=»0px||0px||false|false» custom_padding=»0px||0px||false|false» global_colors_info=»{}»][/et_pb_image][/et_pb_column][et_pb_column type=»2_3&#8243; _builder_version=»4.16&#8243; _module_preset=»default» global_colors_info=»{}»][et_pb_image src=»https://museros.org/wp-content/uploads/2023/01/soparsantvalenti-800&#215;1000-1.jpg» title_text=»soparsantvalenti-800&#215;1000&#8243; show_bottom_space=»off» _builder_version=»4.19.5&#8243; _module_preset=»default» custom_margin=»40px||40px||false|false» global_colors_info=»{}»][/et_pb_image][et_pb_text _builder_version=»4.19.5&#8243; _module_preset=»default» custom_margin=»||||false|false» custom_padding=»||1px|0px|false|false» hover_enabled=»0&#8243; global_colors_info=»{}» sticky_enabled=»0&#8243;]</p>
<h3>Sopar de Sant Valentí amb espectacle i ball, per a persones jubilades i pensionistes empadronades a Museros.</h3>
<p>Divendres, 10 de febrer, a les 21.00 h, a la Sala Dietrich.</p>
<p>Inscripcions:<br />A partir de hui, a l&#8217;Ajuntament, de dilluns a divendres, en horari de 9.00 h a 14.00 h. L&#8217;últim dia per a inscriure&#8217;s serà el dimecres 8 de febrer. En cas d&#8217;esgotar-se abans les places, ho comunicarem.<br />En el moment de la inscripció s&#8217;haurà de triar els plats del menú.<br />El preu del menú serà de 15 €, i es pagarà directament en la Sala Dietrich el mateix dia del sopar. Serà imprescindible presentar la invitació facilitada per l&#8217;Ajuntament.</p>
<p>[/et_pb_text][/et_pb_column][/et_pb_row][et_pb_row _builder_version=»4.16&#8243; _module_preset=»default» custom_margin=»50px||0px||false|false» custom_padding=»0px||0px||false|false» global_colors_info=»{}»][et_pb_column type=»4_4&#8243; _builder_version=»4.16&#8243; _module_preset=»default» global_colors_info=»{}»][et_pb_divider color=»#E02B20&#8243; divider_weight=»4px» _builder_version=»4.16&#8243; _module_preset=»default» custom_margin=»0px||0px||false|false» custom_padding=»0px||0px||false|false» global_colors_info=»{}»][/et_pb_divider][/et_pb_column][/et_pb_row][/et_pb_section]</p>

<p>Sopar de Sant Valentí amb espectacle i ball, per a persones jubilades i pensionistes empadronades a Museros. Divendres, 10 de febrer, a les 21.00 h, a la Sala Dietrich. Inscripcions:A partir de hui, a l&#8217;Ajuntament, de dilluns a divendres, en horari de 9.00 h a 14.00 h. L&#8217;últim dia per a inscriure&#8217;s serà el dimecres [&hellip;]</p>
