{"id":263444,"date":"2023-01-26T17:30:22","date_gmt":"2023-01-26T17:30:22","guid":{"rendered":"https:\/\/museros.org\/inici\/?page_id=263444"},"modified":"2023-01-26T17:30:22","modified_gmt":"2023-01-26T17:30:22","slug":"san-valentin","status":"publish","type":"page","link":"https:\/\/museros.org\/inici\/es\/san-valentin\/","title":{"rendered":"San Valent\u00edn"},"content":{"rendered":"<p>[et_pb_section fb_built=\u00bb1&#8243; _builder_version=\u00bb4.16&#8243; _module_preset=\u00bbdefault\u00bb custom_padding=\u00bb0px||||false|false\u00bb locked=\u00bboff\u00bb global_colors_info=\u00bb{}\u00bb theme_builder_area=\u00bbpost_content\u00bb][et_pb_row column_structure=\u00bb1_3,2_3&#8243; _builder_version=\u00bb4.16&#8243; _module_preset=\u00bbdefault\u00bb custom_margin=\u00bb0px||0px||false|false\u00bb custom_padding=\u00bb0px||0px||false|false\u00bb global_colors_info=\u00bb{}\u00bb theme_builder_area=\u00bbpost_content\u00bb][et_pb_column type=\u00bb1_3&#8243; _builder_version=\u00bb4.16&#8243; _module_preset=\u00bbdefault\u00bb global_colors_info=\u00bb{}\u00bb theme_builder_area=\u00bbpost_content\u00bb][et_pb_image src=\u00bbhttps:\/\/museros.org\/wp-content\/uploads\/2021\/06\/logo-comercio-cl-230&#215;180-1.jpg\u00bb title_text=\u00bblogo-comercio-cl-230&#215;180&#8243; url=\u00bbhttps:\/\/museros.org\/inici\/es\/area-de-comercio\u00bb use_overlay=\u00bbon\u00bb overlay_icon_color=\u00bb#E02B20&#8243; hover_overlay_color=\u00bbrgba(255,255,255,0.7)\u00bb hover_icon=\u00bb&#xe04d;||divi||400&#8243; align=\u00bbcenter\u00bb _builder_version=\u00bb4.19.5&#8243; _module_preset=\u00bbdefault\u00bb width=\u00bb100%\u00bb width_tablet=\u00bb\u00bb width_phone=\u00bb\u00bb width_last_edited=\u00bbon|phone\u00bb module_alignment=\u00bbcenter\u00bb custom_margin=\u00bb0px||0px||false|false\u00bb custom_padding=\u00bb0px||0px||false|false\u00bb hover_enabled=\u00bb0&#8243; global_colors_info=\u00bb{}\u00bb theme_builder_area=\u00bbpost_content\u00bb sticky_enabled=\u00bb0&#8243;][\/et_pb_image][\/et_pb_column][et_pb_column type=\u00bb2_3&#8243; _builder_version=\u00bb4.16&#8243; _module_preset=\u00bbdefault\u00bb global_colors_info=\u00bb{}\u00bb theme_builder_area=\u00bbpost_content\u00bb][et_pb_image src=\u00bbhttps:\/\/museros.org\/wp-content\/uploads\/2023\/01\/SanValentin-800&#215;800-1.jpg\u00bb title_text=\u00bbSanValentin-800&#215;800&#8243; _builder_version=\u00bb4.19.5&#8243; _module_preset=\u00bbdefault\u00bb hover_enabled=\u00bb0&#8243; global_colors_info=\u00bb{}\u00bb theme_builder_area=\u00bbpost_content\u00bb sticky_enabled=\u00bb0&#8243; show_bottom_space=\u00bboff\u00bb custom_margin=\u00bb40px||40px||false|false\u00bb][\/et_pb_image][et_pb_text _builder_version=\u00bb4.19.5&#8243; _module_preset=\u00bbdefault\u00bb custom_margin=\u00bb||||false|false\u00bb custom_padding=\u00bb||1px|0px|false|false\u00bb hover_enabled=\u00bb0&#8243; global_colors_info=\u00bb{}\u00bb theme_builder_area=\u00bbpost_content\u00bb sticky_enabled=\u00bb0&#8243;]<\/p>\n<h1>El comercio local te quiere<\/h1>\n<p>Bajo el lema El comercio local te quiere, el Ayuntamiento de Museros, a trav\u00e9s de la Concejal\u00eda de Comercio\u00a0 y con la colaboraci\u00f3n de Caixa Popular y CAMU, pone en marcha la campa\u00f1a comercial de San Valent\u00edn, con la idea de incentivar a los consumidores y fomentar el uso del comercio local.<\/p>\n<p>Esta nueva iniciativa continua con la l\u00ednea que hasta ahora ha mantenido el equipo de Gobierno para apoyar y defender al sector comercial tradicional del municipio.<\/p>\n<p>Esta campa\u00f1a, en la que se invita a la ciudadan\u00eda a realizar sus compras en el comercio tradicional durante el d\u00eda de San Valent\u00edn, incluye el sorteo de 10 tarjetas monedero por valor de 50 \u20ac cada una para consumir en el comercio local asociado a CAMU. Dichas tarjetas\u00a0 se sortear\u00e1n entre aquellas\u00a0 compras realizadas entre los d\u00edas 3 y 14 de febrero, ambos inclusive, en aquellos comercios de Museros que se adhieran a esta campa\u00f1a.<\/p>\n<p>Para adherirse a la campa\u00f1a bastar\u00e1 con\u00a0 ponerse en contacto con\u00a0 la Concejal\u00eda de Comercio a trav\u00e9s de los medios habituales, siempre antes del inicio de la campa\u00f1a, y se les entregar\u00e1 un cartel distintivo como comercio participante.<\/p>\n<p>Al efectuar la compra en cualquiera de los comercios participantes, a los vecinos y vecinas se les entregar\u00e1 un pasaporte donde, adem\u00e1s de recoger el sello del establecimiento, deber\u00e1n anotar nombre y n\u00famero de tel\u00e9fono, que servir\u00e1 para ponerse en contacto con ellas en caso de resultar ganadoras. La compra para conseguir el pasaporte deber\u00e1 ser de al menos\u00a0\u00a0 10 \u20ac de importe, debiendo graparse el tiquet de compra al pasaporte.<\/p>\n<p>Los pasaportes se depositar\u00e1n mientras dure la campa\u00f1a en el Ayuntamiento de Museros en lugar habilitado para ello, de lunes a viernes, en horario de 09.00 a 14.00 horas.<\/p>\n<p>Entre todos los pasaportes depositados se sortear\u00e1n los premios el jueves 15 de febrero.<\/p>\n<p>La entrega de premios ser\u00e1 en el Sal\u00f3n de Plenos del Ayuntamiento el lunes 20 de febrero a las 20.00 horas.<\/p>\n<p>[\/et_pb_text][\/et_pb_column][\/et_pb_row][et_pb_row _builder_version=\u00bb4.16&#8243; _module_preset=\u00bbdefault\u00bb custom_margin=\u00bb50px||0px||false|false\u00bb custom_padding=\u00bb0px||0px||false|false\u00bb global_colors_info=\u00bb{}\u00bb theme_builder_area=\u00bbpost_content\u00bb][et_pb_column type=\u00bb4_4&#8243; _builder_version=\u00bb4.16&#8243; _module_preset=\u00bbdefault\u00bb global_colors_info=\u00bb{}\u00bb theme_builder_area=\u00bbpost_content\u00bb][et_pb_divider color=\u00bb#E02B20&#8243; divider_weight=\u00bb4px\u00bb _builder_version=\u00bb4.16&#8243; _module_preset=\u00bbdefault\u00bb custom_margin=\u00bb0px||0px||false|false\u00bb custom_padding=\u00bb0px||0px||false|false\u00bb global_colors_info=\u00bb{}\u00bb theme_builder_area=\u00bbpost_content\u00bb][\/et_pb_divider][\/et_pb_column][\/et_pb_row][\/et_pb_section]<\/p>\n","protected":false},"excerpt":{"rendered":"<p>El comercio local te quiere Bajo el lema El comercio local te quiere, el Ayuntamiento de Museros, a trav\u00e9s de la Concejal\u00eda de Comercio\u00a0 y con la colaboraci\u00f3n de Caixa Popular y CAMU, pone en marcha la campa\u00f1a comercial de San Valent\u00edn, con la idea de incentivar a los consumidores y fomentar el uso del [&hellip;]<\/p>\n","protected":false},"author":8,"featured_media":0,"parent":0,"menu_order":0,"comment_status":"closed","ping_status":"closed","template":"","meta":{"_et_pb_use_builder":"on","_et_pb_old_content":"","_et_gb_content_width":"","_mc_calendar":[],"footnotes":""},"wf_page_folders":[294],"class_list":["post-263444","page","type-page","status-publish","hentry"],"_links":{"self":[{"href":"https:\/\/museros.org\/inici\/wp-json\/wp\/v2\/pages\/263444","targetHints":{"allow":["GET"]}}],"collection":[{"href":"https:\/\/museros.org\/inici\/wp-json\/wp\/v2\/pages"}],"about":[{"href":"https:\/\/museros.org\/inici\/wp-json\/wp\/v2\/types\/page"}],"author":[{"embeddable":true,"href":"https:\/\/museros.org\/inici\/wp-json\/wp\/v2\/users\/8"}],"replies":[{"embeddable":true,"href":"https:\/\/museros.org\/inici\/wp-json\/wp\/v2\/comments?post=263444"}],"version-history":[{"count":2,"href":"https:\/\/museros.org\/inici\/wp-json\/wp\/v2\/pages\/263444\/revisions"}],"predecessor-version":[{"id":263447,"href":"https:\/\/museros.org\/inici\/wp-json\/wp\/v2\/pages\/263444\/revisions\/263447"}],"wp:attachment":[{"href":"https:\/\/museros.org\/inici\/wp-json\/wp\/v2\/media?parent=263444"}],"wp:term":[{"taxonomy":"wf_page_folders","embeddable":true,"href":"https:\/\/museros.org\/inici\/wp-json\/wp\/v2\/wf_page_folders?post=263444"}],"curies":[{"name":"wp","href":"https:\/\/api.w.org\/{rel}","templated":true}]}}

San Valentín

<p>[et_pb_section fb_built=»1&#8243; _builder_version=»4.16&#8243; _module_preset=»default» custom_padding=»0px||||false|false» locked=»off» global_colors_info=»{}» theme_builder_area=»post_content»][et_pb_row column_structure=»1_3,2_3&#8243; _builder_version=»4.16&#8243; _module_preset=»default» custom_margin=»0px||0px||false|false» custom_padding=»0px||0px||false|false» global_colors_info=»{}» theme_builder_area=»post_content»][et_pb_column type=»1_3&#8243; _builder_version=»4.16&#8243; _module_preset=»default» global_colors_info=»{}» theme_builder_area=»post_content»][et_pb_image src=»https://museros.org/wp-content/uploads/2021/06/logo-comercio-cl-230&#215;180-1.jpg» title_text=»logo-comercio-cl-230&#215;180&#8243; url=»https://museros.org/inici/es/area-de-comercio» use_overlay=»on» overlay_icon_color=»#E02B20&#8243; hover_overlay_color=»rgba(255,255,255,0.7)» hover_icon=»&#xe04d;||divi||400&#8243; align=»center» _builder_version=»4.19.5&#8243; _module_preset=»default» width=»100%» width_tablet=»» width_phone=»» width_last_edited=»on|phone» module_alignment=»center» custom_margin=»0px||0px||false|false» custom_padding=»0px||0px||false|false» hover_enabled=»0&#8243; global_colors_info=»{}» theme_builder_area=»post_content» sticky_enabled=»0&#8243;][/et_pb_image][/et_pb_column][et_pb_column type=»2_3&#8243; _builder_version=»4.16&#8243; _module_preset=»default» global_colors_info=»{}» theme_builder_area=»post_content»][et_pb_image src=»https://museros.org/wp-content/uploads/2023/01/SanValentin-800&#215;800-1.jpg» title_text=»SanValentin-800&#215;800&#8243; _builder_version=»4.19.5&#8243; _module_preset=»default» hover_enabled=»0&#8243; global_colors_info=»{}» theme_builder_area=»post_content» sticky_enabled=»0&#8243; show_bottom_space=»off» custom_margin=»40px||40px||false|false»][/et_pb_image][et_pb_text _builder_version=»4.19.5&#8243; _module_preset=»default» custom_margin=»||||false|false» custom_padding=»||1px|0px|false|false» hover_enabled=»0&#8243; global_colors_info=»{}» theme_builder_area=»post_content» sticky_enabled=»0&#8243;]</p>
<h1>El comercio local te quiere</h1>
<p>Bajo el lema El comercio local te quiere, el Ayuntamiento de Museros, a través de la Concejalía de Comercio  y con la colaboración de Caixa Popular y CAMU, pone en marcha la campaña comercial de San Valentín, con la idea de incentivar a los consumidores y fomentar el uso del comercio local.</p>
<p>Esta nueva iniciativa continua con la línea que hasta ahora ha mantenido el equipo de Gobierno para apoyar y defender al sector comercial tradicional del municipio.</p>
<p>Esta campaña, en la que se invita a la ciudadanía a realizar sus compras en el comercio tradicional durante el día de San Valentín, incluye el sorteo de 10 tarjetas monedero por valor de 50 € cada una para consumir en el comercio local asociado a CAMU. Dichas tarjetas  se sortearán entre aquellas  compras realizadas entre los días 3 y 14 de febrero, ambos inclusive, en aquellos comercios de Museros que se adhieran a esta campaña.</p>
<p>Para adherirse a la campaña bastará con  ponerse en contacto con  la Concejalía de Comercio a través de los medios habituales, siempre antes del inicio de la campaña, y se les entregará un cartel distintivo como comercio participante.</p>
<p>Al efectuar la compra en cualquiera de los comercios participantes, a los vecinos y vecinas se les entregará un pasaporte donde, además de recoger el sello del establecimiento, deberán anotar nombre y número de teléfono, que servirá para ponerse en contacto con ellas en caso de resultar ganadoras. La compra para conseguir el pasaporte deberá ser de al menos   10 € de importe, debiendo graparse el tiquet de compra al pasaporte.</p>
<p>Los pasaportes se depositarán mientras dure la campaña en el Ayuntamiento de Museros en lugar habilitado para ello, de lunes a viernes, en horario de 09.00 a 14.00 horas.</p>
<p>Entre todos los pasaportes depositados se sortearán los premios el jueves 15 de febrero.</p>
<p>La entrega de premios será en el Salón de Plenos del Ayuntamiento el lunes 20 de febrero a las 20.00 horas.</p>
<p>[/et_pb_text][/et_pb_column][/et_pb_row][et_pb_row _builder_version=»4.16&#8243; _module_preset=»default» custom_margin=»50px||0px||false|false» custom_padding=»0px||0px||false|false» global_colors_info=»{}» theme_builder_area=»post_content»][et_pb_column type=»4_4&#8243; _builder_version=»4.16&#8243; _module_preset=»default» global_colors_info=»{}» theme_builder_area=»post_content»][et_pb_divider color=»#E02B20&#8243; divider_weight=»4px» _builder_version=»4.16&#8243; _module_preset=»default» custom_margin=»0px||0px||false|false» custom_padding=»0px||0px||false|false» global_colors_info=»{}» theme_builder_area=»post_content»][/et_pb_divider][/et_pb_column][/et_pb_row][/et_pb_section]</p>

<p>El comercio local te quiere Bajo el lema El comercio local te quiere, el Ayuntamiento de Museros, a través de la Concejalía de Comercio  y con la colaboración de Caixa Popular y CAMU, pone en marcha la campaña comercial de San Valentín, con la idea de incentivar a los consumidores y fomentar el uso del [&hellip;]</p>
