{"id":263265,"date":"2023-01-16T00:33:47","date_gmt":"2023-01-16T00:33:47","guid":{"rendered":"https:\/\/museros.org\/inici\/?page_id=263265"},"modified":"2023-01-16T08:53:49","modified_gmt":"2023-01-16T08:53:49","slug":"proyecto-temps-per-tu","status":"publish","type":"page","link":"https:\/\/museros.org\/inici\/es\/proyecto-temps-per-tu\/","title":{"rendered":"Proyecto temps per tu"},"content":{"rendered":"<p>[et_pb_section fb_built=\u00bb1&#8243; _builder_version=\u00bb4.16&#8243; _module_preset=\u00bbdefault\u00bb custom_margin=\u00bb0px||||false|false\u00bb custom_padding=\u00bb0px||||false|false\u00bb locked=\u00bboff\u00bb global_colors_info=\u00bb{}\u00bb][et_pb_row column_structure=\u00bb1_4,3_4&#8243; _builder_version=\u00bb4.19.2&#8243; _module_preset=\u00bbdefault\u00bb custom_margin=\u00bb0px||||false|false\u00bb custom_padding=\u00bb0px||0px||false|false\u00bb global_colors_info=\u00bb{}\u00bb][et_pb_column type=\u00bb1_4&#8243; _builder_version=\u00bb4.16&#8243; _module_preset=\u00bbdefault\u00bb global_colors_info=\u00bb{}\u00bb][et_pb_image src=\u00bbhttps:\/\/museros.org\/wp-content\/uploads\/2021\/06\/logo-bienestar-cl-230&#215;180-1.jpg\u00bb title_text=\u00bblogo-bienestar-cl-230&#215;180&#8243; url=\u00bbhttps:\/\/museros.org\/inici\/es\/area-de-bienestar-social\u00bb use_overlay=\u00bbon\u00bb overlay_icon_color=\u00bb#E02B20&#8243; hover_overlay_color=\u00bbrgba(255,255,255,0.7)\u00bb hover_icon=\u00bb&#xe04d;||divi||400&#8243; align=\u00bbcenter\u00bb _builder_version=\u00bb4.19.4&#8243; _module_preset=\u00bbdefault\u00bb width=\u00bb100%\u00bb locked=\u00bboff\u00bb global_colors_info=\u00bb{}\u00bb][\/et_pb_image][\/et_pb_column][et_pb_column type=\u00bb3_4&#8243; _builder_version=\u00bb4.16&#8243; _module_preset=\u00bbdefault\u00bb global_colors_info=\u00bb{}\u00bb][et_pb_image src=\u00bbhttps:\/\/museros.org\/wp-content\/uploads\/2023\/01\/proyecto-temps-pertu.jpg\u00bb title_text=\u00bbproyecto-temps-pertu\u00bb align=\u00bbcenter\u00bb _builder_version=\u00bb4.19.4&#8243; _module_preset=\u00bbdefault\u00bb hover_enabled=\u00bb0&#8243; global_colors_info=\u00bb{}\u00bb sticky_enabled=\u00bb0&#8243;][\/et_pb_image][et_pb_text _builder_version=\u00bb4.19.4&#8243; _module_preset=\u00bbdefault\u00bb custom_margin=\u00bb40px||||false|false\u00bb global_colors_info=\u00bb{}\u00bb]<\/p>\n<h1>Temps per tu<\/h1>\n<p>Proyecto dirigido a personas cuidadoras tanto informales (familiares u otros), como las formales (personas contratadas) de mayores dependientes del municipio de Museros. Con este proyecto se pretende apoyar a las personas cuidadoras, promoviendo actuaciones que posibiliten una mejora en su calidad de vida.<\/p>\n<p>En estos servicios se encuadra el Servicio de promoci\u00f3n de la autonom\u00eda personal, que desarrollar\u00e1 la prevenci\u00f3n, el diagn\u00f3stico y la intervenci\u00f3n en situaciones de diversidad funcional o discapacidad, dependencia o vulnerabilidad, fomentando las relaciones convivenciales durante todo el ciclo vital de las personas.<\/p>\n<p>Siendo los objetivos espec\u00edficos del servicio:<\/p>\n<p>-Proporcionar recursos para la convivencia de personas con dificultades para su autonom\u00eda tanto a personas dependientes como no dependientes.<br \/>-Fomentar la autonom\u00eda personal, inclusi\u00f3n social y la participaci\u00f3n en la vida de la comunidad de las personas.<br \/>-Favorecer la permanencia de las personas dependientes en su domicilio y ajuste sociofamiliar.<br \/>-Atender situaciones de crisis personal o familiar.<br \/>-Apoyar a las familias en sus responsabilidades de la vida diaria.<\/p>\n<p>Los OBJETIVOS DEL PROYECTO es crear un espacio donde puedan hablar libremente y en confianza de sus problemas y dificultades diarias respecto a la experiencia com\u00fan. Ofrecer formaci\u00f3n a las personas cuidadoras sobre estrategias y t\u00e9cnicas de autocuidado y manejo de situaciones relacionadas con la atenci\u00f3n diaria a la persona dependiente. Ofrecer apoyo emocional y un servicio de apoyo psicol\u00f3gico para la prevenci\u00f3n y manejo de alteraciones psicol\u00f3gicas derivadas del trabajo de la persona dependiente. Prevenir el aislamiento y favorecer la socializaci\u00f3n. Identificar necesidades sociales de la poblaci\u00f3n en cuanto al cuidado que favorezcan la adecuaci\u00f3n de los servicios y prestaciones existentes a las necesidades detectadas.<\/p>\n<p>&nbsp;<\/p>\n<p>[\/et_pb_text][\/et_pb_column][\/et_pb_row][et_pb_row _builder_version=\u00bb4.16&#8243; _module_preset=\u00bbdefault\u00bb min_height=\u00bb77px\u00bb global_colors_info=\u00bb{}\u00bb][et_pb_column type=\u00bb4_4&#8243; _builder_version=\u00bb4.16&#8243; _module_preset=\u00bbdefault\u00bb global_colors_info=\u00bb{}\u00bb][et_pb_divider color=\u00bb#E02B20&#8243; divider_weight=\u00bb4px\u00bb _builder_version=\u00bb4.16&#8243; _module_preset=\u00bbdefault\u00bb global_colors_info=\u00bb{}\u00bb][\/et_pb_divider][\/et_pb_column][\/et_pb_row][\/et_pb_section]<\/p>\n","protected":false},"excerpt":{"rendered":"<p>Temps per tu Proyecto dirigido a personas cuidadoras tanto informales (familiares u otros), como las formales (personas contratadas) de mayores dependientes del municipio de Museros. Con este proyecto se pretende apoyar a las personas cuidadoras, promoviendo actuaciones que posibiliten una mejora en su calidad de vida. En estos servicios se encuadra el Servicio de promoci\u00f3n [&hellip;]<\/p>\n","protected":false},"author":8,"featured_media":0,"parent":0,"menu_order":0,"comment_status":"closed","ping_status":"closed","template":"","meta":{"_et_pb_use_builder":"on","_et_pb_old_content":"","_et_gb_content_width":"","_mc_calendar":[],"footnotes":""},"wf_page_folders":[288],"class_list":["post-263265","page","type-page","status-publish","hentry"],"_links":{"self":[{"href":"https:\/\/museros.org\/inici\/wp-json\/wp\/v2\/pages\/263265","targetHints":{"allow":["GET"]}}],"collection":[{"href":"https:\/\/museros.org\/inici\/wp-json\/wp\/v2\/pages"}],"about":[{"href":"https:\/\/museros.org\/inici\/wp-json\/wp\/v2\/types\/page"}],"author":[{"embeddable":true,"href":"https:\/\/museros.org\/inici\/wp-json\/wp\/v2\/users\/8"}],"replies":[{"embeddable":true,"href":"https:\/\/museros.org\/inici\/wp-json\/wp\/v2\/comments?post=263265"}],"version-history":[{"count":5,"href":"https:\/\/museros.org\/inici\/wp-json\/wp\/v2\/pages\/263265\/revisions"}],"predecessor-version":[{"id":263286,"href":"https:\/\/museros.org\/inici\/wp-json\/wp\/v2\/pages\/263265\/revisions\/263286"}],"wp:attachment":[{"href":"https:\/\/museros.org\/inici\/wp-json\/wp\/v2\/media?parent=263265"}],"wp:term":[{"taxonomy":"wf_page_folders","embeddable":true,"href":"https:\/\/museros.org\/inici\/wp-json\/wp\/v2\/wf_page_folders?post=263265"}],"curies":[{"name":"wp","href":"https:\/\/api.w.org\/{rel}","templated":true}]}}

<p>[et_pb_section fb_built=»1&#8243; _builder_version=»4.16&#8243; _module_preset=»default» custom_margin=»0px||||false|false» custom_padding=»0px||||false|false» locked=»off» global_colors_info=»{}»][et_pb_row column_structure=»1_4,3_4&#8243; _builder_version=»4.19.2&#8243; _module_preset=»default» custom_margin=»0px||||false|false» custom_padding=»0px||0px||false|false» global_colors_info=»{}»][et_pb_column type=»1_4&#8243; _builder_version=»4.16&#8243; _module_preset=»default» global_colors_info=»{}»][et_pb_image src=»https://museros.org/wp-content/uploads/2021/06/logo-bienestar-cl-230&#215;180-1.jpg» title_text=»logo-bienestar-cl-230&#215;180&#8243; url=»https://museros.org/inici/es/area-de-bienestar-social» use_overlay=»on» overlay_icon_color=»#E02B20&#8243; hover_overlay_color=»rgba(255,255,255,0.7)» hover_icon=»&#xe04d;||divi||400&#8243; align=»center» _builder_version=»4.19.4&#8243; _module_preset=»default» width=»100%» locked=»off» global_colors_info=»{}»][/et_pb_image][/et_pb_column][et_pb_column type=»3_4&#8243; _builder_version=»4.16&#8243; _module_preset=»default» global_colors_info=»{}»][et_pb_image src=»https://museros.org/wp-content/uploads/2023/01/proyecto-temps-pertu.jpg» title_text=»proyecto-temps-pertu» align=»center» _builder_version=»4.19.4&#8243; _module_preset=»default» hover_enabled=»0&#8243; global_colors_info=»{}» sticky_enabled=»0&#8243;][/et_pb_image][et_pb_text _builder_version=»4.19.4&#8243; _module_preset=»default» custom_margin=»40px||||false|false» global_colors_info=»{}»]</p>
<h1>Temps per tu</h1>
<p>Proyecto dirigido a personas cuidadoras tanto informales (familiares u otros), como las formales (personas contratadas) de mayores dependientes del municipio de Museros. Con este proyecto se pretende apoyar a las personas cuidadoras, promoviendo actuaciones que posibiliten una mejora en su calidad de vida.</p>
<p>En estos servicios se encuadra el Servicio de promoción de la autonomía personal, que desarrollará la prevención, el diagnóstico y la intervención en situaciones de diversidad funcional o discapacidad, dependencia o vulnerabilidad, fomentando las relaciones convivenciales durante todo el ciclo vital de las personas.</p>
<p>Siendo los objetivos específicos del servicio:</p>
<p>-Proporcionar recursos para la convivencia de personas con dificultades para su autonomía tanto a personas dependientes como no dependientes.<br />-Fomentar la autonomía personal, inclusión social y la participación en la vida de la comunidad de las personas.<br />-Favorecer la permanencia de las personas dependientes en su domicilio y ajuste sociofamiliar.<br />-Atender situaciones de crisis personal o familiar.<br />-Apoyar a las familias en sus responsabilidades de la vida diaria.</p>
<p>Los OBJETIVOS DEL PROYECTO es crear un espacio donde puedan hablar libremente y en confianza de sus problemas y dificultades diarias respecto a la experiencia común. Ofrecer formación a las personas cuidadoras sobre estrategias y técnicas de autocuidado y manejo de situaciones relacionadas con la atención diaria a la persona dependiente. Ofrecer apoyo emocional y un servicio de apoyo psicológico para la prevención y manejo de alteraciones psicológicas derivadas del trabajo de la persona dependiente. Prevenir el aislamiento y favorecer la socialización. Identificar necesidades sociales de la población en cuanto al cuidado que favorezcan la adecuación de los servicios y prestaciones existentes a las necesidades detectadas.</p>
<p>&nbsp;</p>
<p>[/et_pb_text][/et_pb_column][/et_pb_row][et_pb_row _builder_version=»4.16&#8243; _module_preset=»default» min_height=»77px» global_colors_info=»{}»][et_pb_column type=»4_4&#8243; _builder_version=»4.16&#8243; _module_preset=»default» global_colors_info=»{}»][et_pb_divider color=»#E02B20&#8243; divider_weight=»4px» _builder_version=»4.16&#8243; _module_preset=»default» global_colors_info=»{}»][/et_pb_divider][/et_pb_column][/et_pb_row][/et_pb_section]</p>

<p>Temps per tu Proyecto dirigido a personas cuidadoras tanto informales (familiares u otros), como las formales (personas contratadas) de mayores dependientes del municipio de Museros. Con este proyecto se pretende apoyar a las personas cuidadoras, promoviendo actuaciones que posibiliten una mejora en su calidad de vida. En estos servicios se encuadra el Servicio de promoción [&hellip;]</p>
